890
CXUS54 KTSA 290840
CF6MKO
PRELIMINARY LOCAL CLIMATOLOGICAL DATA (WS FORM: F-6)

                                          STATION:   MUSKOGEE OKLAHOMA
                                          MONTH:     APRIL
                                          YEAR:      2017
                                          LATITUDE:   35 40 N
                                          LONGITUDE:  95 22 W

  TEMPERATURE IN F:       :PCPN:    SNOW:  WIND      :SUNSHINE: SKY     :PK WND
================================================================================
1   2   3   4   5  6A  6B    7    8   9   10  11  12  13   14  15   16   17  18
                                     12Z  AVG MX 2MIN
DY MAX MIN AVG DEP HDD CDD  WTR  SNW DPTH SPD SPD DIR MIN PSBL S-S WX    SPD DR
================================================================================

 1  78  47  63   7   2   0    T  0.0    0 11.8 22 140   M    M   1 3      28 150
 2  67  56  62   5   3   0 0.11  0.0    0  7.7 21 130   M    M   7 1      30 130
 3  75  52  64   7   1   0 0.26  0.0    0  9.2 23 250   M    M   5 13     30 240
 4  83  50  67  10   0   2    T  0.0    0 10.0 32 180   M    M   2 3      46 180
 5  64  45  55  -3  10   0 0.04  0.0    0 13.3 30 330   M    M   7 13     37 330
 6  67  38  53  -5  12   0 0.00  0.0    0  8.3 22 330   M    M   0        28  10
 7  74  37  56  -2   9   0 0.00  0.0    0  5.4 15 200   M    M   0 1      19 180
 8  83  53  68  10   0   3 0.00  0.0    0 15.1 29 190   M    M   1        39 170
 9  80  64  72  13   0   7 0.00  0.0    0 16.1 28 170   M    M   3 3      35 180
10  77  52  65   6   0   0 0.00  0.0    0 11.2 20 180   M    M   5        29 180
11  76  46  61   2   4   0 0.00  0.0    0  6.9 13  10   M    M   0        17  10
12  81  57  69  10   0   4 0.00  0.0    0  8.1 21 140   M    M   4        27 130
13  82  55  69   9   0   4 0.00  0.0    0  7.0 17 160   M    M   1 18     24 160
14  82  60  71  11   0   6 0.00  0.0    0  9.9 23 180   M    M   4        31 180
15  83  58  71  11   0   6 0.00  0.0    0 11.3 22 200   M    M   1        28 200
16   M   M   M   M   M   M 0.75  0.0    0 10.4 17 330   M    M   8 13     25 330
17  71  58  65   4   0   0 0.00  0.0    0  2.0  8 330   M    M   0 1       M  M
18  81  54  68   7   0   3 0.00  0.0    0  5.7 14 200   M    M   3 12     16 150
19  79  61  70   9   0   5 0.00  0.0    0 11.3 22 170   M    M   3 1      29 180
20  76  63  70   9   0   5    T  0.0    0  7.9 20 200   M    M   7        26 200
21  64  52  58  -4   7   0 2.14  0.0    0 11.3 35  40   M    M   9 13     45  10
22  53  49  51 -11  14   0 0.01  0.0    0 13.0 24 350   M    M  10 1      30 350
23  70  43  57  -5   8   0 0.00  0.0    0  7.7 17 330   M    M   1        23 330
24  77  40  59  -3   6   0 0.00  0.0    0  8.5 21 180   M    M   0 1      28 160
25  79  59  69   6   0   4 0.77  0.0    0 13.1 26 180   M    M   1 13     36 180
26  63  45  54  -9  11   0 0.50  0.0    0 10.9 24 340   M    M   8 13     35 190
27  67  40  54  -9  11   0 0.01    M    0  7.3 17 110   M    M   0        22 140
28  74  58  66   3   0   1 1.60  0.0    0 10.0 24  10   M    M   6 13     32  20
================================================================================
SM 2006 1392        98  50  6.19     0.0 270.4          M       97
================================================================================
AV 74.3 51.6                               9.7 FASTST   M    M   3    MAX(MPH)
                                 MISC ---->  # 35  40               # 46  180
================================================================================
NOTES:
# LAST OF SEVERAL OCCURRENCES

COLUMN 17 PEAK WIND IN M.P.H.

PRELIMINARY LOCAL CLIMATOLOGICAL DATA (WS FORM: F-6) , PAGE 2

                                          STATION:  MUSKOGEE OKLAHOMA
                                          MONTH:    APRIL
                                          YEAR:     2017
                                          LATITUDE:   35 40 N
                                          LONGITUDE:  95 22 W

[TEMPERATURE DATA]      [PRECIPITATION DATA]       SYMBOLS USED IN COLUMN 16

AVERAGE MONTHLY: 62.9   TOTAL FOR MONTH:   6.19    1 = FOG OR MIST
DPTR FM NORMAL:   3.0   DPTR FM NORMAL:    2.56    2 = FOG REDUCING VISIBILITY
HIGHEST:    83 ON 15, 8 GRTST 24HR  2.14 ON 21-21      TO 1/4 MILE OR LESS
LOWEST:     37 ON  7                               3 = THUNDER
                        SNOW, ICE PELLETS, HAIL    4 = ICE PELLETS
                        TOTAL MONTH:   0.0 INCH    5 = HAIL
                        GRTST 24HR     0.0         6 = FREEZING RAIN OR DRIZZLE
                        GRTST DEPTH:   0           7 = DUSTSTORM OR SANDSTORM:
                                                       VSBY 1/2 MILE OR LESS
                                                   8 = SMOKE OR HAZE
[NO. OF DAYS WITH]      [WEATHER - DAYS WITH]      9 = BLOWING SNOW
                                                   X = TORNADO
MAX 32 OR BELOW:   0    0.01 INCH OR MORE:  10
MAX 90 OR ABOVE:   0    0.10 INCH OR MORE:   7
MIN 32 OR BELOW:   0    0.50 INCH OR MORE:   5
MIN  0 OR BELOW:   0    1.00 INCH OR MORE:   2

[HDD (BASE 65) ]
TOTAL THIS MO.    98    CLEAR  (SCALE 0-3)  14
DPTR FM NORMAL   -78    PTCLDY (SCALE 4-7)  12
TOTAL FM JUL 1  2547    CLOUDY (SCALE 8-10)  2
DPTR FM NORMAL  -910

[CDD (BASE 65) ]
TOTAL THIS MO.    50
DPTR FM NORMAL    12    [PRESSURE DATA]
TOTAL FM JAN 1    97    HIGHEST SLP M ON M
DPTR FM NORMAL    49    LOWEST  SLP 29.40 ON 25

[REMARKS]
