000
CXUS53 KMPX 211000
CF6MKT
PRELIMINARY LOCAL CLIMATOLOGICAL DATA (WS FORM: F-6)

                                          STATION:   MANKATO MN
                                          MONTH:     FEBRUARY
                                          YEAR:      2017
                                          LATITUDE:   44 13 N
                                          LONGITUDE:  93 55 W

  TEMPERATURE IN F:       :PCPN:    SNOW:  WIND      :SUNSHINE: SKY     :PK WND
================================================================================
1   2   3   4   5  6A  6B    7    8   9   10  11  12  13   14  15   16   17  18
                                     12Z  AVG MX 2MIN
DY MAX MIN AVG DEP HDD CDD  WTR  SNW DPTH SPD SPD DIR MIN PSBL S-S WX    SPD DR
================================================================================

 1  32  12  22   6  43   0    M    M    M 17.4 22 310   M    M   2        30 290
 2  18  10  14  -2  51   0    M    M    M 14.4 23 300   M    M   4        27 300
 3  25   7  16   0  49   0    M    M    M 10.6 17 260   M    M   0         M  M
 4  35  13  24   8  41   0    M    M    M 13.9 24 190   M    M   1        35 180
 5  28  16  22   5  43   0    M    M    M  9.2 21 300   M    M   4        31 290
 6  37  20  29  12  36   0    M    M    M  8.9 14 130   M    M   0         M  M
 7  33   8  21   4  44   0    M    M    M 15.5 25 300   M    M   7 1      32 300
 8  15   2   9  -9  56   0    M    M    M 15.3 21 320   M    M   0        24 320
 9  23   3  13  -5  52   0    M    M    M 11.2 20 180   M    M   0        27 180
10  49  19  34  16  31   0    M    M    M 10.9 18 160   M    M   0        25 180
11  44  35  40  22  25   0    M    M    M  4.0  9 260   M    M   0         M  M
12  39  29  34  15  31   0    M    M    M 15.6 24 290   M    M   0        38 300
13  48  27  38  19  27   0    M    M    M 11.8 20 250   M    M   0        30 240
14  42  25  34  15  31   0    M    M    M 19.0 31 320   M    M   0        37 300
15  37  19  28   8  37   0    M    M    M  8.3 14 320   M    M   0         M  M
16  42  30  36  16  29   0    M    M    M 11.1 14 130   M    M   0         M  M
17  63  33  48  28  17   0    M    M    M 10.7 17 280   M    M   0        27 230
18  57  35  46  25  19   0    M    M    M  5.4 10 300   M    M   0         M  M
19  60  33  47  26  18   0    M    M    M 12.0 20 150   M    M   0 1      25 160
20  55  39  47  25  18   0    M    M    M 14.5 22 280   M    M   0 1      33 290
================================================================================
SM  782  415       698   0    M     M    239.7          M       18
================================================================================
AV 39.1 20.8                              12.0 FASTST   M    M   1    MAX(MPH)
                                 MISC ---->    31   M               # 38  300
================================================================================
NOTES:
# LAST OF SEVERAL OCCURRENCES

COLUMN 17 PEAK WIND IN M.P.H.

PRELIMINARY LOCAL CLIMATOLOGICAL DATA (WS FORM: F-6) , PAGE 2

                                          STATION:  MANKATO MN
                                          MONTH:    FEBRUARY
                                          YEAR:     2017
                                          LATITUDE:   44 13 N
                                          LONGITUDE:  93 55 W

[TEMPERATURE DATA]      [PRECIPITATION DATA]       SYMBOLS USED IN COLUMN 16

AVERAGE MONTHLY: 29.9   TOTAL FOR MONTH:      M    1 = FOG OR MIST
DPTR FM NORMAL:  11.5   DPTR FM NORMAL:       M    2 = FOG REDUCING VISIBILITY
HIGHEST:    63 ON 17    GRTST 24HR    M  ON   M        TO 1/4 MILE OR LESS
LOWEST:      2 ON  8                               3 = THUNDER
                        SNOW, ICE PELLETS, HAIL    4 = ICE PELLETS
                        TOTAL MONTH:    M          5 = HAIL
                        GRTST 24HR    M  ON   M    6 = FREEZING RAIN OR DRIZZLE
                        GRTST DEPTH:  M  ON   M    7 = DUSTSTORM OR SANDSTORM:
                                                       VSBY 1/2 MILE OR LESS
                                                   8 = SMOKE OR HAZE
[NO. OF DAYS WITH]      [WEATHER - DAYS WITH]      9 = BLOWING SNOW
                                                   X = TORNADO
MAX 32 OR BELOW:   6    0.01 INCH OR MORE:   0
MAX 90 OR ABOVE:   0    0.10 INCH OR MORE:   0
MIN 32 OR BELOW:  15    0.50 INCH OR MORE:   0
MIN  0 OR BELOW:   0    1.00 INCH OR MORE:   0

[HDD (BASE 65) ]
TOTAL THIS MO.   698    CLEAR  (SCALE 0-3)  17
DPTR FM NORMAL  -233    PTCLDY (SCALE 4-7)   3
TOTAL FM JUL 1  4575    CLOUDY (SCALE 8-10)  0
DPTR FM NORMAL -1015

[CDD (BASE 65) ]
TOTAL THIS MO.     0
DPTR FM NORMAL     0    [PRESSURE DATA]
TOTAL FM JAN 1     0    HIGHEST SLP M ON M
DPTR FM NORMAL     0    LOWEST  SLP M ON M

[REMARKS]
