000
CXUS54 KTSA 231402
CF6MLC
PRELIMINARY LOCAL CLIMATOLOGICAL DATA (WS FORM: F-6)

                                          STATION:   MCALESTER OKLAHOMA
                                          MONTH:     APRIL
                                          YEAR:      2014
                                          LATITUDE:   34 52 N
                                          LONGITUDE:  95 47 W

  TEMPERATURE IN F:       :PCPN:    SNOW:  WIND      :SUNSHINE: SKY     :PK WND
================================================================================
1   2   3   4   5  6A  6B    7    8   9   10  11  12  13   14  15   16   17  18
                                     12Z  AVG MX 2MIN
DY MAX MIN AVG DEP HDD CDD  WTR  SNW DPTH SPD SPD DIR MIN PSBL S-S WX    SPD DR
================================================================================

 1  80  53  67   9   0   2 0.18  0.0    0  6.7 16 160   M    M   7 138    24 170
 2  81  69  75  17   0  10 0.00  0.0    0 11.9 20 190   M    M   8        31 210
 3  82  51  67   9   0   2 0.01  0.0    0 13.8 36 330   M    M   5 3      51 330
 4  64  40  52  -6  13   0 0.00  0.0    0  8.4 22 340   M    M   2        28 340
 5  60  38  49 -10  16   0 0.19  0.0    0  3.7 10 170   M    M   4 13     16 110
 6  51  46  49 -10  16   0 0.48  0.0    0  4.7 12  20   M    M   9 1      16  70
 7  66  46  56  -3   9   0 0.14  0.0    0  5.3 22 310   M    M   8 13     28 310
 8  67  39  53  -6  12   0    T  0.0    0 12.1 32 330   M    M   4        40 310
 9  78  34  56  -4   9   0 0.00  0.0    0  7.3 17 180   M    M   3        28 160
10  84  61  73  13   0   8 0.00  0.0    0 13.9 29 210   M    M   2        40 210
11  75  62  69   9   0   4 0.00  0.0    0  7.6 14 170   M    M   7        23 160
12  82  64  73  13   0   8 0.00  0.0    0 13.6 23 170   M    M   3        37 190
13  78  51  65   4   0   0 0.46  0.0    0 14.7 24 320   M    M   4 13     38 190
14  51  31  41 -20  24   0    T  0.0    0 14.5 28 340   M    M   8        38  10
15  63  27  45 -16  20   0 0.00  0.0    0  4.1 13 340   M    M   2        18 310
16  66  45  56  -6   9   0 0.00  0.0    0  9.9 22 180   M    M   2        33 190
17  68  41  55  -7  10   0 0.00  0.0    0  3.7 16 360   M    M   6        20 360
18  76  40  58  -4   7   0 0.00  0.0    0  3.5 10  20   M    M   4 18     13  50
19  79  49  64   2   1   0 0.00  0.0    0  5.3 16 210   M    M   2        21 210
20  79  57  68   6   0   3 0.13  0.0    0  4.8 14 210   M    M   4 1      19 200
21  69  55  62  -1   3   0 0.38  0.0    0  2.3 12 180   M    M   7 123    16 170
22  79  50  65   2   0   0 0.00  0.0    0  4.6 16 360   M    M   3 12     20 360
================================================================================
SM 1578 1049       149  37  1.97     0.0 176.4          M      104
================================================================================
AV 71.7 47.7                               8.0 FASTST   M    M   5    MAX(MPH)
                                 MISC ---->  # 36 330               # 51  330
================================================================================
NOTES:
# LAST OF SEVERAL OCCURRENCES

COLUMN 17 PEAK WIND IN M.P.H.

PRELIMINARY LOCAL CLIMATOLOGICAL DATA (WS FORM: F-6) , PAGE 2

                                          STATION:  MCALESTER OKLAHOMA
                                          MONTH:    APRIL
                                          YEAR:     2014
                                          LATITUDE:   34 52 N
                                          LONGITUDE:  95 47 W

[TEMPERATURE DATA]      [PRECIPITATION DATA]       SYMBOLS USED IN COLUMN 16

AVERAGE MONTHLY: 59.7   TOTAL FOR MONTH:   1.97    1 = FOG OR MIST
DPTR FM NORMAL:  -0.6   DPTR FM NORMAL:   -0.70    2 = FOG REDUCING VISIBILITY
HIGHEST:    84 ON 10    GRTST 24HR  0.60 ON  6- 7      TO 1/4 MILE OR LESS
LOWEST:     27 ON 15                               3 = THUNDER
                        SNOW, ICE PELLETS, HAIL    4 = ICE PELLETS
                        TOTAL MONTH:   0.0 INCH    5 = HAIL
                        GRTST 24HR     0.0         6 = FREEZING RAIN OR DRIZZLE
                        GRTST DEPTH:   0           7 = DUSTSTORM OR SANDSTORM:
                                                       VSBY 1/2 MILE OR LESS
                                                   8 = SMOKE OR HAZE
[NO. OF DAYS WITH]      [WEATHER - DAYS WITH]      9 = BLOWING SNOW
                                                   X = TORNADO
MAX 32 OR BELOW:   0    0.01 INCH OR MORE:   8
MAX 90 OR ABOVE:   0    0.10 INCH OR MORE:   7
MIN 32 OR BELOW:   2    0.50 INCH OR MORE:   0
MIN  0 OR BELOW:   0    1.00 INCH OR MORE:   0

[HDD (BASE 65) ]
TOTAL THIS MO.   149    CLEAR  (SCALE 0-3)   7
DPTR FM NORMAL    11    PTCLDY (SCALE 4-7)  12
TOTAL FM JUL 1  3773    CLOUDY (SCALE 8-10)  3
DPTR FM NORMAL   645

[CDD (BASE 65) ]
TOTAL THIS MO.    37
DPTR FM NORMAL     2    [PRESSURE DATA]
TOTAL FM JAN 1    42    HIGHEST SLP M ON M
DPTR FM NORMAL   -11    LOWEST  SLP 29.39 ON 13

[REMARKS]
