000
CXUS55 KDVN 191100
CF6MLI
PRELIMINARY LOCAL CLIMATOLOGICAL DATA (WS FORM: F-6)

                                          STATION:   MOLINE IL
                                          MONTH:     FEBRUARY
                                          YEAR:      2018
                                          LATITUDE:   41 27 N
                                          LONGITUDE:  90 31 W

  TEMPERATURE IN F:       :PCPN:    SNOW:  WIND      :SUNSHINE: SKY     :PK WND
================================================================================
1   2   3   4   5  6A  6B    7    8   9   10  11  12  13   14  15   16   17  18
                                     12Z  AVG MX 2MIN
DY MAX MIN AVG DEP HDD CDD  WTR  SNW DPTH SPD SPD DIR MIN PSBL S-S WX    SPD DR
================================================================================

 1  34   8  21  -2  44   0 0.00  0.0    0 18.1 32 310   M    M   0        39 310
 2  23   4  14 -10  51   0    T    T    0  7.4 15 320   M    M   3        19 330
 3  45  13  29   5  36   0 0.01  0.0    0  9.7 24 230   M    M   7        33 230
 4  40   4  22  -2  43   0 0.02  0.6    0 13.2 23 300   M    M   7        29 300
 5  13  -4   5 -19  60   0 0.36  4.7    1  3.8 12 120   M    M   5 128    14 190
 6  17 -10   4 -20  61   0 0.06  0.7    5  3.8 10 140   M    M   4 18     11 250
 7  18  -4   7 -17  58   0 0.01  0.5    5  7.7 20 300   M    M   5 18     27 310
 8  22   4  13 -12  52   0 0.05  0.9    5  6.0 16  80   M    M  10 18     19  70
 9  23  20  22  -3  43   0 0.24  3.5    7  9.2 16  30   M    M  10 128    20  30
10  19  12  16  -9  49   0 0.12  2.3    8  6.3 12  10   M    M   7 18     15  20
11  20   0  10 -16  55   0 0.23  1.5   10  8.6 17 310   M    M   5 18     22 300
12  23  -8   8 -18  57   0 0.00  0.0   10  5.4 10 140   M    M   0 8      11  40
13  37   3  20  -6  45   0 0.00  0.0    9  6.5 16 150   M    M   4        19 140
14  43  29  36  10  29   0 0.00  0.0    0  7.0 16 210   M    M   1 18     20 210
15  50  34  42  15  23   0 0.00  0.0    3  5.4 17 310   M    M   2 18     24 310
16  37  12  25  -2  40   0 0.00  0.0    T 11.0 22 320   M    M   3        30 320
17  34  11  23  -5  42   0 0.12  1.6    T  7.7 22 310   M    M   5 128    28 270
18  45   7  26  -2  39   0 0.00  0.0    1 10.6 22 160   M    M   2 12     30 160
================================================================================
SM  543  135       827   0  1.22    16.3 147.4          M       80
================================================================================
AV 30.2  7.5                               8.2 FASTST   M    M   4    MAX(MPH)
                                 MISC ---->  # 32 310               # 39  310
================================================================================
NOTES:
# LAST OF SEVERAL OCCURRENCES

COLUMN 17 PEAK WIND IN M.P.H.

PRELIMINARY LOCAL CLIMATOLOGICAL DATA (WS FORM: F-6) , PAGE 2

                                          STATION:  MOLINE IL
                                          MONTH:    FEBRUARY
                                          YEAR:     2018
                                          LATITUDE:   41 27 N
                                          LONGITUDE:  90 31 W

[TEMPERATURE DATA]      [PRECIPITATION DATA]       SYMBOLS USED IN COLUMN 16

AVERAGE MONTHLY: 18.8   TOTAL FOR MONTH:   1.22    1 = FOG OR MIST
DPTR FM NORMAL:  -6.5   DPTR FM NORMAL:    0.32    2 = FOG REDUCING VISIBILITY
HIGHEST:    50 ON 15    GRTST 24HR  0.36 ON  5- 5      TO 1/4 MILE OR LESS
LOWEST:    -10 ON  6                               3 = THUNDER
                        SNOW, ICE PELLETS, HAIL    4 = ICE PELLETS
                        TOTAL MONTH:  16.3 INCHES  5 = HAIL
                        GRTST 24HR   4.7 ON  5- 5  6 = FREEZING RAIN OR DRIZZLE
                        GRTST DEPTH:  10 ON 12,11  7 = DUSTSTORM OR SANDSTORM:
                                                       VSBY 1/2 MILE OR LESS
                                                   8 = SMOKE OR HAZE
[NO. OF DAYS WITH]      [WEATHER - DAYS WITH]      9 = BLOWING SNOW
                                                   X = TORNADO
MAX 32 OR BELOW:   9    0.01 INCH OR MORE:  10
MAX 90 OR ABOVE:   0    0.10 INCH OR MORE:   5
MIN 32 OR BELOW:  17    0.50 INCH OR MORE:   0
MIN  0 OR BELOW:   5    1.00 INCH OR MORE:   0

[HDD (BASE 65) ]
TOTAL THIS MO.   827    CLEAR  (SCALE 0-3)   6
DPTR FM NORMAL   112    PTCLDY (SCALE 4-7)  10
TOTAL FM JUL 1  4373    CLOUDY (SCALE 8-10)  2
DPTR FM NORMAL   -76

[CDD (BASE 65) ]
TOTAL THIS MO.     0
DPTR FM NORMAL     0    [PRESSURE DATA]
TOTAL FM JAN 1     0    HIGHEST SLP M ON M
DPTR FM NORMAL     0    LOWEST  SLP 29.68 ON  3

[REMARKS]
