469
CXUS55 KDVN 301100
CF6MLI
PRELIMINARY LOCAL CLIMATOLOGICAL DATA (WS FORM: F-6)

                                          STATION:   MOLINE IL
                                          MONTH:     MAY
                                          YEAR:      2016
                                          LATITUDE:   41 27 N
                                          LONGITUDE:  90 31 W

  TEMPERATURE IN F:       :PCPN:    SNOW:  WIND      :SUNSHINE: SKY     :PK WND
================================================================================
1   2   3   4   5  6A  6B    7    8   9   10  11  12  13   14  15   16   17  18
                                     12Z  AVG MX 2MIN
DY MAX MIN AVG DEP HDD CDD  WTR  SNW DPTH SPD SPD DIR MIN PSBL S-S WX    SPD DR
================================================================================

 1  52  47  50  -7  15   0 0.36  0.0    0  7.5 17  60   M    M  10 18     20  60
 2  61  43  52  -5  13   0 0.00  0.0    0  4.6 14  60   M    M   9 1      17  60
 3  70  39  55  -3  10   0 0.08  0.0    0  9.2 23  20   M    M   4 138    31  30
 4  65  45  55  -3  10   0 0.17  0.0    0 10.2 24 320   M    M   4 123    31 310
 5  68  38  53  -5  12   0 0.00  0.0    0  4.6 13 350   M    M   0        20 330
 6  86  42  64   5   1   0 0.00  0.0    0  8.1 23 260   M    M   0        28 260
 7  74  48  61   2   4   0 0.01  0.0    0  8.1 20 260   M    M   2 8      27 260
 8  71  45  58  -1   7   0 0.12  0.0    0  5.5 14 150   M    M   6 138    17 120
 9  63  56  60   0   5   0 0.70  0.0    0 14.2 23 100   M    M  10 18     32 120
10  72  58  65   5   0   0 0.40  0.0    0  5.0 15  20   M    M   9 138    21 340
11  78  57  68   8   0   3 0.05  0.0    0  6.0 15  70   M    M   9 138    21 170
12  70  52  61   1   4   0 0.00  0.0    0 13.5 24 310   M    M   6 18     35 310
13  71  44  58  -3   7   0 0.60  0.0    0 10.5 29 320   M    M   3 18     39 320
14  56  41  49 -12  16   0 0.00  0.0    0 16.9 28 310   M    M   4        36 310
15  63  41  52 -10  13   0 0.00  0.0    0  8.8 21 310   M    M   1        28 300
16  69  48  59  -3   6   0 0.00  0.0    0  8.8 20 230   M    M   2        27 220
17  65  45  55  -7  10   0    T  0.0    0  2.9 13  50   M    M   5        15  60
18  70  39  55  -7  10   0 0.00  0.0    0  4.3 16  60   M    M   1        21  50
19  74  41  58  -5   7   0 0.00  0.0    0  5.3 15 130   M    M   1 1      24 150
20  71  49  60  -3   5   0 0.00  0.0    0  6.4 17  70   M    M   1        21  70
21  80  44  62  -1   3   0 0.00  0.0    0  3.4 13  20   M    M   0        18 330
22  85  49  67   3   0   2 0.00  0.0    0  2.7  9  90   M    M   0        13  50
23  87  56  72   8   0   7 0.00  0.0    0  7.7 20 180   M    M   0        27 210
24  88  59  74  10   0   9 0.00  0.0    0  6.0 17 190   M    M   0        26 210
25  87  63  75  10   0  10 0.00  0.0    0  7.5 17 140   M    M   1        22 180
26  88  66  77  12   0  12    T  0.0    0  6.7 18 260   M    M   2 38     24 310
27  80  64  72   7   0   7 0.43  0.0    0 11.0 24 170   M    M   5 13     31 190
28  84  69  77  11   0  12 0.12  0.0    0 11.7 29 240   M    M   4 13     41 250
29  83  66  75   9   0  10 0.00  0.0    0  8.6 17 270   M    M   2        24 260
================================================================================
SM 2131 1454       158  72  3.04     0.0 225.7          M      101
================================================================================
AV 73.5 50.1                               7.8 FASTST   M    M   3    MAX(MPH)
                                 MISC ---->  # 29 320               # 41  250
================================================================================
NOTES:
# LAST OF SEVERAL OCCURRENCES

COLUMN 17 PEAK WIND IN M.P.H.

PRELIMINARY LOCAL CLIMATOLOGICAL DATA (WS FORM: F-6) , PAGE 2

                                          STATION:  MOLINE IL
                                          MONTH:    MAY
                                          YEAR:     2016
                                          LATITUDE:   41 27 N
                                          LONGITUDE:  90 31 W

[TEMPERATURE DATA]      [PRECIPITATION DATA]       SYMBOLS USED IN COLUMN 16

AVERAGE MONTHLY: 61.8   TOTAL FOR MONTH:   3.04    1 = FOG OR MIST
DPTR FM NORMAL:   0.3   DPTR FM NORMAL:   -0.98    2 = FOG REDUCING VISIBILITY
HIGHEST:    88 ON 26,24 GRTST 24HR  0.95 ON  9-10      TO 1/4 MILE OR LESS
LOWEST:     38 ON  5                               3 = THUNDER
                        SNOW, ICE PELLETS, HAIL    4 = ICE PELLETS
                        TOTAL MONTH:   0.0 INCH    5 = HAIL
                        GRTST 24HR     0.0         6 = FREEZING RAIN OR DRIZZLE
                        GRTST DEPTH:   0           7 = DUSTSTORM OR SANDSTORM:
                                                       VSBY 1/2 MILE OR LESS
                                                   8 = SMOKE OR HAZE
[NO. OF DAYS WITH]      [WEATHER - DAYS WITH]      9 = BLOWING SNOW
                                                   X = TORNADO
MAX 32 OR BELOW:   0    0.01 INCH OR MORE:  11
MAX 90 OR ABOVE:   0    0.10 INCH OR MORE:   8
MIN 32 OR BELOW:   0    0.50 INCH OR MORE:   2
MIN  0 OR BELOW:   0    1.00 INCH OR MORE:   0

[HDD (BASE 65) ]
TOTAL THIS MO.   158    CLEAR  (SCALE 0-3)  16
DPTR FM NORMAL     2    PTCLDY (SCALE 4-7)   8
TOTAL FM JUL 1  5163    CLOUDY (SCALE 8-10)  5
DPTR FM NORMAL -1016

[CDD (BASE 65) ]
TOTAL THIS MO.    72
DPTR FM NORMAL    17    [PRESSURE DATA]
TOTAL FM JAN 1    83    HIGHEST SLP M ON M
DPTR FM NORMAL    14    LOWEST  SLP 29.64 ON  3

[REMARKS]
