552
CXUS55 KBYZ 201056
CF6MLS
PRELIMINARY LOCAL CLIMATOLOGICAL DATA (WS FORM: F-6)

                                          STATION:   MILES CITY MT
                                          MONTH:     JANUARY
                                          YEAR:      2018
                                          LATITUDE:   46 25 N
                                          LONGITUDE: 105 53 W

  TEMPERATURE IN F:       :PCPN:    SNOW:  WIND      :SUNSHINE: SKY     :PK WND
================================================================================
1   2   3   4   5  6A  6B    7    8   9   10  11  12  13   14  15   16   17  18
                                     12Z  AVG MX 2MIN
DY MAX MIN AVG DEP HDD CDD  WTR  SNW DPTH SPD SPD DIR MIN PSBL S-S WX    SPD DR
================================================================================

 1 -15 -30 -22 -40  87   0 0.00    M    M  7.9 14 240   M    M   0        16 240
 2  26 -24   1 -17  64   0 0.00    M    M  8.6 16 190   M    M   3        18 190
 3  22   7  15  -3  50   0 0.00    M    M  6.3 12 280   M    M   1        13 250
 4  22   5  14  -5  51   0 0.00    M    M  5.4 13 280   M    M   0 1      13 280
 5  13   1   7 -12  58   0    T    M    M  5.1 10  30   M    M   5 12     12  30
 6  39   4  22   3  43   0    T    M    M  7.5 20 280   M    M   4        23 250
 7  40  22  31  12  34   0    T    M    M  8.4 22 310   M    M   5        26 310
 8  36  19  28   9  37   0    T    M    M  7.7 13 160   M    M   2        14 150
 9  37  21  29  10  36   0    T    M    M  6.7 14 160   M    M   1        17 150
10  37  -8  15  -4  50   0 0.07    M    M 19.0 30 330   M    M   9 1269   34 330
11  -2  -8  -5 -24  70   0    T    M    M  7.4 15  50   M    M  10 1      19 320
12   1  -8  -3 -22  68   0    T    M    M  9.0 20  40   M    M   M 18     23  30
13  29  -8  11  -8  54   0 0.10    M    M  5.8 17 240   M    M  10 1      20 240
14  37  -4  17  -2  48   0    T    M    M 14.4 28 340   M    M   8 1      35 350
15  -2 -19 -10 -29  75   0    T    M    M  6.9 14 290   M    M   0        16 350
16   7 -20  -6 -25  71   0 0.00    M    M  5.8 15 150   M    M   0        17 160
17  28  -2  13  -6  52   0 0.00    M    M  6.5 12 200   M    M   0        13 190
18  35  19  27   7  38   0 0.00    M    M  9.2 15 150   M    M   0        17 150
19  37  25  31  11  34   0    T    M    M  8.9 20 240   M    M   9        23 240
================================================================================
SM  427   -8      1020   0  0.17    M    156.5          M       67
================================================================================
AV 22.5 -0.4                               8.2 FASTST   M    M   4    MAX(MPH)
                                 MISC ---->  # 30 330               # 35  350
================================================================================
NOTES:
# LAST OF SEVERAL OCCURRENCES

COLUMN 17 PEAK WIND IN M.P.H.

PRELIMINARY LOCAL CLIMATOLOGICAL DATA (WS FORM: F-6) , PAGE 2

                                          STATION:  MILES CITY MT
                                          MONTH:    JANUARY
                                          YEAR:     2018
                                          LATITUDE:   46 25 N
                                          LONGITUDE: 105 53 W

[TEMPERATURE DATA]      [PRECIPITATION DATA]       SYMBOLS USED IN COLUMN 16

AVERAGE MONTHLY: 11.0   TOTAL FOR MONTH:   0.17    1 = FOG OR MIST
DPTR FM NORMAL:  -7.9   DPTR FM NORMAL:   -0.05    2 = FOG REDUCING VISIBILITY
HIGHEST:    40 ON  7    GRTST 24HR  0.10 ON 13-13      TO 1/4 MILE OR LESS
LOWEST:    -30 ON  1                               3 = THUNDER
                        SNOW, ICE PELLETS, HAIL    4 = ICE PELLETS
                        TOTAL MONTH:    M          5 = HAIL
                        GRTST 24HR    M  ON   M    6 = FREEZING RAIN OR DRIZZLE
                        GRTST DEPTH:  M  ON   M    7 = DUSTSTORM OR SANDSTORM:
                                                       VSBY 1/2 MILE OR LESS
                                                   8 = SMOKE OR HAZE
[NO. OF DAYS WITH]      [WEATHER - DAYS WITH]      9 = BLOWING SNOW
                                                   X = TORNADO
MAX 32 OR BELOW:  11    0.01 INCH OR MORE:   2
MAX 90 OR ABOVE:   0    0.10 INCH OR MORE:   1
MIN 32 OR BELOW:  19    0.50 INCH OR MORE:   0
MIN  0 OR BELOW:  10    1.00 INCH OR MORE:   0

[HDD (BASE 65) ]
TOTAL THIS MO.  1020    CLEAR  (SCALE 0-3)   9
DPTR FM NORMAL   146    PTCLDY (SCALE 4-7)   5
TOTAL FM JUL 1  4087    CLOUDY (SCALE 8-10)  4
DPTR FM NORMAL    29

[CDD (BASE 65) ]
TOTAL THIS MO.     0
DPTR FM NORMAL     0    [PRESSURE DATA]
TOTAL FM JAN 1     0    HIGHEST SLP  0.00 ON 18
DPTR FM NORMAL     0    LOWEST  SLP 29.46 ON 10

[REMARKS]
