000
CXUS51 KCAR 230600
CF6MLT
PRELIMINARY LOCAL CLIMATOLOGICAL DATA (WS FORM: F-6)

                                          STATION:   MILLINOCKET ME
                                          MONTH:     MAY
                                          YEAR:      2017
                                          LATITUDE:   45 39 N
                                          LONGITUDE:  68 41 W

  TEMPERATURE IN F:       :PCPN:    SNOW:  WIND      :SUNSHINE: SKY     :PK WND
================================================================================
1   2   3   4   5  6A  6B    7    8   9   10  11  12  13   14  15   16   17  18
                                     12Z  AVG MX 2MIN
DY MAX MIN AVG DEP HDD CDD  WTR  SNW DPTH SPD SPD DIR MIN PSBL S-S WX    SPD DR
================================================================================

 1  46  38  42  -6  23   0 0.67    M    M  5.4 10 120   M    M   9 1      16 110
 2  49  38  44  -5  21   0 0.17    M    M  2.5 14  90   M    M   9 1      16  90
 3  54  39  47  -2  18   0    T    M    M  7.8 21 300   M    M   9 12     31 310
 4  63  36  50   0  15   0 0.00    M    M  4.9 15 310   M    M   0        21 300
 5  54  41  48  -2  17   0 0.23    M    M  4.9 13  90   M    M   9 1      18 150
 6  60  45  53   3  12   0 0.47    M    M  5.8 12 120   M    M  10 1      17 120
 7  64  48  56   5   9   0 0.12    M    M  7.3 18 170   M    M   8 1      28 150
 8  51  39  45  -6  20   0 0.65    M    M  4.8 12 160   M    M  10 1      18 190
 9  50  37  44  -7  21   0 0.37    M    M  4.1 14  40   M    M   8 1      20  60
10  50  35  43  -9  22   0 0.02    M    M  6.7 14  40   M    M  10 1      17  10
11  52  40  46  -6  19   0 0.01    M    M  7.3 16  50   M    M   9 1      21  60
12  68  43  56   4   9   0 0.00    M    M  4.1 12  40   M    M   4        17  30
13  68  37  53   1  12   0 0.00    M    M  3.2 13 130   M    M   2        16 120
14  54  44  49  -4  16   0 1.03    M    M  5.3 14  20   M    M   9 1      22  10
15  48  43  46  -7  19   0 0.21    M    M 10.5 17  10   M    M  10 1      28 350
16  73  36  55   2  10   0 0.00    M    M  7.6 24 340   M    M   1        34 320
17  71  45  58   4   7   0    T    M    M  2.9 13  90   M    M   2        17 100
18  92  56  74  20   0   9 0.00    M    M  4.1 15 310   M    M   2        20 270
19  72  46  59   5   6   0 0.00    M    M  9.2 23 320   M    M   4        33 340
20  62  38  50  -5  15   0 0.00    M    M  8.8 20 350   M    M   0        30 310
21  70  38  54  -1  11   0 0.00    M    M  5.4 16 360   M    M   0        22  60
22  60  44  52  -3  13   0 0.08    M    M  4.7 13 150   M    M   9 1      21 170
================================================================================
SM 1331  906       315   9  4.03    M    127.3          M      134
================================================================================
AV 60.5 41.2                               5.8 FASTST   M    M   6    MAX(MPH)
                                 MISC ---->  # 24 340               # 34  320
================================================================================
NOTES:
# LAST OF SEVERAL OCCURRENCES

COLUMN 17 PEAK WIND IN M.P.H.

PRELIMINARY LOCAL CLIMATOLOGICAL DATA (WS FORM: F-6) , PAGE 2

                                          STATION:  MILLINOCKET ME
                                          MONTH:    MAY
                                          YEAR:     2017
                                          LATITUDE:   45 39 N
                                          LONGITUDE:  68 41 W

[TEMPERATURE DATA]      [PRECIPITATION DATA]       SYMBOLS USED IN COLUMN 16

AVERAGE MONTHLY: 50.8   TOTAL FOR MONTH:   4.03    1 = FOG OR MIST
DPTR FM NORMAL:  -1.1   DPTR FM NORMAL:    1.76    2 = FOG REDUCING VISIBILITY
HIGHEST:    92 ON 18    GRTST 24HR  1.03 ON 14-14      TO 1/4 MILE OR LESS
LOWEST:     35 ON 10                               3 = THUNDER
                        SNOW, ICE PELLETS, HAIL    4 = ICE PELLETS
                        TOTAL MONTH:    M          5 = HAIL
                        GRTST 24HR    M  ON   M    6 = FREEZING RAIN OR DRIZZLE
                        GRTST DEPTH:  M  ON   M    7 = DUSTSTORM OR SANDSTORM:
                                                       VSBY 1/2 MILE OR LESS
                                                   8 = SMOKE OR HAZE
[NO. OF DAYS WITH]      [WEATHER - DAYS WITH]      9 = BLOWING SNOW
                                                   X = TORNADO
MAX 32 OR BELOW:   0    0.01 INCH OR MORE:  12
MAX 90 OR ABOVE:   1    0.10 INCH OR MORE:   9
MIN 32 OR BELOW:   0    0.50 INCH OR MORE:   3
MIN  0 OR BELOW:   0    1.00 INCH OR MORE:   1

[HDD (BASE 65) ]
TOTAL THIS MO.   315    CLEAR  (SCALE 0-3)   7
DPTR FM NORMAL    25    PTCLDY (SCALE 4-7)   3
TOTAL FM JUL 1  7777    CLOUDY (SCALE 8-10) 12
DPTR FM NORMAL  -434

[CDD (BASE 65) ]
TOTAL THIS MO.     9
DPTR FM NORMAL     9    [PRESSURE DATA]
TOTAL FM JAN 1     9    HIGHEST SLP M ON M
DPTR FM NORMAL     9    LOWEST  SLP 29.41 ON M

[REMARKS]
