000
CXUS54 KSHV 201300
CF6MLU
PRELIMINARY LOCAL CLIMATOLOGICAL DATA (WS FORM: F-6)

                                          STATION:   MONROE
                                          MONTH:     SEPTEMBER
                                          YEAR:      2017
                                          LATITUDE:   32 30 N
                                          LONGITUDE:  92  2 W

  TEMPERATURE IN F:       :PCPN:    SNOW:  WIND      :SUNSHINE: SKY     :PK WND
================================================================================
1   2   3   4   5  6A  6B    7    8   9   10  11  12  13   14  15   16   17  18
                                     12Z  AVG MX 2MIN
DY MAX MIN AVG DEP HDD CDD  WTR  SNW DPTH SPD SPD DIR MIN PSBL S-S WX    SPD DR
================================================================================

 1  86  68  77  -4   0  12 0.00  0.0    0  3.4 10  10   M    M   1 18     15 330
 2  90  66  78  -3   0  13 0.00  0.0    0  1.4  9 320   M    M   1 12     12 280
 3  91  67  79  -2   0  14 0.00  0.0    0  0.7  6  20   M    M   2 18      8 360
 4  89  70  80   0   0  15 0.00  0.0    0  2.8 10 210   M    M   2 18     15 210
 5  93  68  81   1   0  16 0.12  0.0    0  6.1 30 350   M    M   3 13     42 360
 6  82  60  71  -9   0   6 0.00  0.0    0  7.2 16  30   M    M   2        26  20
 7  81  54  68 -12   0   3 0.00  0.0    0  2.8 13  50   M    M   0        18  10
 8  83  56  70  -9   0   5 0.00  0.0    0  4.7 15  50   M    M   0 1      18  50
 9  85  59  72  -7   0   7 0.00  0.0    0  7.1 17  50   M    M   0        24  30
10  85  62  74  -5   0   9 0.00  0.0    0  7.8 18  40   M    M   0        26  40
11  82  59  71  -7   0   6 0.00  0.0    0  7.9 18 360   M    M   2        24 350
12  69  60  65 -13   0   0 0.21  0.0    0  4.3 12 340   M    M   5 1      14 350
13  84  60  72  -6   0   7 0.00  0.0    0  3.3  9 270   M    M   5 18     16 260
14  86  60  73  -4   0   8 0.00  0.0    0  1.5  9 310   M    M   1 18     12 320
15  89  63  76  -1   0  11 0.00  0.0    0  1.6  9 200   M    M   2 128    12 140
16  91  69  80   3   0  15 0.00  0.0    0  2.0  9 150   M    M   3 12     13 160
17  94  69  82   6   0  17 0.04  0.0    0  1.7 12 320   M    M   2 1      14  60
18  90  70  80   4   0  15 0.00  0.0    0  1.2 13 200   M    M   3 18     17 210
19  91  69  80   4   0  15 0.00  0.0    0  4.4 13 230   M    M   2 12     18 230
================================================================================
SM 1641 1209         0 194  0.37     0.0  71.9          M       36
================================================================================
AV 86.4 63.6                               3.8 FASTST   M    M   2    MAX(MPH)
                                 MISC ---->  # 30 350               # 42  360
================================================================================
NOTES:
# LAST OF SEVERAL OCCURRENCES

COLUMN 17 PEAK WIND IN M.P.H.

PRELIMINARY LOCAL CLIMATOLOGICAL DATA (WS FORM: F-6) , PAGE 2

                                          STATION:  MONROE
                                          MONTH:    SEPTEMBER
                                          YEAR:     2017
                                          LATITUDE:   32 30 N
                                          LONGITUDE:  92  2 W

[TEMPERATURE DATA]      [PRECIPITATION DATA]       SYMBOLS USED IN COLUMN 16

AVERAGE MONTHLY: 75.0   TOTAL FOR MONTH:   0.37    1 = FOG OR MIST
DPTR FM NORMAL:  -3.6   DPTR FM NORMAL:   -1.91    2 = FOG REDUCING VISIBILITY
HIGHEST:    94 ON 17    GRTST 24HR  0.21 ON 12-12      TO 1/4 MILE OR LESS
LOWEST:     54 ON  7                               3 = THUNDER
                        SNOW, ICE PELLETS, HAIL    4 = ICE PELLETS
                        TOTAL MONTH:   0.0 INCH    5 = HAIL
                        GRTST 24HR     0.0         6 = FREEZING RAIN OR DRIZZLE
                        GRTST DEPTH:   0           7 = DUSTSTORM OR SANDSTORM:
                                                       VSBY 1/2 MILE OR LESS
                                                   8 = SMOKE OR HAZE
[NO. OF DAYS WITH]      [WEATHER - DAYS WITH]      9 = BLOWING SNOW
                                                   X = TORNADO
MAX 32 OR BELOW:   0    0.01 INCH OR MORE:   3
MAX 90 OR ABOVE:   7    0.10 INCH OR MORE:   2
MIN 32 OR BELOW:   0    0.50 INCH OR MORE:   0
MIN  0 OR BELOW:   0    1.00 INCH OR MORE:   0

[HDD (BASE 65) ]
TOTAL THIS MO.     0    CLEAR  (SCALE 0-3)  17
DPTR FM NORMAL     0    PTCLDY (SCALE 4-7)   2
TOTAL FM JUL 1     0    CLOUDY (SCALE 8-10)  0
DPTR FM NORMAL     0

[CDD (BASE 65) ]
TOTAL THIS MO.   194
DPTR FM NORMAL   -66    [PRESSURE DATA]
TOTAL FM JAN 1  2221    HIGHEST SLP M ON M
DPTR FM NORMAL   -46    LOWEST  SLP 29.72 ON 12

[REMARKS]
