000
CXUS55 KBOU 230900
CF6MNH
PRELIMINARY LOCAL CLIMATOLOGICAL DATA (WS FORM: F-6)

                                          STATION:   ELBERT 6W CO
                                          MONTH:     NOVEMBER
                                          YEAR:      2017
                                          LATITUDE:   39 13 N
                                          LONGITUDE: 104 38 W

  TEMPERATURE IN F:       :PCPN:    SNOW:  WIND      :SUNSHINE: SKY     :PK WND
================================================================================
1   2   3   4   5  6A  6B    7    8   9   10  11  12  13   14  15   16   17  18
                                     12Z  AVG MX 2MIN
DY MAX MIN AVG DEP HDD CDD  WTR  SNW DPTH SPD SPD DIR MIN PSBL S-S WX    SPD DR
================================================================================

 1  64  37  51   M  14   0    M    M    M 11.7 20 260   M    M   0        27 260
 2  59  28  44   M  21   0    M    M    M 11.9 28 190   M    M   2 12     36 190
 3  64  30  47   M  18   0    M    M    M 15.2 31 260   M    M   1 1      39 260
 4  63  41  52   M  13   0    M    M    M 21.6 41 260   M    M   0        53 260
 5  54  28  41   M  24   0    M    M    M  9.5 17 190   M    M   1        21 170
 6  46  28  37   M  28   0    M    M    M  6.7 13 240   M    M   1 12     30 280
 7  32  25  29   M  36   0    M    M    M  8.0 17 160   M    M  10 12      M  M
 8  52  19  36   M  29   0    M    M    M  7.2 15 200   M    M   1 2      17 220
 9  45  27  36   M  29   0    M    M    M  9.7 20 200   M    M   2 1      24 180
10  64  28  46   M  19   0    M    M    M  9.1 13 250   M    M   0        20 250
11  55  27  41   M  24   0    M    M    M  7.2 15  40   M    M   0 1      20  40
12  46  21  34   M  31   0    M    M    M 14.2 24 190   M    M   0        30 190
13  64  36  50   M  15   0    M    M    M  8.7 13 200   M    M   0        18 210
14  61  32  47   M  18   0    M    M    M  7.7 14 250   M    M   0        20 240
15  45  18  32   M  33   0    M    M    M 13.1 28 190   M    M   0        33 190
16  66  37  52   M  13   0    M    M    M 15.1 31 260   M    M   0        38 260
17  61  30  46   M  19   0    M    M    M 21.6 33 240   M    M   2        43 250
18  36  12  24   M  41   0    M    M    M 10.2 31 330   M    M   1 8      37 330
19  54  23  39   M  26   0    M    M    M  8.8 13 240   M    M   0        16 210
20  61  32  47   M  18   0    M    M    M  9.2 13 280   M    M   0        22 280
21  45  32  39   M  26   0    M    M    M  8.3 16 200   M    M   4        21  40
22  61  32  47   M  18   0    M    M    M  7.8 12 200   M    M   0         M  M
================================================================================
SM 1198  623       513   0    M     M    242.5          M       25
================================================================================
AV 54.5 28.3                              11.0 FASTST   M    M   1    MAX(MPH)
                                 MISC ---->  # 41 260               # 53  260
================================================================================
NOTES:
# LAST OF SEVERAL OCCURRENCES

COLUMN 17 PEAK WIND IN M.P.H.

PRELIMINARY LOCAL CLIMATOLOGICAL DATA (WS FORM: F-6) , PAGE 2

                                          STATION:  ELBERT 6W CO
                                          MONTH:    NOVEMBER
                                          YEAR:     2017
                                          LATITUDE:   39 13 N
                                          LONGITUDE: 104 38 W

[TEMPERATURE DATA]      [PRECIPITATION DATA]       SYMBOLS USED IN COLUMN 16

AVERAGE MONTHLY: 41.4   TOTAL FOR MONTH:      M    1 = FOG OR MIST
DPTR FM NORMAL:     M   DPTR FM NORMAL:       M    2 = FOG REDUCING VISIBILITY
HIGHEST:    66 ON 16    GRTST 24HR    M  ON   M        TO 1/4 MILE OR LESS
LOWEST:     12 ON 18                               3 = THUNDER
                        SNOW, ICE PELLETS, HAIL    4 = ICE PELLETS
                        TOTAL MONTH:    M          5 = HAIL
                        GRTST 24HR    M  ON   M    6 = FREEZING RAIN OR DRIZZLE
                        GRTST DEPTH:  M  ON   M    7 = DUSTSTORM OR SANDSTORM:
                                                       VSBY 1/2 MILE OR LESS
                                                   8 = SMOKE OR HAZE
[NO. OF DAYS WITH]      [WEATHER - DAYS WITH]      9 = BLOWING SNOW
                                                   X = TORNADO
MAX 32 OR BELOW:   1    0.01 INCH OR MORE:   0
MAX 90 OR ABOVE:   0    0.10 INCH OR MORE:   0
MIN 32 OR BELOW:  18    0.50 INCH OR MORE:   0
MIN  0 OR BELOW:   0    1.00 INCH OR MORE:   0

[HDD (BASE 65) ]
TOTAL THIS MO.   513    CLEAR  (SCALE 0-3)  20
DPTR FM NORMAL     M    PTCLDY (SCALE 4-7)   1
TOTAL FM JUL 1  1478    CLOUDY (SCALE 8-10)  1
DPTR FM NORMAL     M

[CDD (BASE 65) ]
TOTAL THIS MO.     0
DPTR FM NORMAL     M    [PRESSURE DATA]
TOTAL FM JAN 1   136    HIGHEST SLP M ON M
DPTR FM NORMAL     M    LOWEST  SLP M ON M

[REMARKS]
