000
CXUS54 KMOB 242042
CF6MOB
PRELIMINARY LOCAL CLIMATOLOGICAL DATA (WS FORM: F-6)

                                          STATION:   MOBILE
                                          MONTH:     APRIL
                                          YEAR:      2014
                                          LATITUDE:   30 40 N
                                          LONGITUDE:  88 15 W

  TEMPERATURE IN F:       :PCPN:    SNOW:  WIND      :SUNSHINE: SKY     :PK WND
================================================================================
1   2   3   4   5  6A  6B    7    8   9   10  11  12  13   14  15   16   17  18
                                     12Z  AVG MX 2MIN
DY MAX MIN AVG DEP HDD CDD  WTR  SNW DPTH SPD SPD DIR MIN PSBL S-S WX    SPD DR
================================================================================

 1  77  48  63   0   2   0 0.00  0.0    0  6.8 17 130   M    M   4 13     23 130
 2  80  58  69   6   0   4 0.00  0.0    0 10.5 18 180   M    M   7 18     25 170
 3  79  66  73   9   0   8 0.00  0.0    0 12.6 24 180   M    M   8 1      32 190
 4  78  64  71   7   0   6 0.38  0.0    0  6.2 24 340   M    M   9 138    33 340
 5  67  57  62  -2   3   0 0.24  0.0    0  8.4 16  10   M    M   9 1      22  20
 6  72  54  63  -1   2   0 0.30  0.0    0 10.4 21 170   M    M  10 13     27 150
 7  77  54  66   2   0   1 0.68  0.0    0 12.1 29 180   M    M   8 138    41 200
 8  64  47  56  -9   9   0 0.12  0.0    0  7.0 15 280   M    M   6 1      23 260
 9  72  45  59  -6   6   0 0.00  0.0    0  7.5 20 340   M    M   1        25 340
10  74  44  59  -6   6   0 0.00  0.0    0  5.7 17 180   M    M   0        26 220
11  76  53  65   0   0   0 0.00  0.0    0  6.9 18 160   M    M   4 1      23 130
12  78  54  66   0   0   1 0.00  0.0    0  7.2 17 130   M    M   4 128    28 130
13  81  59  70   4   0   5 0.00  0.0    0 11.6 22 140   M    M   4 18     29 140
14  78  62  70   4   0   5 3.12  0.0    0  9.7 24 350   M    M   7 13     32 190
15  64  43  54 -12  11   0 0.56  0.0    0 15.1 29 340   M    M   8 1      38 340
16  67  37  52 -14  13   0 0.00  0.0    0  5.6 16  60   M    M   1        24  60
17  71  44  58  -9   7   0 0.48  0.0    0  8.4 16  70   M    M   9 1      21  80
18  62  56  59  -8   6   0 0.37  0.0    0 13.6 23  20   M    M  10 1      28  30
19  79  52  66  -1   0   1 0.01  0.0    0  9.7 22 340   M    M   2        30 340
20  74  53  64  -3   1   0 0.00  0.0    0  7.6 16  40   M    M   1        22  30
21  75  50  63  -5   2   0 0.00  0.0    0  5.0 17 130   M    M   3 1      25 140
22  81  55  68   0   0   3 0.00  0.0    0  5.0 15 300   M    M   4 1      22 300
23  83  56  70   2   0   5 0.00  0.0    0  3.6 13 210   M    M   3 1      15 210
================================================================================
SM 1709 1211        68  39  6.26     0.0 196.2          M      122
================================================================================
AV 74.3 52.7                               8.5 FASTST   M    M   5    MAX(MPH)
                                 MISC ---->  # 29 180               # 41  200
================================================================================
NOTES:
# LAST OF SEVERAL OCCURRENCES

COLUMN 17 PEAK WIND IN M.P.H.

PRELIMINARY LOCAL CLIMATOLOGICAL DATA (WS FORM: F-6) , PAGE 2

                                          STATION:  MOBILE
                                          MONTH:    APRIL
                                          YEAR:     2014
                                          LATITUDE:   30 40 N
                                          LONGITUDE:  88 15 W

[TEMPERATURE DATA]      [PRECIPITATION DATA]       SYMBOLS USED IN COLUMN 16

AVERAGE MONTHLY: 63.5   TOTAL FOR MONTH:   6.26    1 = FOG OR MIST
DPTR FM NORMAL:  -2.1   DPTR FM NORMAL:    2.53    2 = FOG REDUCING VISIBILITY
HIGHEST:    83 ON 23    GRTST 24HR  3.68 ON 14-15      TO 1/4 MILE OR LESS
LOWEST:     37 ON 16                               3 = THUNDER
                        SNOW, ICE PELLETS, HAIL    4 = ICE PELLETS
                        TOTAL MONTH:   0.0 INCH    5 = HAIL
                        GRTST 24HR     0.0         6 = FREEZING RAIN OR DRIZZLE
                        GRTST DEPTH:   0           7 = DUSTSTORM OR SANDSTORM:
                                                       VSBY 1/2 MILE OR LESS
                                                   8 = SMOKE OR HAZE
[NO. OF DAYS WITH]      [WEATHER - DAYS WITH]      9 = BLOWING SNOW
                                                   X = TORNADO
MAX 32 OR BELOW:   0    0.01 INCH OR MORE:  10
MAX 90 OR ABOVE:   0    0.10 INCH OR MORE:   9
MIN 32 OR BELOW:   0    0.50 INCH OR MORE:   3
MIN  0 OR BELOW:   0    1.00 INCH OR MORE:   1

[HDD (BASE 65) ]
TOTAL THIS MO.    68    CLEAR  (SCALE 0-3)   6
DPTR FM NORMAL    13    PTCLDY (SCALE 4-7)  11
TOTAL FM JUL 1  2047    CLOUDY (SCALE 8-10)  6
DPTR FM NORMAL   361

[CDD (BASE 65) ]
TOTAL THIS MO.    39
DPTR FM NORMAL   -29    [PRESSURE DATA]
TOTAL FM JAN 1    52    HIGHEST SLP M ON M
DPTR FM NORMAL   -71    LOWEST  SLP 29.63 ON  7

[REMARKS]
