000
CXUS54 KMOB 271316
CF6MOB
PRELIMINARY LOCAL CLIMATOLOGICAL DATA (WS FORM: F-6)

                                          STATION:   MOBILE
                                          MONTH:     MAY
                                          YEAR:      2015
                                          LATITUDE:   30 40 N
                                          LONGITUDE:  88 15 W

  TEMPERATURE IN F:       :PCPN:    SNOW:  WIND      :SUNSHINE: SKY     :PK WND
================================================================================
1   2   3   4   5  6A  6B    7    8   9   10  11  12  13   14  15   16   17  18
                                     12Z  AVG MX 2MIN
DY MAX MIN AVG DEP HDD CDD  WTR  SNW DPTH SPD SPD DIR MIN PSBL S-S WX    SPD DR
================================================================================

 1  80  53  67  -3   0   2 0.00  0.0    0  8.1 18  50   M    M   1        22 350
 2  80  47  64  -7   1   0 0.00  0.0    0  3.7 13 210   M    M   1        16 210
 3  80  52  66  -5   0   1 0.00  0.0    0  4.7 15 120   M    M   2        20 120
 4  83  62  73   2   0   8 0.00  0.0    0  9.0 20 150   M    M   2        25 130
 5  84  60  72   1   0   7 0.00  0.0    0  6.4 15 130   M    M   3        22 160
 6  84  61  73   1   0   8 0.00  0.0    0  6.4 16 160   M    M   3        20 150
 7  86  61  74   2   0   9 0.00  0.0    0  5.1 14 180   M    M   3 1      17 180
 8  87  61  74   2   0   9 0.00  0.0    0  4.6 15 190   M    M   4 18     21 210
 9  89  63  76   4   0  11 0.00  0.0    0  4.8 15 180   M    M   4 1      21 200
10  87  62  75   2   0  10 0.00  0.0    0  5.7 17 160   M    M   4        21 180
11  87  68  78   5   0  13 0.00  0.0    0  7.8 15 180   M    M   4 1      20 160
12  90  69  80   7   0  15 0.79  0.0    0  4.8 28 130   M    M   6 138    35 110
13  89  69  79   5   0  14 0.00  0.0    0  4.9 12  50   M    M   4        15  70
14  88  66  77   3   0  12 0.00  0.0    0  5.5 13 130   M    M   5        19 130
15  85  69  77   3   0  12 1.73  0.0    0 10.2 25 120   M    M   8 138    32 110
16  81  68  75   1   0  10 3.63  0.0    0  8.4 26 130   M    M   7 138    35 120
17  83  69  76   2   0  11 0.01  0.0    0  7.6 16 140   M    M   6 13     21 130
18  86  68  77   2   0  12    T  0.0    0  5.5 18 130   M    M   5 12     21 130
19  88  68  78   3   0  13 0.00  0.0    0  3.6 14 180   M    M   6 12     17 200
20  90  69  80   5   0  15 0.00  0.0    0  3.6 18 340   M    M   4 13     28 340
21  90  65  78   3   0  13 0.11  0.0    0  5.8 17 360   M    M   5 13     21  10
22  84  57  71  -5   0   6 0.00  0.0    0  6.9 17  20   M    M   6        22  20
23  88  64  76   0   0  11 0.00  0.0    0  7.0 15 160   M    M   5        18 140
24  86  73  80   4   0  15 0.44  0.0    0 13.6 30 160   M    M   6 138    38 150
25  80  72  76   0   0  11 0.30  0.0    0  9.9 17 140   M    M   8 138    23 150
26  81  67  74  -2   0   9 0.40  0.0    0  7.5 21 290   M    M   5 13     26 310
================================================================================
SM 2216 1663         1 257  7.41     0.0 171.1          M      117
================================================================================
AV 85.2 64.0                               6.6 FASTST   M    M   5    MAX(MPH)
                                 MISC ---->  # 30 160               # 38  150
================================================================================
NOTES:
# LAST OF SEVERAL OCCURRENCES

COLUMN 17 PEAK WIND IN M.P.H.

PRELIMINARY LOCAL CLIMATOLOGICAL DATA (WS FORM: F-6) , PAGE 2

                                          STATION:  MOBILE
                                          MONTH:    MAY
                                          YEAR:     2015
                                          LATITUDE:   30 40 N
                                          LONGITUDE:  88 15 W

[TEMPERATURE DATA]      [PRECIPITATION DATA]       SYMBOLS USED IN COLUMN 16

AVERAGE MONTHLY: 74.6   TOTAL FOR MONTH:   7.41    1 = FOG OR MIST
DPTR FM NORMAL:   1.1   DPTR FM NORMAL:    3.16    2 = FOG REDUCING VISIBILITY
HIGHEST:    90 ON 21,20 GRTST 24HR  3.64 ON 16-17      TO 1/4 MILE OR LESS
LOWEST:     47 ON  2                               3 = THUNDER
                        SNOW, ICE PELLETS, HAIL    4 = ICE PELLETS
                        TOTAL MONTH:   0.0 INCH    5 = HAIL
                        GRTST 24HR     0.0         6 = FREEZING RAIN OR DRIZZLE
                        GRTST DEPTH:   0           7 = DUSTSTORM OR SANDSTORM:
                                                       VSBY 1/2 MILE OR LESS
                                                   8 = SMOKE OR HAZE
[NO. OF DAYS WITH]      [WEATHER - DAYS WITH]      9 = BLOWING SNOW
                                                   X = TORNADO
MAX 32 OR BELOW:   0    0.01 INCH OR MORE:   8
MAX 90 OR ABOVE:   3    0.10 INCH OR MORE:   7
MIN 32 OR BELOW:   0    0.50 INCH OR MORE:   3
MIN  0 OR BELOW:   0    1.00 INCH OR MORE:   2

[HDD (BASE 65) ]
TOTAL THIS MO.     1    CLEAR  (SCALE 0-3)   6
DPTR FM NORMAL     1    PTCLDY (SCALE 4-7)  20
TOTAL FM JUL 1  1821    CLOUDY (SCALE 8-10)  0
DPTR FM NORMAL   130

[CDD (BASE 65) ]
TOTAL THIS MO.   257
DPTR FM NORMAL    31    [PRESSURE DATA]
TOTAL FM JAN 1   536    HIGHEST SLP M ON M
DPTR FM NORMAL   151    LOWEST  SLP 29.91 ON  1

[REMARKS]
