000
CXUS53 KBIS 280817
CF6MOT
PRELIMINARY LOCAL CLIMATOLOGICAL DATA (WS FORM: F-6)

                                          STATION:   MINOT ND
                                          MONTH:     NOVEMBER
                                          YEAR:      2014
                                          LATITUDE:   48 15 N
                                          LONGITUDE: 101 16 W

  TEMPERATURE IN F:       :PCPN:    SNOW:  WIND      :SUNSHINE: SKY     :PK WND
================================================================================
1   2   3   4   5  6A  6B    7    8   9   10  11  12  13   14  15   16   17  18
                                     12Z  AVG MX 2MIN
DY MAX MIN AVG DEP HDD CDD  WTR  SNW DPTH SPD SPD DIR MIN PSBL S-S WX    SPD DR
================================================================================

 1  50  30  40   4  25   0 0.00    M    M  9.5 22 140   M    M   0        29 130
 2  55  24  40   4  25   0 0.00    M    M  5.9 14 260   M    M   0        19 260
 3  43  31  37   2  28   0    T    M    M 15.1 28 290   M    M   6        36 290
 4  48  35  42   7  23   0 0.03    M    M 11.9 28 290   M    M   8 1      33 290
 5  38  28  33  -1  32   0 0.03    M    M  7.8 20 330   M    M   9 1      25 330
 6  47  25  36   2  29   0 0.01    M    M  9.3 25 160   M    M   3        35 160
 7  54  35  45  12  20   0 0.01    M    M 22.9 39 310   M    M   7        51 310
 8  42  28  35   2  30   0    T    M    M 11.1 22 290   M    M   9        26 310
 9  30  21  26  -6  39   0 0.00    M    M  9.1 16 310   M    M   5        21 310
10  21  11  16 -15  49   0 0.00    M    M 13.9 21 310   M    M   4        28 310
11  18   8  13 -18  52   0    T    M    M 12.4 18 340   M    M  10 18     23 300
12  22   8  15 -15  50   0    T    M    M 18.0 25 300   M    M   6 8      31 300
13  17   2  10 -20  55   0    T    M    M  9.7 16 280   M    M   4        20 280
14  18  -1   9 -20  56   0 0.00    M    M  6.4 10 230   M    M   2 8      16 200
15  15   0   8 -21  57   0    T    M    M 14.0 23 250   M    M   4 8      30 230
16  21   5  13 -15  52   0    T    M    M 21.5 33 320   M    M   7 8      43 320
17  18   4  11 -16  54   0    T    M    M 16.0 25 310   M    M   9        31 300
18  29   8  19  -8  46   0    T    M    M 17.9 31 300   M    M   6        44 300
19  21  10  16 -10  49   0    T    M    M 19.9 29 290   M    M   4        37 280
20  23   3  13 -13  52   0 0.00    M    M  9.5 21 200   M    M   2        27 200
21  50  23  37  12  28   0 0.00    M    M 15.9 30 230   M    M   1 8      38 230
22  44  21  33   8  32   0 0.00    M    M  7.7 17 220   M    M   4        22 230
23  41   9  25   1  40   0    T    M    M 20.1 35 300   M    M   9        45 300
24  30   5  18  -6  47   0    T    M    M 12.0 18 300   M    M   3        23 300
25  29   1  15  -8  50   0 0.06    M    M 11.6 22  20   M    M  10 128    28  20
26   6 -17  -5 -28  70   0 0.01    M    M  5.2 12 310   M    M   5 18     14 310
27  13 -18  -2 -24  67   0 0.02    M    M  8.1 17 120   M    M   9 18     21 110
================================================================================
SM  843  339      1157   0  0.17    M    342.4          M      146
================================================================================
AV 31.2 12.6                              12.7 FASTST   M    M   5    MAX(MPH)
                                 MISC ---->  # 39 310               # 51  310
================================================================================
NOTES:
# LAST OF SEVERAL OCCURRENCES

COLUMN 17 PEAK WIND IN M.P.H.

PRELIMINARY LOCAL CLIMATOLOGICAL DATA (WS FORM: F-6) , PAGE 2

                                          STATION:  MINOT ND
                                          MONTH:    NOVEMBER
                                          YEAR:     2014
                                          LATITUDE:   48 15 N
                                          LONGITUDE: 101 16 W

[TEMPERATURE DATA]      [PRECIPITATION DATA]       SYMBOLS USED IN COLUMN 16

AVERAGE MONTHLY: 21.9   TOTAL FOR MONTH:   0.17    1 = FOG OR MIST
DPTR FM NORMAL:  -7.3   DPTR FM NORMAL:   -0.53    2 = FOG REDUCING VISIBILITY
HIGHEST:    55 ON  2    GRTST 24HR  0.07 ON 25-26      TO 1/4 MILE OR LESS
LOWEST:    -18 ON 27                               3 = THUNDER
                        SNOW, ICE PELLETS, HAIL    4 = ICE PELLETS
                        TOTAL MONTH:    M          5 = HAIL
                        GRTST 24HR    M  ON   M    6 = FREEZING RAIN OR DRIZZLE
                        GRTST DEPTH:  M  ON   M    7 = DUSTSTORM OR SANDSTORM:
                                                       VSBY 1/2 MILE OR LESS
                                                   8 = SMOKE OR HAZE
[NO. OF DAYS WITH]      [WEATHER - DAYS WITH]      9 = BLOWING SNOW
                                                   X = TORNADO
MAX 32 OR BELOW:  16    0.01 INCH OR MORE:   7
MAX 90 OR ABOVE:   0    0.10 INCH OR MORE:   0
MIN 32 OR BELOW:  25    0.50 INCH OR MORE:   0
MIN  0 OR BELOW:   4    1.00 INCH OR MORE:   0

[HDD (BASE 65) ]
TOTAL THIS MO.  1157    CLEAR  (SCALE 0-3)   7
DPTR FM NORMAL   191    PTCLDY (SCALE 4-7)  13
TOTAL FM JUL 1  1996    CLOUDY (SCALE 8-10)  7
DPTR FM NORMAL    70

[CDD (BASE 65) ]
TOTAL THIS MO.     0
DPTR FM NORMAL     0    [PRESSURE DATA]
TOTAL FM JAN 1   341    HIGHEST SLP M ON M
DPTR FM NORMAL  -104    LOWEST  SLP 29.37 ON 22

[REMARKS]
