000
CXUS51 KPHI 011212
CF6MPO
PRELIMINARY LOCAL CLIMATOLOGICAL DATA (WS FORM: F-6)

                                          STATION:   MOUNT POCONO PA
                                          MONTH:     JUNE
                                          YEAR:      2015
                                          LATITUDE:   41  8 N
                                          LONGITUDE:  75 24 W

  TEMPERATURE IN F:       :PCPN:    SNOW:  WIND      :SUNSHINE: SKY     :PK WND
================================================================================
1   2   3   4   5  6A  6B    7    8   9   10  11  12  13   14  15   16   17  18
                                     12Z  AVG MX 2MIN
DY MAX MIN AVG DEP HDD CDD  WTR  SNW DPTH SPD SPD DIR MIN PSBL S-S WX    SPD DR
================================================================================

 1  57  48  53  -7  12   0 0.30    M    M  8.6 15 120   M    M  10 12     20 110
 2  56  46  51  -9  14   0 0.41    M    M  5.2 13  80   M    M  10 12     17  60
 3  67  48  58  -2   7   0 0.00    M    M  4.1 10 130   M    M   5 1      15 140
 4  64  49  57  -3   8   0 0.00    M    M  6.9 15 140   M    M   9 1      20 100
 5  73  51  62   1   3   0 0.02    M    M  5.4 13 140   M    M   M        14 140
 6  73  48  61   0   4   0 0.00    M    M  9.1 20 340   M    M   0 1      29  20
 7  72  40  56  -5   9   0 0.00    M    M 10.2 17 200   M    M   4        24 180
 8  76  53  65   3   0   0 0.20    M    M  9.9 18 190   M    M   7 13     24 200
 9  74  57  66   4   0   1 0.08    M    M 11.6 29 270   M    M   6 12     39 270
10  77  53  65   3   0   0 0.00    M    M  9.8 17 210   M    M   2        23 220
11  83  66  75  12   0  10    T    M    M  9.9 20 260   M    M   3 138    26 260
12  84  59  72   9   0   7 0.08    M    M  7.6 21 270   M    M   2 18     25 260
13  76  60  68   5   0   3 0.00    M    M  8.1 21 320   M    M   5 18     29 320
14  80  56  68   4   0   3 0.45    M    M  4.7 12 160   M    M   6 13     16 170
15  78  68  73   9   0   8 0.75    M    M  7.0 14 280   M    M   9 12     20 250
16  78  68  73   9   0   8 0.23    M    M  9.0 17 320   0    0   0        30 350
17  74  57  66   2   0   1    T    M    M  6.0 13 350   M    M   4        19 320
18  64  58  61  -4   4   0 0.09    M    M  7.2 12 190   M    M  10 12     16 170
19  76  61  69   4   0   4 0.17    M    M  8.5 16 320   M    M   6 12     22 340
20  65  59  62  -3   3   0 0.38    M    M  9.0 14  90   M    M   8 128    19 100
21  80  64  72   7   0   7 0.41    M    M 11.2 22 290   M    M   6 12     33 280
22  80  61  71   5   0   6 0.00    M    M  8.7 17 260   M    M   1        26 300
23  79  62  71   5   0   6 0.22    M    M 10.9 25 250   M    M   2 38     35 250
24  75  55  65  -1   0   0 0.00    M    M  7.6 16 320   M    M   4        23 280
25  75  49  62  -4   3   0    T    M    M  5.5 10 260   M    M   4        15 260
26  75  58  67   1   0   2 0.00    M    M  5.3 10 130   M    M   5        14  90
27  64  51  58  -9   7   0 1.77    M    M 15.2 32 100   M    M  10 12     46 100
28  65  53  59  -8   6   0 0.32    M    M  9.3 18 280   M    M  10 1      26  70
29  71  55  63  -4   2   0    T    M    M  8.0 17 280   M    M   8        22 290
30  67  58  63  -4   2   0 2.89    M    M  5.6 15 140   M    M  10 123    21 140
================================================================================
SM 2178 1671        84  66  8.77    M    245.1            0    166
================================================================================
AV 72.6 55.7                               8.2 FASTST    0   0   6    MAX(MPH)
                                 MISC ---->  # 32 100               # 46  100
================================================================================
NOTES:
# LAST OF SEVERAL OCCURRENCES

COLUMN 17 PEAK WIND IN M.P.H.

PRELIMINARY LOCAL CLIMATOLOGICAL DATA (WS FORM: F-6) , PAGE 2

                                          STATION:  MOUNT POCONO PA
                                          MONTH:    JUNE
                                          YEAR:     2015
                                          LATITUDE:   41  8 N
                                          LONGITUDE:  75 24 W

[TEMPERATURE DATA]      [PRECIPITATION DATA]       SYMBOLS USED IN COLUMN 16

AVERAGE MONTHLY: 64.2   TOTAL FOR MONTH:   8.77    1 = FOG OR MIST
DPTR FM NORMAL:   0.5   DPTR FM NORMAL:    4.39    2 = FOG REDUCING VISIBILITY
HIGHEST:    84 ON 12    GRTST 24HR  2.89 ON 30-30      TO 1/4 MILE OR LESS
LOWEST:     40 ON  7                               3 = THUNDER
                        SNOW, ICE PELLETS, HAIL    4 = ICE PELLETS
                        TOTAL MONTH:    M          5 = HAIL
                        GRTST 24HR    M  ON   M    6 = FREEZING RAIN OR DRIZZLE
                        GRTST DEPTH:  M  ON   M    7 = DUSTSTORM OR SANDSTORM:
                                                       VSBY 1/2 MILE OR LESS
                                                   8 = SMOKE OR HAZE
[NO. OF DAYS WITH]      [WEATHER - DAYS WITH]      9 = BLOWING SNOW
                                                   X = TORNADO
MAX 32 OR BELOW:   0    0.01 INCH OR MORE:  17
MAX 90 OR ABOVE:   0    0.10 INCH OR MORE:  13
MIN 32 OR BELOW:   0    0.50 INCH OR MORE:   3
MIN  0 OR BELOW:   0    1.00 INCH OR MORE:   2

[HDD (BASE 65) ]
TOTAL THIS MO.    84    CLEAR  (SCALE 0-3)   6
DPTR FM NORMAL   -16    PTCLDY (SCALE 4-7)  14
TOTAL FM JUL 1  7378    CLOUDY (SCALE 8-10)  9
DPTR FM NORMAL   262

[CDD (BASE 65) ]
TOTAL THIS MO.    66
DPTR FM NORMAL     4    [PRESSURE DATA]
TOTAL FM JAN 1   123    HIGHEST SLP 30.28 ON  4
DPTR FM NORMAL    42    LOWEST  SLP 29.65 ON  9

[REMARKS]
#FINAL-06-15#
