000
CXUS54 KHUN 241015
CF6MSL
PRELIMINARY LOCAL CLIMATOLOGICAL DATA (WS FORM: F-6)

                                          STATION:   MUSCLE SHOALS
                                          MONTH:     FEBRUARY
                                          YEAR:      2018
                                          LATITUDE:   34 45 N
                                          LONGITUDE:  87 37 W

  TEMPERATURE IN F:       :PCPN:    SNOW:  WIND      :SUNSHINE: SKY     :PK WND
================================================================================
1   2   3   4   5  6A  6B    7    8   9   10  11  12  13   14  15   16   17  18
                                     12Z  AVG MX 2MIN
DY MAX MIN AVG DEP HDD CDD  WTR  SNW DPTH SPD SPD DIR MIN PSBL S-S WX    SPD DR
================================================================================

 1  62  35  49   7  16   0 0.12  0.0    0  9.3 21 350   M    M   8 1      29 350
 2  37  23  30 -12  35   0 0.00  0.0    0  6.6 17  20   M    M   0 8      24  10
 3  56  30  43   0  22   0 0.05  0.0    0  8.0 22 160   M    M   3        26 150
 4  54  38  46   3  19   0 0.59  0.0    0  8.7 20 150   M    M   7 1      25 150
 5  44  27  36  -7  29   0 0.00  0.0    0  6.2 17 340   M    M   4        21 350
 6  49  41  45   2  20   0 0.08  0.0    0  4.9 12  70   M    M  10 13     15  50
 7  52  32  42  -1  23   0 1.20  0.0    0  9.0 23 310   M    M   8 13     28 300
 8  49  28  39  -5  26   0 0.00  0.0    0  4.6  9  20   M    M   1 18     13  10
 9  66  31  49   5  16   0 0.18  0.0    0  6.5 17 190   M    M   4 1      23 180
10  60  55  58  14   7   0 2.74  0.0    0  5.5 14 160   M    M  10 1      19 150
11  67  38  53   9  12   0 0.08  0.0    0  9.6 22 300   M    M  10 1      30 280
12  41  33  37  -7  28   0    T  0.0    0 10.0 16  40   M    M  10 8      22  20
13  58  39  49   4  16   0 0.00  0.0    0  3.3 10 150   M    M  10 18     12 150
14  65  56  61  16   4   0 1.20  0.0    0  8.6 16 200   M    M  10 1      21 200
15  77  65  71  26   0   6 0.00  0.0    0 13.4 28 230   M    M   7        38 240
16  68  45  57  12   8   0 0.02  0.0    0 12.4 23 350   M    M   9 18     30 350
17  59  45  52   6  13   0 0.32  0.0    0  7.3 23 300   M    M  10 18     28 300
18  64  40  52   6  13   0 0.07  0.0    0  7.6 15 110   M    M   5        20  30
19  76  55  66  20   0   1 0.00  0.0    0  9.7 22 180   M    M   4        28 180
20  80  59  70  24   0   5 0.00  0.0    0 11.1 22 200   M    M   6        30 200
21  80  58  69  22   0   4 0.09  0.0    0 11.0 24 190   M    M   6 13     31 180
22  73  57  65  18   0   0 2.33  0.0    0  7.4 24 270   M    M   6 13     31 260
23  78  63  71  24   0   6 0.26  0.0    0  6.1 14 170   M    M   3 1      22 210
================================================================================
SM 1415  993       307  22  9.33     0.0 186.8          M      151
================================================================================
AV 61.5 43.2                               8.1 FASTST   M    M   7    MAX(MPH)
                                 MISC ---->  # 28 230               # 38  240
================================================================================
NOTES:
# LAST OF SEVERAL OCCURRENCES

COLUMN 17 PEAK WIND IN M.P.H.

PRELIMINARY LOCAL CLIMATOLOGICAL DATA (WS FORM: F-6) , PAGE 2

                                          STATION:  MUSCLE SHOALS
                                          MONTH:    FEBRUARY
                                          YEAR:     2018
                                          LATITUDE:   34 45 N
                                          LONGITUDE:  87 37 W

[TEMPERATURE DATA]      [PRECIPITATION DATA]       SYMBOLS USED IN COLUMN 16

AVERAGE MONTHLY: 52.4   TOTAL FOR MONTH:   9.33    1 = FOG OR MIST
DPTR FM NORMAL:   7.8   DPTR FM NORMAL:    5.52    2 = FOG REDUCING VISIBILITY
HIGHEST:    80 ON 21,20 GRTST 24HR  2.74 ON 10-10      TO 1/4 MILE OR LESS
LOWEST:     23 ON  2                               3 = THUNDER
                        SNOW, ICE PELLETS, HAIL    4 = ICE PELLETS
                        TOTAL MONTH:   0.0 INCH    5 = HAIL
                        GRTST 24HR     0.0         6 = FREEZING RAIN OR DRIZZLE
                        GRTST DEPTH:   0           7 = DUSTSTORM OR SANDSTORM:
                                                       VSBY 1/2 MILE OR LESS
                                                   8 = SMOKE OR HAZE
[NO. OF DAYS WITH]      [WEATHER - DAYS WITH]      9 = BLOWING SNOW
                                                   X = TORNADO
MAX 32 OR BELOW:   0    0.01 INCH OR MORE:  15
MAX 90 OR ABOVE:   0    0.10 INCH OR MORE:   9
MIN 32 OR BELOW:   6    0.50 INCH OR MORE:   5
MIN  0 OR BELOW:   0    1.00 INCH OR MORE:   4

[HDD (BASE 65) ]
TOTAL THIS MO.   307    CLEAR  (SCALE 0-3)   3
DPTR FM NORMAL  -164    PTCLDY (SCALE 4-7)  11
TOTAL FM JUL 1  2322    CLOUDY (SCALE 8-10)  9
DPTR FM NORMAL  -129

[CDD (BASE 65) ]
TOTAL THIS MO.    22
DPTR FM NORMAL    22    [PRESSURE DATA]
TOTAL FM JAN 1    22    HIGHEST SLP M ON M
DPTR FM NORMAL    22    LOWEST  SLP 29.82 ON  4

[REMARKS]
