000
CXUS54 KHUN 241015
CF6MSL
PRELIMINARY LOCAL CLIMATOLOGICAL DATA (WS FORM: F-6)

                                          STATION:   MUSCLE SHOALS
                                          MONTH:     NOVEMBER
                                          YEAR:      2017
                                          LATITUDE:   34 45 N
                                          LONGITUDE:  87 37 W

  TEMPERATURE IN F:       :PCPN:    SNOW:  WIND      :SUNSHINE: SKY     :PK WND
================================================================================
1   2   3   4   5  6A  6B    7    8   9   10  11  12  13   14  15   16   17  18
                                     12Z  AVG MX 2MIN
DY MAX MIN AVG DEP HDD CDD  WTR  SNW DPTH SPD SPD DIR MIN PSBL S-S WX    SPD DR
================================================================================

 1  67  53  60   3   5   0    T  0.0    0  7.6 20 160   M    M   8        25 160
 2  73  63  68  11   0   3 0.00  0.0    0  9.2 16 180   M    M   9        21 170
 3  81  58  70  14   0   5 0.10  0.0    0  4.4 15 240   M    M   5        18 240
 4  79  57  68  12   0   3 0.00  0.0    0  4.0 14 250   M    M   5        18 270
 5  80  59  70  14   0   5 0.00  0.0    0  9.5 20 200   M    M   5        25 240
 6  77  68  73  18   0   8 0.22  0.0    0  5.3 13 200   M    M   8 3      18 200
 7  71  53  62   7   3   0 0.49  0.0    0  7.4 15  30   M    M   9 3      20 300
 8  53  49  51  -4  14   0 0.09  0.0    0  5.8 13  20   M    M   9        15  20
 9  66  46  56   2   9   0 0.00  0.0    0  5.8 12  20   M    M   2        16  20
10  61  39  50  -4  15   0 0.00  0.0    0  7.5 14  50   M    M   0        19  30
11  65  33  49  -5  16   0 0.00  0.0    0  5.6 14 170   M    M   0        20 160
12  59  45  52  -1  13   0 0.00  0.0    0  3.9 13 150   M    M   9        16 160
13  60  41  51  -2  14   0 0.00  0.0    0  5.9 14  40   M    M   2 1      18  60
14  65  39  52  -1  13   0 0.00  0.0    0  3.3  8 120   M    M   0        11 120
15  61  38  50  -2  15   0    T  0.0    0  4.3 13 220   M    M   7        17 180
16  66  38  52   0  13   0 0.00  0.0    0  3.3  9  70   M    M   3        13  70
17  70  32  51  -1  14   0 0.00  0.0    0  5.8 16 190   M    M   2        24 190
18  73  47  60   9   5   0 0.49  0.0    0 16.2 38 300   M    M   9        49 310
19  52  34  43  -8  22   0 0.00  0.0    0  7.2 17 330   M    M   1        23 290
20  57  25  41 -10  24   0 0.00  0.0    0  2.1  8 150   M    M   0        11 150
21  62  30  46  -4  19   0 0.00  0.0    0  2.4 10 130   M    M   0        12 240
22  53  36  45  -5  20   0 0.00  0.0    0  7.1 15  40   M    M   0        22  30
23  59  26  43  -7  22   0 0.00  0.0    0  2.4  9  30   M    M   0        12  30
================================================================================
SM 1510 1009       256  24  1.39     0.0 136.0          M       93
================================================================================
AV 65.7 43.9                               5.9 FASTST   M    M   4    MAX(MPH)
                                 MISC ---->  # 38 300               # 49  310
================================================================================
NOTES:
# LAST OF SEVERAL OCCURRENCES

COLUMN 17 PEAK WIND IN M.P.H.

PRELIMINARY LOCAL CLIMATOLOGICAL DATA (WS FORM: F-6) , PAGE 2

                                          STATION:  MUSCLE SHOALS
                                          MONTH:    NOVEMBER
                                          YEAR:     2017
                                          LATITUDE:   34 45 N
                                          LONGITUDE:  87 37 W

[TEMPERATURE DATA]      [PRECIPITATION DATA]       SYMBOLS USED IN COLUMN 16

AVERAGE MONTHLY: 54.8   TOTAL FOR MONTH:   1.39    1 = FOG OR MIST
DPTR FM NORMAL:   1.4   DPTR FM NORMAL:   -1.98    2 = FOG REDUCING VISIBILITY
HIGHEST:    81 ON  3    GRTST 24HR  0.49 ON 18-18      TO 1/4 MILE OR LESS
LOWEST:     25 ON 20                               3 = THUNDER
                        SNOW, ICE PELLETS, HAIL    4 = ICE PELLETS
                        TOTAL MONTH:   0.0 INCH    5 = HAIL
                        GRTST 24HR     0.0         6 = FREEZING RAIN OR DRIZZLE
                        GRTST DEPTH:   0           7 = DUSTSTORM OR SANDSTORM:
                                                       VSBY 1/2 MILE OR LESS
                                                   8 = SMOKE OR HAZE
[NO. OF DAYS WITH]      [WEATHER - DAYS WITH]      9 = BLOWING SNOW
                                                   X = TORNADO
MAX 32 OR BELOW:   0    0.01 INCH OR MORE:   5
MAX 90 OR ABOVE:   0    0.10 INCH OR MORE:   4
MIN 32 OR BELOW:   4    0.50 INCH OR MORE:   0
MIN  0 OR BELOW:   0    1.00 INCH OR MORE:   0

[HDD (BASE 65) ]
TOTAL THIS MO.   256    CLEAR  (SCALE 0-3)  12
DPTR FM NORMAL   -22    PTCLDY (SCALE 4-7)   6
TOTAL FM JUL 1   407    CLOUDY (SCALE 8-10)  5
DPTR FM NORMAL   -39

[CDD (BASE 65) ]
TOTAL THIS MO.    24
DPTR FM NORMAL    20    [PRESSURE DATA]
TOTAL FM JAN 1  1973    HIGHEST SLP M ON M
DPTR FM NORMAL   105    LOWEST  SLP 29.52 ON 18

[REMARKS]
