000
CXUS54 KHUN 271015
CF6MSL
PRELIMINARY LOCAL CLIMATOLOGICAL DATA (WS FORM: F-6)

                                          STATION:   MUSCLE SHOALS
                                          MONTH:     DECEMBER
                                          YEAR:      2014
                                          LATITUDE:   34 45 N
                                          LONGITUDE:  87 37 W

  TEMPERATURE IN F:       :PCPN:    SNOW:  WIND      :SUNSHINE: SKY     :PK WND
================================================================================
1   2   3   4   5  6A  6B    7    8   9   10  11  12  13   14  15   16   17  18
                                     12Z  AVG MX 2MIN
DY MAX MIN AVG DEP HDD CDD  WTR  SNW DPTH SPD SPD DIR MIN PSBL S-S WX    SPD DR
================================================================================

 1  73  45  59  12   6   0 0.08  0.0    0  6.9 17 240   M    M   7 18     21 230
 2  50  45  48   2  17   0 0.49  0.0    0  3.1  8 290   M    M  10 1       9 280
 3  60  48  54   8  11   0    T  0.0    0  2.3  9  10   M    M   7 1      14  10
 4  72  46  59  13   6   0 0.00  0.0    0  1.1  7 290   M    M   4 1       8 290
 5  70  54  62  16   3   0 0.50  0.0    0  7.4 17 180   M    M   7 1      24 180
 6  65  45  55  10  10   0 0.06  0.0    0  9.4 17  20   M    M   8 1      26  30
 7  53  43  48   3  17   0 0.00  0.0    0  6.0 17  50   M    M   5        24  50
 8  59  42  51   6  14   0 0.00  0.0    0  3.7 12 190   M    M   2        14 200
 9  55  32  44   0  21   0 0.00  0.0    0  5.5 18 340   M    M   4 12     24 340
10  46  32  39  -5  26   0 0.00  0.0    0  5.9 14  40   M    M   7        20  10
11  49  29  39  -5  26   0 0.00  0.0    0  2.4  9 330   M    M   0        13  20
12  55  26  41  -3  24   0 0.00  0.0    0  0.9  7  90   M    M   0 18      9  20
13  49  26  38  -6  27   0 0.00  0.0    0  0.9  9  90   M    M   6        12  80
14  54  34  44   1  21   0 0.00  0.0    0  1.9  9  80   M    M   8 12     13  60
15  59  33  46   3  19   0 0.74  0.0    0  6.8 17 200   M    M   7 1238   22 200
16  58  43  51   8  14   0 0.00  0.0    0  8.4 21 260   M    M   8        30 270
17  47  39  43   0  22   0 0.00  0.0    0  2.9  9  50   M    M   6        13 330
18  46  38  42  -1  23   0 0.02  0.0    0  2.3  7  50   M    M  10        10  60
19  44  39  42   0  23   0    T  0.0    0  4.0  8  50   M    M  10        12  50
20  54  35  45   3  20   0    T  0.0    0  4.0  8  50   M    M   2 8      12  50
21  53  27  40  -2  25   0 0.00  0.0    0  1.8 10 120   M    M   5 1      13 120
22  55  46  51   9  14   0 0.10  0.0    0  8.4 14 150   M    M  10 1      17 150
23  58  55  57  15   8   0 1.78  0.0    0  8.4 20 100   M    M  10 13     26 100
24  56  42  49   7  16   0 0.23  0.0    0 10.5 22 260   M    M   8 1      26 280
25  53  34  44   2  21   0 0.00  0.0    0  5.1 13 210   M    M   4        16 190
26  53  30  42   1  23   0 0.00  0.0    0  3.9 12 140   M    M   0 1      15 150
================================================================================
SM 1446 1008       457   0  4.00     0.0 123.9          M      155
================================================================================
AV 55.6 38.8                               4.8 FASTST   M    M   6    MAX(MPH)
                                 MISC ---->  # 22 260               # 30  270
================================================================================
NOTES:
# LAST OF SEVERAL OCCURRENCES

COLUMN 17 PEAK WIND IN M.P.H.

PRELIMINARY LOCAL CLIMATOLOGICAL DATA (WS FORM: F-6) , PAGE 2

                                          STATION:  MUSCLE SHOALS
                                          MONTH:    DECEMBER
                                          YEAR:     2014
                                          LATITUDE:   34 45 N
                                          LONGITUDE:  87 37 W

[TEMPERATURE DATA]      [PRECIPITATION DATA]       SYMBOLS USED IN COLUMN 16

AVERAGE MONTHLY: 47.2   TOTAL FOR MONTH:   4.00    1 = FOG OR MIST
DPTR FM NORMAL:   3.5   DPTR FM NORMAL:   -0.93    2 = FOG REDUCING VISIBILITY
HIGHEST:    73 ON  1    GRTST 24HR  2.01 ON 23-24      TO 1/4 MILE OR LESS
LOWEST:     26 ON 13,12                            3 = THUNDER
                        SNOW, ICE PELLETS, HAIL    4 = ICE PELLETS
                        TOTAL MONTH:   0.0 INCH    5 = HAIL
                        GRTST 24HR     0.0         6 = FREEZING RAIN OR DRIZZLE
                        GRTST DEPTH:   0           7 = DUSTSTORM OR SANDSTORM:
                                                       VSBY 1/2 MILE OR LESS
                                                   8 = SMOKE OR HAZE
[NO. OF DAYS WITH]      [WEATHER - DAYS WITH]      9 = BLOWING SNOW
                                                   X = TORNADO
MAX 32 OR BELOW:   0    0.01 INCH OR MORE:   9
MAX 90 OR ABOVE:   0    0.10 INCH OR MORE:   6
MIN 32 OR BELOW:   7    0.50 INCH OR MORE:   3
MIN  0 OR BELOW:   0    1.00 INCH OR MORE:   1

[HDD (BASE 65) ]
TOTAL THIS MO.   457    CLEAR  (SCALE 0-3)   5
DPTR FM NORMAL   -97    PTCLDY (SCALE 4-7)  15
TOTAL FM JUL 1  1109    CLOUDY (SCALE 8-10)  6
DPTR FM NORMAL    -7

[CDD (BASE 65) ]
TOTAL THIS MO.     0
DPTR FM NORMAL     0    [PRESSURE DATA]
TOTAL FM JAN 1  1861    HIGHEST SLP M ON M
DPTR FM NORMAL   -10    LOWEST  SLP 29.55 ON 24

[REMARKS]
