000
CXUS51 KBTV 300700
CF6MSS
PRELIMINARY LOCAL CLIMATOLOGICAL DATA (WS FORM: F-6)

                                          STATION:   MASSENA NY
                                          MONTH:     JUNE
                                          YEAR:      2015
                                          LATITUDE:   44 55 N
                                          LONGITUDE:  74 51 W

  TEMPERATURE IN F:       :PCPN:    SNOW:  WIND      :SUNSHINE: SKY     :PK WND
================================================================================
1   2   3   4   5  6A  6B    7    8   9   10  11  12  13   14  15   16   17  18
                                     12Z  AVG MX 2MIN
DY MAX MIN AVG DEP HDD CDD  WTR  SNW DPTH SPD SPD DIR MIN PSBL S-S WX    SPD DR
================================================================================

 1  57  48  53  -7  12   0 0.39    M    0 14.6 23  60   M    M  10        28  60
 2  57  39  48 -12  17   0 0.01    M    0  5.8 12  10   M    M   9 1      15  30
 3  68  37  53  -8  12   0 0.00  0.0    0  3.9 10  20   M    M   2 12     15  40
 4  78  41  60  -1   5   0 0.00  0.0    0  3.1 12  40   M    M   1 1      15  40
 5  76  60  68   7   0   3 0.44  0.0    0  5.9 16 300   M    M   7 13     29 300
 6  67  42  55  -7  10   0 0.00  0.0    0  6.4 17  30   M    M   2 1      21  30
 7  77  38  58  -4   7   0 0.01    M    0  4.7 16 180   M    M   1 12     22 180
 8  75  62  69   7   0   4 0.44  0.0    0 12.1 24 230   M    M   7 1      34 240
 9  74  58  66   3   0   1 0.30  0.0    0  4.3 14 350   M    M   6 1      18 360
10  77  58  68   5   0   3 0.15  0.0    0  9.0 18 220   M    M   6 13     25 220
11  76  59  68   5   0   3 0.00  0.0    0 12.1 21 270   M    M   3        26 240
12  64  59  62  -2   3   0 0.99  0.0    0  6.4 14  30   M    M  10 1      19  20
13  79  57  68   4   0   3 0.00  0.0    0  5.8 16 270   M    M   5 1      20 270
14  75  54  65   1   0   0 0.03  0.0    0  6.3 14  50   M    M   1 1      18  50
15  74  59  67   3   0   2 0.14  0.0    0  5.3 10 210   M    M   8 1      12 140
16  78  60  69   4   0   4 0.83    M    0  5.1 13 310   M    M   6 1      30 260
17  73  45  59  -6   6   0 0.00  0.0    0  3.6 13 100   M    M   0 1      17 100
18  82  55  69   4   0   4 0.05  0.0    0  6.0 23 220   M    M   3        28 210
19  69  47  58  -7   7   0 0.00  0.0    0  5.7 16 340   M    M   4 1      23 350
20  79  42  61  -5   4   0    T    M    0  3.5 14 210   M    M   1 1      18 230
21  80  62  71   5   0   6 0.29  0.0    0  3.5 10 260   M    M   9 1238   11 270
22  80  61  71   5   0   6 0.00  0.0    0  4.9 14 220   M    M   4 12     17 210
23  81  62  72   6   0   7 0.35  0.0    0 11.6 29 260   M    M   6 13     43 240
24  76  56  66  -1   0   1    T  0.0    0  8.2 21 230   M    M   2 1      25 250
25  74  51  63  -4   2   0 0.00  0.0    0  3.1 12 280   M    M   2 12     15 240
26  77  47  62  -5   3   0 0.00  0.0    0  3.3 14  50   M    M   2 12     17  60
27  74  48  61  -6   4   0 0.00  0.0    0  4.5 13  90   M    M   1 1      15  30
28  64  56  60  -8   5   0 0.65  0.0    0 10.8 21  50   M    M  10 1      26  50
29  69  55  62  -6   3   0 0.03  0.0    0  5.6 15 260   M    M   8 1      19 260
================================================================================
SM 2130 1518       100  47  5.10     0.0 185.1          M      136
================================================================================
AV 73.4 52.3                               6.4 FASTST   M    M   5    MAX(MPH)
                                 MISC ---->  # 29 260               # 43  240
================================================================================
NOTES:
# LAST OF SEVERAL OCCURRENCES

COLUMN 17 PEAK WIND IN M.P.H.

PRELIMINARY LOCAL CLIMATOLOGICAL DATA (WS FORM: F-6) , PAGE 2

                                          STATION:  MASSENA NY
                                          MONTH:    JUNE
                                          YEAR:     2015
                                          LATITUDE:   44 55 N
                                          LONGITUDE:  74 51 W

[TEMPERATURE DATA]      [PRECIPITATION DATA]       SYMBOLS USED IN COLUMN 16

AVERAGE MONTHLY: 62.9   TOTAL FOR MONTH:   5.10    1 = FOG OR MIST
DPTR FM NORMAL:  -1.3   DPTR FM NORMAL:    1.70    2 = FOG REDUCING VISIBILITY
HIGHEST:    82 ON 18    GRTST 24HR  0.99 ON 12-12      TO 1/4 MILE OR LESS
LOWEST:     37 ON  3                               3 = THUNDER
                        SNOW, ICE PELLETS, HAIL    4 = ICE PELLETS
                        TOTAL MONTH:   0.0 INCH    5 = HAIL
                        GRTST 24HR     0.0         6 = FREEZING RAIN OR DRIZZLE
                        GRTST DEPTH:   0           7 = DUSTSTORM OR SANDSTORM:
                                                       VSBY 1/2 MILE OR LESS
                                                   8 = SMOKE OR HAZE
[NO. OF DAYS WITH]      [WEATHER - DAYS WITH]      9 = BLOWING SNOW
                                                   X = TORNADO
MAX 32 OR BELOW:   0    0.01 INCH OR MORE:  16
MAX 90 OR ABOVE:   0    0.10 INCH OR MORE:  11
MIN 32 OR BELOW:   0    0.50 INCH OR MORE:   3
MIN  0 OR BELOW:   0    1.00 INCH OR MORE:   0

[HDD (BASE 65) ]
TOTAL THIS MO.   100    CLEAR  (SCALE 0-3)  11
DPTR FM NORMAL     6    PTCLDY (SCALE 4-7)  13
TOTAL FM JUL 1  8381    CLOUDY (SCALE 8-10)  5
DPTR FM NORMAL   186

[CDD (BASE 65) ]
TOTAL THIS MO.    47
DPTR FM NORMAL   -23    [PRESSURE DATA]
TOTAL FM JAN 1    92    HIGHEST SLP M ON M
DPTR FM NORMAL     8    LOWEST  SLP 29.56 ON  9

[REMARKS]
