000
CXUS55 KGJT 201000
CF6MTJ
PRELIMINARY LOCAL CLIMATOLOGICAL DATA (WS FORM: F-6)

                                          STATION:   MONTROSE CO
                                          MONTH:     DECEMBER
                                          YEAR:      2014
                                          LATITUDE:   38 30 N
                                          LONGITUDE: 107 53 W

  TEMPERATURE IN F:       :PCPN:    SNOW:  WIND      :SUNSHINE: SKY     :PK WND
================================================================================
1   2   3   4   5  6A  6B    7    8   9   10  11  12  13   14  15   16   17  18
                                     12Z  AVG MX 2MIN
DY MAX MIN AVG DEP HDD CDD  WTR  SNW DPTH SPD SPD DIR MIN PSBL S-S WX    SPD DR
================================================================================

 1  56  30  43  12  22   0 0.00    M    M  5.4 13 150   M    M   3        17 250
 2  52  24  38   8  27   0 0.00    M    M  5.0 12 150   M    M   1 8      12 140
 3  52  36  44  14  21   0    T    M    M  4.6 14 330   M    M   9        17 340
 4  49  35  42  12  23   0    T    M    M  4.5  9 350   M    M   6 18     10 350
 5  51  33  42  13  23   0 0.03    M    M  4.6 10 140   M    M   5 1      13 330
 6  48  31  40  11  25   0 0.00    M    M  4.6  9 140   M    M   3        11 310
 7  53  28  41  13  24   0 0.00    M    M  4.1 12 130   M    M   3        13 140
 8  51  24  38  10  27   0 0.00    M    M  5.8 12 330   M    M   0        14 330
 9  50  19  35   7  30   0 0.00    M    M  5.8 12 150   M    M   0 8      13 150
10  50  18  34   6  31   0 0.00    M    M  6.3 12 150   M    M   0        28 160
11  53  19  36   9  29   0 0.00    M    M  5.6 10 160   M    M   0        11 340
12  55  26  41  14  24   0 0.00    M    M  6.7 17 110   M    M   0        21 120
13  57  30  44  17  21   0 0.06    M    M  7.6 29 320   M    M   5 18     35 320
14  38  31  35   9  30   0 0.01    M    M  5.4 18 330   M    M  10 1      24 320
15  39  22  31   5  34   0 0.00    M    M  5.2 13 160   M    M   2        14 160
16  43  24  34   8  31   0 0.00    M    M  5.7 23  90   M    M   6        29  80
17  42  29  36  10  29   0 0.14    M    M  3.0 12 320   M    M   8 1      13 320
18  38  32  35   9  30   0 0.02    M    M  2.6  9 320   M    M  10 1      12 320
19  41  24  33   7  32   0 0.00    M    M  3.5  9 150   M    M   5        20  60
================================================================================
SM  918  515       513   0  0.26    M     96.0          M       76
================================================================================
AV 48.3 27.1                               5.1 FASTST   M    M   4    MAX(MPH)
                                 MISC ---->  # 29 320               # 35  320
================================================================================
NOTES:
# LAST OF SEVERAL OCCURRENCES

COLUMN 17 PEAK WIND IN M.P.H.

PRELIMINARY LOCAL CLIMATOLOGICAL DATA (WS FORM: F-6) , PAGE 2

                                          STATION:  MONTROSE CO
                                          MONTH:    DECEMBER
                                          YEAR:     2014
                                          LATITUDE:   38 30 N
                                          LONGITUDE: 107 53 W

[TEMPERATURE DATA]      [PRECIPITATION DATA]       SYMBOLS USED IN COLUMN 16

AVERAGE MONTHLY: 37.7   TOTAL FOR MONTH:   0.26    1 = FOG OR MIST
DPTR FM NORMAL:   9.9   DPTR FM NORMAL:   -0.13    2 = FOG REDUCING VISIBILITY
HIGHEST:    57 ON 13    GRTST 24HR  0.16 ON 17-18      TO 1/4 MILE OR LESS
LOWEST:     18 ON 10                               3 = THUNDER
                        SNOW, ICE PELLETS, HAIL    4 = ICE PELLETS
                        TOTAL MONTH:    M          5 = HAIL
                        GRTST 24HR    M  ON   M    6 = FREEZING RAIN OR DRIZZLE
                        GRTST DEPTH:  M  ON   M    7 = DUSTSTORM OR SANDSTORM:
                                                       VSBY 1/2 MILE OR LESS
                                                   8 = SMOKE OR HAZE
[NO. OF DAYS WITH]      [WEATHER - DAYS WITH]      9 = BLOWING SNOW
                                                   X = TORNADO
MAX 32 OR BELOW:   0    0.01 INCH OR MORE:   5
MAX 90 OR ABOVE:   0    0.10 INCH OR MORE:   1
MIN 32 OR BELOW:  16    0.50 INCH OR MORE:   0
MIN  0 OR BELOW:   0    1.00 INCH OR MORE:   0

[HDD (BASE 65) ]
TOTAL THIS MO.   513    CLEAR  (SCALE 0-3)  10
DPTR FM NORMAL  -194    PTCLDY (SCALE 4-7)   5
TOTAL FM JUL 1  1760    CLOUDY (SCALE 8-10)  4
DPTR FM NORMAL  -368

[CDD (BASE 65) ]
TOTAL THIS MO.     0
DPTR FM NORMAL     0    [PRESSURE DATA]
TOTAL FM JAN 1   782    HIGHEST SLP M ON M
DPTR FM NORMAL   139    LOWEST  SLP 29.62 ON 14

[REMARKS]
