031
CXUS53 KGRB 280711
CF6MTW
PRELIMINARY LOCAL CLIMATOLOGICAL DATA (WS FORM: F-6)

                                          STATION:   MANITOWOC AWOS
                                          MONTH:     MAY
                                          YEAR:      2016
                                          LATITUDE:   44  7 N
                                          LONGITUDE:  87 40 W

  TEMPERATURE IN F:       :PCPN:    SNOW:  WIND      :SUNSHINE: SKY     :PK WND
================================================================================
1   2   3   4   5  6A  6B    7    8   9   10  11  12  13   14  15   16   17  18
                                     12Z  AVG MX 2MIN
DY MAX MIN AVG DEP HDD CDD  WTR  SNW DPTH SPD SPD DIR MIN PSBL S-S WX    SPD DR
================================================================================

 1  54  42  48   M  17   0    T    M    0 10.4 16  30   M    M   8        28  30
 2  61  37  49   M  16   0 0.00  0.0    0  5.7 12 150   M    M   0        20 150
 3  69  39  54   M  11   0 0.16    M    0 11.8 16 270   M    M   3 1      33 270
 4  50  39  45   M  20   0 0.00  0.0    0 16.0 27 350   M    M   6        37 340
 5  57  37  47   M  18   0 0.00  0.0    0  9.0 12 140   M    M   0        21 350
 6  71  44  58   M   7   0    T    M    0  7.1 16 150   M    M   2        30 200
 7  61  41  51   M  14   0    T    M    0 10.8 25 360   M    M   2        36  10
 8  60  40  50   M  15   0 0.00  0.0    0 10.0 21 100   M    M   0        32 100
 9  59  39  49   M  16   0 0.00  0.0    0  9.6 17 100   M    M   0        33 100
10  51  44  48   M  17   0 0.67    M    0 10.4 24 100   M    M  10 1      37 100
11  59  47  53   M  12   0    T    M    0  5.9 10 140   M    M   7 1       M  M
12  69  50  60   M   5   0    T  0.0    0 11.4 17 280   M    M   9 1      32 280
13  59  45  52   M  13   0 0.10    M    0 11.7 20 280   M    M   6 8      35 280
14  45  37  41   M  24   0    T    M    0 14.7 22 310   M    M   9        31 300
15  56  33  45   M  20   0 0.00  0.0    0 11.0 18 290   M    M   6        32 300
16  66  44  55   M  10   0    T    M    0 11.1 22 300   M    M   6 8      39 280
17  57  37  47   M  18   0 0.00  0.0    0  8.8 14  10   M    M   1        31  10
18  58  37  48   M  17   0 0.00  0.0    0  5.7 14 120   M    M   0 8      21 120
19  64  38  51   M  14   0 0.00  0.0    0  8.4 17 180   M    M   0 8       M  M
20  67  39  53   M  12   0 0.00  0.0    0  3.9  9 130   M    M   0         M  M
21  72  46  59   M   6   0 0.00  0.0    0  5.8 13 130   M    M   0         M  M
22  69  51  60   M   5   0 0.00  0.0    0  6.8 13 120   M    M   0         M  M
23  70  48  59   M   6   0 0.00  0.0    0 10.2 23 170   M    M   0        36 170
24  80  50  65   M   0   0 0.21  0.0    0  8.5 20 180   M    M   1         M  M
25  63  54  59   M   6   0 0.23  0.0    0  7.3 14  70   M    M   5 1      21  30
26  82  53  68   M   0   3 0.01  0.0    0  8.2 22 180   M    M   4 128    33 240
27  67  53  60   M   5   0 0.24  0.0    0  3.9  9 120   M    M   5 1       M  M
================================================================================
SM 1696 1164       324   3  1.62     0.0 244.1          M       90
================================================================================
AV 62.8 43.1                               9.0 FASTST   M    M   3    MAX(MPH)
                                 MISC ---->  # 27 350                 39    M
================================================================================
NOTES:
# LAST OF SEVERAL OCCURRENCES

COLUMN 17 PEAK WIND IN M.P.H.

PRELIMINARY LOCAL CLIMATOLOGICAL DATA (WS FORM: F-6) , PAGE 2

                                          STATION:  MANITOWOC AWOS
                                          MONTH:    MAY
                                          YEAR:     2016
                                          LATITUDE:   44  7 N
                                          LONGITUDE:  87 40 W

[TEMPERATURE DATA]      [PRECIPITATION DATA]       SYMBOLS USED IN COLUMN 16

AVERAGE MONTHLY: 53.0   TOTAL FOR MONTH:   1.62    1 = FOG OR MIST
DPTR FM NORMAL:     M   DPTR FM NORMAL:       M    2 = FOG REDUCING VISIBILITY
HIGHEST:    82 ON 26    GRTST 24HR  0.67 ON 10-10      TO 1/4 MILE OR LESS
LOWEST:     33 ON 15                               3 = THUNDER
                        SNOW, ICE PELLETS, HAIL    4 = ICE PELLETS
                        TOTAL MONTH:   0.0 INCH    5 = HAIL
                        GRTST 24HR     0.0         6 = FREEZING RAIN OR DRIZZLE
                        GRTST DEPTH:   0           7 = DUSTSTORM OR SANDSTORM:
                                                       VSBY 1/2 MILE OR LESS
                                                   8 = SMOKE OR HAZE
[NO. OF DAYS WITH]      [WEATHER - DAYS WITH]      9 = BLOWING SNOW
                                                   X = TORNADO
MAX 32 OR BELOW:   0    0.01 INCH OR MORE:   7
MAX 90 OR ABOVE:   0    0.10 INCH OR MORE:   6
MIN 32 OR BELOW:   0    0.50 INCH OR MORE:   1
MIN  0 OR BELOW:   0    1.00 INCH OR MORE:   0

[HDD (BASE 65) ]
TOTAL THIS MO.   324    CLEAR  (SCALE 0-3)  14
DPTR FM NORMAL     M    PTCLDY (SCALE 4-7)  10
TOTAL FM JUL 1  6460    CLOUDY (SCALE 8-10)  3
DPTR FM NORMAL  4665

[CDD (BASE 65) ]
TOTAL THIS MO.     3
DPTR FM NORMAL     M    [PRESSURE DATA]
TOTAL FM JAN 1     3    HIGHEST SLP M ON M
DPTR FM NORMAL     3    LOWEST  SLP M ON M

[REMARKS]
