000
CXUS51 KBTV 230700
CF6MVL
PRELIMINARY LOCAL CLIMATOLOGICAL DATA (WS FORM: F-6)

                                          STATION:   MORRISVILLE VT
                                          MONTH:     MARCH
                                          YEAR:      2017
                                          LATITUDE:   44 31 N
                                          LONGITUDE:  72 37 W

  TEMPERATURE IN F:       :PCPN:    SNOW:  WIND      :SUNSHINE: SKY     :PK WND
================================================================================
1   2   3   4   5  6A  6B    7    8   9   10  11  12  13   14  15   16   17  18
                                     12Z  AVG MX 2MIN
DY MAX MIN AVG DEP HDD CDD  WTR  SNW DPTH SPD SPD DIR MIN PSBL S-S WX    SPD DR
================================================================================

 1  60  41  51  28  14   0 0.15    M    0  5.0 21 220   M    M  10 1      33 200
 2  51  15  33  10  32   0    T    M    0  9.9 20 320   M    M   7        33 260
 3  21   6  14 -10  51   0    T    M    0  8.6 21 330   M    M   7 8      29 300
 4   6   1   4 -20  61   0    T    M    0  9.5 23 340   M    M   7 89     34 330
 5  19   0  10 -14  55   0 0.00  0.0    0  7.4 17 340   M    M   0        25 340
 6  40  -1  20  -5  45   0 0.01    M    0  1.4  8 220   M    M   3 16     11 200
 7  38  31  35  10  30   0 0.07    M    0  5.9 12 200   M    M  10 16      M  M
 8  50  31  41  15  24   0 0.24    M    0  5.8 22 210   M    M   8 1      38 190
 9  41  24  33   7  32   0 0.03    M    0  9.0 22 220   M    M  10 128    34 250
10  26   7  17  -9  48   0    T    M    0  6.4 20 340   M    M   7 8      28 310
11   7  -7   0 -27  65   0    T    M    0 11.1 22 320   M    M   9 8      33 300
12  13   0   7 -20  58   0 0.00    M    0  8.3 18 330   M    M   8        29 300
13  20   2  11 -16  54   0 0.01    M    0  4.9 12  20   M    M   2        16 340
14  20  15  18 -10  47   0    T    M    0 10.4 28  10   M    M   9 12     35 360
15  23  14  19  -9  46   0    T    M    0  5.6 16 300   M    M  10 18     29 320
16  21  11  16 -12  49   0    T    M    0  7.1 20 320   M    M  10 8      32 320
17  30   0  15 -14  50   0 0.00  0.0    0  3.9 16 360   M    M   3 1      20 340
18  38 -11  14 -15  51   0 0.00    M    0  2.1 12 180   M    M   0        15 180
19  42   0  21  -9  44   0    T    M    0  2.7 14 340   M    M   0        18 340
20  45   4  25  -5  40   0 0.00    M    0  3.3 15  10   M    M   2 18     19  10
21  36  27  32   2  33   0 0.04    M    0  2.5  9  10   M    M  10 12     11 360
22  30   1  16 -15  49   0    T    M    0 10.0 26 340   M    M   6 19     36 330
================================================================================
SM  677  211       978   0  0.55     0.0 140.8          M      138
================================================================================
AV 30.8  9.6                               6.4 FASTST   M    M   6    MAX(MPH)
                                 MISC ---->  # 28  10               # 38  190
================================================================================
NOTES:
# LAST OF SEVERAL OCCURRENCES

COLUMN 17 PEAK WIND IN M.P.H.

PRELIMINARY LOCAL CLIMATOLOGICAL DATA (WS FORM: F-6) , PAGE 2

                                          STATION:  MORRISVILLE VT
                                          MONTH:    MARCH
                                          YEAR:     2017
                                          LATITUDE:   44 31 N
                                          LONGITUDE:  72 37 W

[TEMPERATURE DATA]      [PRECIPITATION DATA]       SYMBOLS USED IN COLUMN 16

AVERAGE MONTHLY: 20.2   TOTAL FOR MONTH:   0.55    1 = FOG OR MIST
DPTR FM NORMAL:  -6.6   DPTR FM NORMAL:   -0.54    2 = FOG REDUCING VISIBILITY
HIGHEST:    60 ON  1    GRTST 24HR  0.24 ON  8- 8      TO 1/4 MILE OR LESS
LOWEST:    -11 ON 18                               3 = THUNDER
                        SNOW, ICE PELLETS, HAIL    4 = ICE PELLETS
                        TOTAL MONTH:   0.0 INCH    5 = HAIL
                        GRTST 24HR     0.0         6 = FREEZING RAIN OR DRIZZLE
                        GRTST DEPTH:   0           7 = DUSTSTORM OR SANDSTORM:
                                                       VSBY 1/2 MILE OR LESS
                                                   8 = SMOKE OR HAZE
[NO. OF DAYS WITH]      [WEATHER - DAYS WITH]      9 = BLOWING SNOW
                                                   X = TORNADO
MAX 32 OR BELOW:  12    0.01 INCH OR MORE:   7
MAX 90 OR ABOVE:   0    0.10 INCH OR MORE:   2
MIN 32 OR BELOW:  21    0.50 INCH OR MORE:   0
MIN  0 OR BELOW:   7    1.00 INCH OR MORE:   0

[HDD (BASE 65) ]
TOTAL THIS MO.   978    CLEAR  (SCALE 0-3)   6
DPTR FM NORMAL   140    PTCLDY (SCALE 4-7)   8
TOTAL FM JUL 1  6201    CLOUDY (SCALE 8-10)  8
DPTR FM NORMAL  -597

[CDD (BASE 65) ]
TOTAL THIS MO.     0
DPTR FM NORMAL     0    [PRESSURE DATA]
TOTAL FM JAN 1     0    HIGHEST SLP M ON M
DPTR FM NORMAL     0    LOWEST  SLP 29.23 ON  1

[REMARKS]
