000
CXHW50 PHFO 281250
CF6NGF
PRELIMINARY LOCAL CLIMATOLOGICAL DATA (WS FORM: F-6)

                                          STATION:   KANEOHE BAY MCAS HI
                                          MONTH:     NOVEMBER
                                          YEAR:      2014
                                          LATITUDE:   21 25 N
                                          LONGITUDE: 157 46 W

  TEMPERATURE IN F:       :PCPN:    SNOW:  WIND      :SUNSHINE: SKY     :PK WND
================================================================================
1   2   3   4   5  6A  6B    7    8   9   10  11  12  13   14  15   16   17  18
                                     12Z  AVG MX 2MIN
DY MAX MIN AVG DEP HDD CDD  WTR  SNW DPTH SPD SPD DIR MIN PSBL S-S WX    SPD DR
================================================================================

 1   M   M   M   M   M   M 0.17    M    0  9.7 13  70   M    M   6 1      20  90
 2  85  74  80   3   0  15 0.06  0.0    0 10.2 13  90   M    M   7 1      22 100
 3  85  77  81   4   0  16    T  0.0    0  7.7 12  80   M    M   7        22  90
 4  84  74  79   2   0  14 0.00  0.0    0  6.1 10  60   M    M   4         M  M
 5  84  74  79   2   0  14 0.12  0.0    0  9.0 14  70   M    M   6 1      21  90
 6  84  76  80   3   0  15    T  0.0    0  7.1 10  80   M    M   4         M  M
 7  84  72  78   1   0  13 0.04  0.0    0  4.8 12 290   M    M   5 1       M  M
 8  80  72  76  -1   0  11 0.36  0.0    0 13.7 21  20   M    M   9 1      24  20
 9  81  65  73  -4   0   8 0.00  0.0    0  3.5  9  20   M    M   7         M  M
10  83  66  75  -2   0  10 0.00  0.0    0  3.0 10  20   M    M   4         M  M
11  84  66  75  -2   0  10 0.29  0.0    0  6.1 16  20   M    M   4 1      21  50
12  82  70  76   0   0  11 0.01  0.0    0  3.0  8  20   M    M   5         M  M
13  82  70  76   0   0  11    T  0.0    0  2.6 10 140   M    M   6         M  M
14  85  70  78   2   0  13    T  0.0    0  4.0 10  40   M    M   3         M  M
15  85  70  78   2   0  13 1.16  0.0    0  5.6 10 220   M    M   4 1       M  M
16  82  72  77   1   0  12 0.17  0.0    0 11.5 15  30   M    M   5 1      18  50
17  82  75  79   3   0  14 0.00  0.0    0 11.1 14  50   M    M   5        22  80
18  82  75  79   3   0  14 0.01  0.0    0 11.9 15  50   M    M   5        23  50
19  83  76  80   4   0  15    T  0.0    0 13.0 17  80   M    M   5        29  70
20  83  76  80   4   0  15 0.02  0.0    0 12.3 17  80   M    M   9        25  90
21  82  76  79   3   0  14 0.01  0.0    0  8.9 13  70   M    M   7        21  80
22  84  76  80   4   0  15    T  0.0    0  9.1 13 110   M    M   5        22  70
23  85  68  77   1   0  12 0.00  0.0    0  4.7 12 210   M    M   4         M  M
24  77  70  74  -2   0   9 0.28  0.0    0 11.2 18 360   M    M   8 1      25 330
25  80  70  75  -1   0  10 0.01  0.0    0 11.0 16  30   M    M   9        21  30
26  80  73  77   2   0  12    T  0.0    0 12.5 18  40   M    M   7        24  30
27  80  74  77   2   0  12 0.00  0.0    0 14.6 18  50   M    M   6        25  50
================================================================================
SM 2148 1877         0 328  2.71     0.0 227.9          M      156
================================================================================
AV 82.6 72.2                               8.4 FASTST   M    M   6    MAX(MPH)
                                 MISC ---->    21   M                 29    M
================================================================================
NOTES:
# LAST OF SEVERAL OCCURRENCES

COLUMN 17 PEAK WIND IN M.P.H.

PRELIMINARY LOCAL CLIMATOLOGICAL DATA (WS FORM: F-6) , PAGE 2

                                          STATION:  KANEOHE BAY MCAS HI
                                          MONTH:    NOVEMBER
                                          YEAR:     2014
                                          LATITUDE:   21 25 N
                                          LONGITUDE: 157 46 W

[TEMPERATURE DATA]      [PRECIPITATION DATA]       SYMBOLS USED IN COLUMN 16

AVERAGE MONTHLY: 77.4   TOTAL FOR MONTH:   2.71    1 = FOG OR MIST
DPTR FM NORMAL:   1.1   DPTR FM NORMAL:   -1.57    2 = FOG REDUCING VISIBILITY
HIGHEST:    85 ON 23,15 GRTST 24HR  1.16 ON 15-15      TO 1/4 MILE OR LESS
LOWEST:     65 ON  9                               3 = THUNDER
                        SNOW, ICE PELLETS, HAIL    4 = ICE PELLETS
                        TOTAL MONTH:   0.0 INCH    5 = HAIL
                        GRTST 24HR     0.0         6 = FREEZING RAIN OR DRIZZLE
                        GRTST DEPTH:   0           7 = DUSTSTORM OR SANDSTORM:
                                                       VSBY 1/2 MILE OR LESS
                                                   8 = SMOKE OR HAZE
[NO. OF DAYS WITH]      [WEATHER - DAYS WITH]      9 = BLOWING SNOW
                                                   X = TORNADO
MAX 32 OR BELOW:   0    0.01 INCH OR MORE:  14
MAX 90 OR ABOVE:   0    0.10 INCH OR MORE:   7
MIN 32 OR BELOW:   0    0.50 INCH OR MORE:   1
MIN  0 OR BELOW:   0    1.00 INCH OR MORE:   1

[HDD (BASE 65) ]
TOTAL THIS MO.     0    CLEAR  (SCALE 0-3)   1
DPTR FM NORMAL     0    PTCLDY (SCALE 4-7)  23
TOTAL FM JUL 1     0    CLOUDY (SCALE 8-10)  3
DPTR FM NORMAL     0

[CDD (BASE 65) ]
TOTAL THIS MO.   328
DPTR FM NORMAL    23    [PRESSURE DATA]
TOTAL FM JAN 1  3418    HIGHEST SLP M ON M
DPTR FM NORMAL  -278    LOWEST  SLP M ON M

[REMARKS]
