112
CXUS56 KMTR 231000
CF6NUQ
PRELIMINARY LOCAL CLIMATOLOGICAL DATA (WS FORM: F-6)

                                          STATION:   MOFFETT FIELD
                                          MONTH:     JANUARY
                                          YEAR:      2017
                                          LATITUDE:   37 25 N
                                          LONGITUDE: 122  3 W

  TEMPERATURE IN F:       :PCPN:    SNOW:  WIND      :SUNSHINE: SKY     :PK WND
================================================================================
1   2   3   4   5  6A  6B    7    8   9   10  11  12  13   14  15   16   17  18
                                     12Z  AVG MX 2MIN
DY MAX MIN AVG DEP HDD CDD  WTR  SNW DPTH SPD SPD DIR MIN PSBL S-S WX    SPD DR
================================================================================

 1  54  39  47  -3  18   0 0.01  0.0    0  4.4 15 280   M    M   6        21 280
 2  51  43  47  -3  18   0 0.05    M    0  6.2 13 150   M    M   8        17 140
 3  56  48  52   2  13   0 0.38    M    0 12.2 24 130   M    M  10 1      36 130
 4  57  47  52   2  13   0 0.29  0.0    0  6.4 21 120   M    M  10 1      28 130
 5  51  39  45  -5  20   0 0.01  0.0    0  5.6 15 350   M    M   2 1      17 320
 6  52  32  42  -8  23   0    T  0.0    0  2.7  7  20   M    M   2         9  20
 7  60  45  53   3  12   0 0.28  0.0    0 12.3 26 130   M    M   8 1      38 130
 8  63  57  60  10   5   0 0.94  0.0    0 12.2 29 120   M    M  10 1      40 130
 9  60  51  56   6   9   0 0.17  0.0    0  5.7 14 270   M    M   5 1      20 260
10  60  53  57   7   8   0 0.68  0.0    0  6.7 24 250   M    M  10 13     37 240
11  58  48  53   3  12   0 0.03    M    0  5.2 20 260   M    M   5        27 260
12  52  46  49  -1  16   0 0.13  0.0    0  4.5 12 330   M    M   8 1      15 310
13  56  42  49  -1  16   0 0.00  0.0    0  2.8 10 320   M    M   1        13 330
14  58  35  47  -4  18   0 0.00  0.0    0  3.0 12 360   M    M   0        13 360
15  53  38  46  -5  19   0 0.00  0.0    0  1.8  9  10   M    M   3        12  10
16  56  36  46  -5  19   0 0.00  0.0    0  4.7 18  10   M    M   0 18     22  10
17  54  35  45  -6  20   0 0.00  0.0    0  2.3 10 360   M    M   1 18     12 350
18  54  46  50  -1  15   0 0.57    M    0 11.0 28 140   M    M   8 18     40 130
19  57  47  52   1  13   0 0.13    M    0  6.5 14 150   M    M   6 1      19 140
20  55  47  51   0  14   0 0.81    M    0  7.5 24 150   M    M   8 13     34 140
21  57  44  51   0  14   0 0.08    M    0  7.7 25 140   M    M   7 1      35 150
22  57  46  52   1  13   0 0.61    M    0  7.9 28 140   M    M   8 1      37 150
================================================================================
SM 1231  964       328   0  5.17     0.0 139.3          M      126
================================================================================
AV 56.0 43.8                               6.3 FASTST   M    M   6    MAX(MPH)
                                 MISC ---->  # 29 120               # 40  130
================================================================================
NOTES:
# LAST OF SEVERAL OCCURRENCES

COLUMN 17 PEAK WIND IN M.P.H.

PRELIMINARY LOCAL CLIMATOLOGICAL DATA (WS FORM: F-6) , PAGE 2

                                          STATION:  MOFFETT FIELD
                                          MONTH:    JANUARY
                                          YEAR:     2017
                                          LATITUDE:   37 25 N
                                          LONGITUDE: 122  3 W

[TEMPERATURE DATA]      [PRECIPITATION DATA]       SYMBOLS USED IN COLUMN 16

AVERAGE MONTHLY: 49.9   TOTAL FOR MONTH:   5.17    1 = FOG OR MIST
DPTR FM NORMAL:  -0.5   DPTR FM NORMAL:    3.16    2 = FOG REDUCING VISIBILITY
HIGHEST:    63 ON  8    GRTST 24HR  1.04 ON  7- 8      TO 1/4 MILE OR LESS
LOWEST:     32 ON  6                               3 = THUNDER
                        SNOW, ICE PELLETS, HAIL    4 = ICE PELLETS
                        TOTAL MONTH:   0.0 INCH    5 = HAIL
                        GRTST 24HR     0.0         6 = FREEZING RAIN OR DRIZZLE
                        GRTST DEPTH:   0           7 = DUSTSTORM OR SANDSTORM:
                                                       VSBY 1/2 MILE OR LESS
                                                   8 = SMOKE OR HAZE
[NO. OF DAYS WITH]      [WEATHER - DAYS WITH]      9 = BLOWING SNOW
                                                   X = TORNADO
MAX 32 OR BELOW:   0    0.01 INCH OR MORE:  16
MAX 90 OR ABOVE:   0    0.10 INCH OR MORE:  11
MIN 32 OR BELOW:   1    0.50 INCH OR MORE:   5
MIN  0 OR BELOW:   0    1.00 INCH OR MORE:   0

[HDD (BASE 65) ]
TOTAL THIS MO.   328    CLEAR  (SCALE 0-3)   6
DPTR FM NORMAL     8    PTCLDY (SCALE 4-7)  11
TOTAL FM JUL 1  1074    CLOUDY (SCALE 8-10)  5
DPTR FM NORMAL   -64

[CDD (BASE 65) ]
TOTAL THIS MO.     0
DPTR FM NORMAL     0    [PRESSURE DATA]
TOTAL FM JAN 1     0    HIGHEST SLP M ON M
DPTR FM NORMAL     0    LOWEST  SLP 29.33 ON 20

[REMARKS]
