000
CXUS51 KOKX 290701
CF6NYC
PRELIMINARY LOCAL CLIMATOLOGICAL DATA (WS FORM: F-6)

                                          STATION:   CENTRAL PARK NY
                                          MONTH:     DECEMBER
                                          YEAR:      2014
                                          LATITUDE:   40 46 N
                                          LONGITUDE:  73 58 W

  TEMPERATURE IN F:       :PCPN:    SNOW:  WIND      :SUNSHINE: SKY     :PK WND
================================================================================
1   2   3   4   5  6A  6B    7    8   9   10  11  12  13   14  15   16   17  18
                                     12Z  AVG MX 2MIN
DY MAX MIN AVG DEP HDD CDD  WTR  SNW DPTH SPD SPD DIR MIN PSBL S-S WX    SPD DR
================================================================================

 1  65  42  54  12  11   0 0.09  0.0    0  6.6 14 250   M    M   8        23 250
 2  43  35  39  -3  26   0 0.08  0.0    0  9.2 17  60   M    M   8 18     26  60
 3  46  41  44   2  21   0 0.06  0.0    0  7.7 16 280   M    M   8 18     26 300
 4  45  37  41   0  24   0 0.00  0.0    0  5.8 13 280   M    M   0        19 280
 5  44  34  39  -2  26   0 0.51  0.0    0  6.1 17  60   M    M   7 18     21  60
 6  50  39  45   4  20   0 1.22  0.0    0  4.1 17  10   M    M  10 18     30  20
 7  42  30  36  -4  29   0 0.04  0.0    0 11.8 25  30   M    M   1        40  10
 8  37  24  31  -9  34   0 0.00  0.0    0 11.5 20  70   M    M   7        29  70
 9  42  36  39  -1  26   0 2.54  0.0    0 10.3 22  50   M    M  10 1      32  60
10  40  32  36  -3  29   0 0.08  1.0    0  8.2 16 290   M    M  10 18     24 310
11  38  31  35  -4  30   0 0.01    T    1  7.6 17 270   M    M   9 8      25 260
12  38  32  35  -3  30   0 0.00  0.0    0  8.0 15 300   M    M   9        25 300
13  44  34  39   1  26   0 0.00  0.0    0  8.9 16 300   M    M   3        28 300
14  46  38  42   4  23   0 0.00  0.0    0  6.0 13 310   M    M   4        20 300
15  48  37  43   5  22   0 0.00  0.0    0  2.7  8 250   M    M   0        12 300
16  49  38  44   7  21   0 0.20  0.0    0  3.7 12 110   M    M   6 18     14 150
17  54  42  48  11  17   0 0.02  0.0    0  5.8 16 280   M    M   9 1      26 290
18  42  37  40   3  25   0 0.00  0.0    0  8.7 16 290   M    M   7        28 310
19  38  31  35  -1  30   0 0.00  0.0    0  7.2 14 300   M    M   6        24 310
20  33  30  32  -4  33   0 0.00  0.0    0  4.8 12  40   M    M  10        15  60
21  36  31  34  -2  31   0    T    T    0  4.8  9  10   M    M  10 8      13  10
22  44  35  40   4  25   0 0.04  0.0    0  6.0 12  70   M    M  10 18     16  40
23  46  43  45  10  20   0 0.16  0.0    0  8.2 17  70   M    M  10 1      26  80
24  58  44  51  16  14   0 0.80  0.0    0  5.7 12  70   M    M  10 1      17 180
25  62  44  53  18  12   0 0.09  0.0    0  9.5 20 290   M    M   6 1      32 300
26  50  40  45  11  20   0 0.00  0.0    0  5.9 13 290   M    M   0        18 250
27  55  44  50  16  15   0 0.00  0.0    0  4.4 14 240   M    M   0        25 250
28  54  43  49  15  16   0 0.10  0.0    0  5.8 15 240   M    M   7 18     22 250
================================================================================
SM 1289 1024       656   0  6.04     1.0 195.0          M      185
================================================================================
AV 46.0 36.6                               7.0 FASTST   M    M   7    MAX(MPH)
                                 MISC ---->  # 25  30               # 40   10
================================================================================
NOTES:
# LAST OF SEVERAL OCCURRENCES

COLUMN 17 PEAK WIND IN M.P.H.

PRELIMINARY LOCAL CLIMATOLOGICAL DATA (WS FORM: F-6) , PAGE 2

                                          STATION:  CENTRAL PARK NY
                                          MONTH:    DECEMBER
                                          YEAR:     2014
                                          LATITUDE:   40 46 N
                                          LONGITUDE:  73 58 W

[TEMPERATURE DATA]      [PRECIPITATION DATA]       SYMBOLS USED IN COLUMN 16

AVERAGE MONTHLY: 41.3   TOTAL FOR MONTH:   6.04    1 = FOG OR MIST
DPTR FM NORMAL:   3.4   DPTR FM NORMAL:    2.38    2 = FOG REDUCING VISIBILITY
HIGHEST:    65 ON  1    GRTST 24HR  2.54 ON  9- 9      TO 1/4 MILE OR LESS
LOWEST:     24 ON  8                               3 = THUNDER
                        SNOW, ICE PELLETS, HAIL    4 = ICE PELLETS
                        TOTAL MONTH:   1.0 INCH    5 = HAIL
                        GRTST 24HR   1.0 ON 10-10  6 = FREEZING RAIN OR DRIZZLE
                        GRTST DEPTH:   1 ON 11     7 = DUSTSTORM OR SANDSTORM:
                                                       VSBY 1/2 MILE OR LESS
                                                   8 = SMOKE OR HAZE
[NO. OF DAYS WITH]      [WEATHER - DAYS WITH]      9 = BLOWING SNOW
                                                   X = TORNADO
MAX 32 OR BELOW:   0    0.01 INCH OR MORE:  16
MAX 90 OR ABOVE:   0    0.10 INCH OR MORE:   7
MIN 32 OR BELOW:   8    0.50 INCH OR MORE:   4
MIN  0 OR BELOW:   0    1.00 INCH OR MORE:   2

[HDD (BASE 65) ]
TOTAL THIS MO.   656    CLEAR  (SCALE 0-3)   6
DPTR FM NORMAL  -101    PTCLDY (SCALE 4-7)  11
TOTAL FM JUL 1  1441    CLOUDY (SCALE 8-10) 11
DPTR FM NORMAL  -149

[CDD (BASE 65) ]
TOTAL THIS MO.     0
DPTR FM NORMAL     0    [PRESSURE DATA]
TOTAL FM JAN 1  1128    HIGHEST SLP M ON M
DPTR FM NORMAL    23    LOWEST  SLP 29.48 ON 25

[REMARKS]
