000
CXUS53 KOAX 251000
CF6OAX
PRELIMINARY LOCAL CLIMATOLOGICAL DATA (WS FORM: F-6)

                                          STATION:   VALLEY  NWS, NEBRASKA
                                          MONTH:     SEPTEMBER
                                          YEAR:      2017
                                          LATITUDE:   41 19 N
                                          LONGITUDE:  96 22 W

  TEMPERATURE IN F:       :PCPN:    SNOW:  WIND      :SUNSHINE: SKY     :PK WND
================================================================================
1   2   3   4   5  6A  6B    7    8   9   10  11  12  13   14  15   16   17  18
                                     12Z  AVG MX 2MIN
DY MAX MIN AVG DEP HDD CDD  WTR  SNW DPTH SPD SPD DIR MIN PSBL S-S WX    SPD DR
================================================================================

 1  77  65  71   0   0   6    T  0.0    0   M   M   M   M    M   M        22  M
 2  83  65  74   4   0   9 0.00  0.0    0   M   M   M   M    M   M 1      17  M
 3  87  62  75   5   0  10 0.00  0.0    0   M   M   M   M    M   M 12     23  M
 4  77  61  69  -1   0   4 0.00  0.0    0   M   M   M   M    M   M        21  M
 5  70  51  61  -9   4   0 0.00  0.0    0   M   M   M   M    M   M        33  M
 6  70  46  58 -11   7   0 0.00  0.0    0   M   M   M   M    M   M        21  M
 7  80  49  65  -4   0   0 0.00  0.0    0   M   M   M   M    M   M        16  M
 8  86  57  72   4   0   7 0.00  0.0    0   M   M   M   M    M   M        15  M
 9  82  62  72   4   0   7 0.00  0.0    0   M   M   M   M    M   M        20  M
10  83  67  75   7   0  10 0.01  0.0    0   M   M   M   M    M   M 3      24  M
11  84  63  74   6   0   9 0.00  0.0    0   M   M   M   M    M   M        17  M
12  83  60  72   5   0   7 0.00  0.0    0   M   M   M   M    M   M        14  M
13  85  62  74   7   0   9    T  0.0    0   M   M   M   M    M   M        15  M
14  93  67  80  14   0  15 0.00  0.0    0   M   M   M   M    M   M        31  M
15  92  66  79  13   0  14 0.00  0.0    0   M   M   M   M    M   M        30  M
16  75  56  66   0   0   1 0.36  0.0    0   M   M   M   M    M   M 3      23  M
17  70  48  59  -6   6   0 0.00  0.0    0   M   M   M   M    M   M        18  M
18  74  63  69   4   0   4 1.08  0.0    0   M   M   M   M    M   M 13     22  M
19  87  67  77  13   0  12 0.00  0.0    0   M   M   M   M    M   M 1      35  M
20  79  58  69   5   0   4 0.00  0.0    0   M   M   M   M    M   M        33  M
21  91  58  75  11   0  10 0.00  0.0    0   M   M   M   M    M   M        31  M
22  94  75  85  22   0  20 0.00  0.0    0   M   M   M   M    M   M        32  M
23  90  71  81  18   0  16 0.00  0.0    0   M   M   M   M    M   M        28  M
24  88  62  75  13   0  10 1.40  0.0    0   M   M   M   M    M   M 3      51  M
================================================================================
SM 1980 1461        17 184  2.85     0.0     M          M        M
================================================================================
AV 82.5 60.9                                 M FASTST   M    M   5    MAX(MPH)
                                 MISC ---->     M   M                 51    M
================================================================================
NOTES:
# LAST OF SEVERAL OCCURRENCES

COLUMN 17 PEAK WIND IN M.P.H.

PRELIMINARY LOCAL CLIMATOLOGICAL DATA (WS FORM: F-6) , PAGE 2

                                          STATION:  VALLEY  NWS, NEBRASKA
                                          MONTH:    SEPTEMBER
                                          YEAR:     2017
                                          LATITUDE:   41 19 N
                                          LONGITUDE:  96 22 W

[TEMPERATURE DATA]      [PRECIPITATION DATA]       SYMBOLS USED IN COLUMN 16

AVERAGE MONTHLY: 71.7   TOTAL FOR MONTH:   2.85    1 = FOG OR MIST
DPTR FM NORMAL:   4.9   DPTR FM NORMAL:    0.51    2 = FOG REDUCING VISIBILITY
HIGHEST:    94 ON 22    GRTST 24HR  1.40 ON 24-24      TO 1/4 MILE OR LESS
LOWEST:     46 ON  6                               3 = THUNDER
                        SNOW, ICE PELLETS, HAIL    4 = ICE PELLETS
                        TOTAL MONTH:   0.0 INCH    5 = HAIL
                        GRTST 24HR     0.0         6 = FREEZING RAIN OR DRIZZLE
                        GRTST DEPTH:   0           7 = DUSTSTORM OR SANDSTORM:
                                                       VSBY 1/2 MILE OR LESS
                                                   8 = SMOKE OR HAZE
[NO. OF DAYS WITH]      [WEATHER - DAYS WITH]      9 = BLOWING SNOW
                                                   X = TORNADO
MAX 32 OR BELOW:   0    0.01 INCH OR MORE:   4
MAX 90 OR ABOVE:   5    0.10 INCH OR MORE:   3
MIN 32 OR BELOW:   0    0.50 INCH OR MORE:   2
MIN  0 OR BELOW:   0    1.00 INCH OR MORE:   2

[HDD (BASE 65) ]
TOTAL THIS MO.    17    CLEAR  (SCALE 0-3)   0
DPTR FM NORMAL   -39    PTCLDY (SCALE 4-7)   0
TOTAL FM JUL 1    17    CLOUDY (SCALE 8-10)  0
DPTR FM NORMAL   -45

[CDD (BASE 65) ]
TOTAL THIS MO.   184
DPTR FM NORMAL    86    [PRESSURE DATA]
TOTAL FM JAN 1  1189    HIGHEST SLP M ON M
DPTR FM NORMAL   140    LOWEST  SLP M ON M

[REMARKS]
