000
CXUS54 KMAF 281100
CF6ODO
PRELIMINARY LOCAL CLIMATOLOGICAL DATA (WS FORM: F-6)

                                          STATION:   Odessa Schleymeyer
                                          MONTH:     MARCH
                                          YEAR:      2015
                                          LATITUDE:   31 55 N
                                          LONGITUDE: 102 23 W

  TEMPERATURE IN F:       :PCPN:    SNOW:  WIND      :SUNSHINE: SKY     :PK WND
================================================================================
1   2   3   4   5  6A  6B    7    8   9   10  11  12  13   14  15   16   17  18
                                     12Z  AVG MX 2MIN
DY MAX MIN AVG DEP HDD CDD  WTR  SNW DPTH SPD SPD DIR MIN PSBL S-S WX    SPD DR
================================================================================

 1  39  30  35 -18  30   0 0.00  0.0    0  9.2 18  80   M    M  10 12     21  80
 2  39  31  35 -18  30   0 0.00  0.0    0  8.0 16  50   M    M  10 12     18  50
 3  60  39  50  -4  15   0 0.00  0.0    0  7.3 18 190   M    M   7 128    21 180
 4  55  24  40 -14  25   0 0.14    M    0 13.6 31  40   M    M   8 168    38  30
 5  42  24  33 -21  32   0 0.00  0.0    0  8.1 24  40   M    M   4        28  40
 6  57  24  41 -13  24   0 0.00  0.0    0  7.5 16 210   M    M   0 18     20 200
 7  59  32  46  -9  19   0 0.00  0.0    0  9.4 21 180   M    M   0        25 180
 8  66  42  54  -1  11   0 0.00  0.0    0  6.0 14 150   M    M   3        17 160
 9  57  42  50  -5  15   0    T    M    0  7.7 15  60   M    M   6 12     19  70
10  68  36  52  -4  13   0 0.00  0.0    0  4.7 12 330   M    M   4 12     14 330
11  70  41  56   0   9   0 0.00  0.0    0  7.8 15  70   M    M   0        21 110
12  69  39  54  -2  11   0 0.00  0.0    0  5.4 12 120   M    M   0        16 120
13  72  39  56   0   9   0 0.00  0.0    0  7.6 20  80   M    M   2        24  80
14  69  43  56  -1   9   0 0.00  0.0    0 11.9 25  40   M    M   3        30  30
15  68  36  52  -5  13   0 0.00  0.0    0  7.6 12 140   M    M   0        17 130
16  74  44  59   2   6   0 0.00  0.0    0  8.1 18 150   M    M   1        27 160
17  59  47  53  -5  12   0 0.47    M    0 11.2 23  50   M    M   8 1      27  60
18  64  45  55  -3  10   0 0.00  0.0    0  8.3 15 220   M    M   6 1      20 240
19  75  52  64   6   1   0    T  0.0    0  9.9 18 270   M    M   3 1      22 200
20  61  46  54  -4  11   0 0.43    M    0 10.7 24  40   M    M   8 13     29  40
21  55  49  52  -6  13   0 0.50    M    0  5.4 23  80   M    M   9 1      27  80
22  77  48  63   4   2   0 0.00  0.0    0  7.4 15 250   M    M   3 12     19 310
23  82  49  66   7   0   1 0.00  0.0    0 10.1 24 230   M    M   0        29 200
24  82  54  68   9   0   3 0.00  0.0    0  8.3 20 200   M    M   0        24 190
25  83  50  67   7   0   2 0.00  0.0    0 15.2 38  30   M    M   1 8      49  30
26  63  40  52  -8  13   0 0.00  0.0    0 11.5 33  40   M    M   1 8      44  40
27  78  40  59  -1   6   0 0.00  0.0    0  9.8 20 250   M    M   0        26 220
================================================================================
SM 1743 1086       339   6  1.54     0.0 237.7          M       97
================================================================================
AV 64.6 40.2                               8.8 FASTST   M    M   4    MAX(MPH)
                                 MISC ---->  # 38  30               # 49   30
================================================================================
NOTES:
# LAST OF SEVERAL OCCURRENCES

COLUMN 17 PEAK WIND IN M.P.H.

PRELIMINARY LOCAL CLIMATOLOGICAL DATA (WS FORM: F-6) , PAGE 2

                                          STATION:  Odessa Schleymeyer
                                          MONTH:    MARCH
                                          YEAR:     2015
                                          LATITUDE:   31 55 N
                                          LONGITUDE: 102 23 W

[TEMPERATURE DATA]      [PRECIPITATION DATA]       SYMBOLS USED IN COLUMN 16

AVERAGE MONTHLY: 52.4   TOTAL FOR MONTH:   1.54    1 = FOG OR MIST
DPTR FM NORMAL:  -4.2   DPTR FM NORMAL:    0.99    2 = FOG REDUCING VISIBILITY
HIGHEST:    83 ON 25    GRTST 24HR  0.50 ON 21-21      TO 1/4 MILE OR LESS
LOWEST:     24 ON  6, 5                            3 = THUNDER
                        SNOW, ICE PELLETS, HAIL    4 = ICE PELLETS
                        TOTAL MONTH:   0.0 INCH    5 = HAIL
                        GRTST 24HR     0.0         6 = FREEZING RAIN OR DRIZZLE
                        GRTST DEPTH:   0           7 = DUSTSTORM OR SANDSTORM:
                                                       VSBY 1/2 MILE OR LESS
                                                   8 = SMOKE OR HAZE
[NO. OF DAYS WITH]      [WEATHER - DAYS WITH]      9 = BLOWING SNOW
                                                   X = TORNADO
MAX 32 OR BELOW:   0    0.01 INCH OR MORE:   4
MAX 90 OR ABOVE:   0    0.10 INCH OR MORE:   4
MIN 32 OR BELOW:   6    0.50 INCH OR MORE:   1
MIN  0 OR BELOW:   0    1.00 INCH OR MORE:   0

[HDD (BASE 65) ]
TOTAL THIS MO.   339    CLEAR  (SCALE 0-3)  15
DPTR FM NORMAL    96    PTCLDY (SCALE 4-7)   9
TOTAL FM JUL 1  2531    CLOUDY (SCALE 8-10)  3
DPTR FM NORMAL   181

[CDD (BASE 65) ]
TOTAL THIS MO.     6
DPTR FM NORMAL    -8    [PRESSURE DATA]
TOTAL FM JAN 1     6    HIGHEST SLP M ON M
DPTR FM NORMAL   -11    LOWEST  SLP 29.67 ON  3

[REMARKS]
