000
CXUS53 KOAX 261000
CF6OFK
PRELIMINARY LOCAL CLIMATOLOGICAL DATA (WS FORM: F-6)

                                          STATION:   NORFOLK, NEBRASKA
                                          MONTH:     MAY
                                          YEAR:      2015
                                          LATITUDE:   41 58 N
                                          LONGITUDE:  97 26 W

  TEMPERATURE IN F:       :PCPN:    SNOW:  WIND      :SUNSHINE: SKY     :PK WND
================================================================================
1   2   3   4   5  6A  6B    7    8   9   10  11  12  13   14  15   16   17  18
                                     12Z  AVG MX 2MIN
DY MAX MIN AVG DEP HDD CDD  WTR  SNW DPTH SPD SPD DIR MIN PSBL S-S WX    SPD DR
================================================================================

 1  74  49  62   6   3   0 0.01  0.0    0  7.3 14 130   M    M   5        17 180
 2  85  47  66  10   0   1 0.03  0.0    0 10.9 24 170   M    M   2 3      30 160
 3  89  60  75  19   0  10 0.00  0.0    0 12.7 35  10   M    M   0        39  10
 4  67  55  61   4   4   0 0.06  0.0    0 11.6 21  70   M    M   8        27  40
 5  74  55  65   8   0   0 0.23  0.0    0  9.6 21 150   M    M   7 12     27 150
 6  69  61  65   8   0   0 0.38  0.0    0 16.5 31 150   M    M   9 1      39 150
 7  69  51  60   2   5   0 0.05  0.0    0 13.8 23 160   M    M  10        30 160
 8  66  45  56  -2   9   0 0.00  0.0    0  8.7 16  10   M    M   5 1      22  10
 9  64  43  54  -4  11   0 0.15  0.0    0  9.8 18  70   M    M   8 1      22  80
10  72  42  57  -1   8   0 0.63  0.0    0 16.3 28 250   M    M   8 13     36 250
11  50  40  45 -14  20   0 0.00  0.0    0 18.1 30 300   M    M   8        40 280
12  70  36  53  -6  12   0 0.00  0.0    0 10.4 23 160   M    M   1        31 160
13  74  50  62   2   3   0 0.28  0.0    0 18.4 31 160   M    M   1 1      39 160
14  71  53  62   2   3   0 0.45  0.0    0  8.1 16 130   M    M   8 1      24 120
15  74  55  65   5   0   0    T  0.0    0  9.2 23 130   M    M   3 1      28 130
16  80  63  72  12   0   7 0.01  0.0    0 16.0 28 200   M    M   4        41 210
17  74  52  63   2   2   0 0.18  0.0    0 15.6 29 280   M    M   6 1      38 280
18  59  42  51 -10  14   0 0.00  0.0    0 18.1 31 310   M    M   5        40 310
19  50  36  43 -18  22   0 0.02  0.0    0  9.3 18  20   M    M   6        24  40
20  52  39  46 -16  19   0 0.08  0.0    0  7.5 16  20   M    M   6 1      20 360
21  72  37  55  -7  10   0 0.00  0.0    0  7.0 14 290   M    M   0        19 310
22  67  39  53  -9  12   0 0.18  0.0    0  5.6 23 160   M    M   4        32 160
23  62  53  58  -5   7   0 0.03  0.0    0  7.6 15 130   M    M  10 1      18 120
24  66  55  61  -2   4   0 0.52  0.0    0  4.2 13  90   M    M   9 128    16  80
25  78  55  67   4   0   2    T  0.0    0  7.8 21 200   M    M   6 12     25 200
================================================================================
SM 1728 1213       168  20  3.29     0.0 280.1          M      139
================================================================================
AV 69.1 48.5                              11.2 FASTST   M    M   6    MAX(MPH)
                                 MISC ---->  # 35  10               # 41  210
================================================================================
NOTES:
# LAST OF SEVERAL OCCURRENCES

COLUMN 17 PEAK WIND IN M.P.H.

PRELIMINARY LOCAL CLIMATOLOGICAL DATA (WS FORM: F-6) , PAGE 2

                                          STATION:  NORFOLK, NEBRASKA
                                          MONTH:    MAY
                                          YEAR:     2015
                                          LATITUDE:   41 58 N
                                          LONGITUDE:  97 26 W

[TEMPERATURE DATA]      [PRECIPITATION DATA]       SYMBOLS USED IN COLUMN 16

AVERAGE MONTHLY: 58.8   TOTAL FOR MONTH:   3.29    1 = FOG OR MIST
DPTR FM NORMAL:  -0.7   DPTR FM NORMAL:    0.20    2 = FOG REDUCING VISIBILITY
HIGHEST:    89 ON  3    GRTST 24HR  0.78 ON  9-10      TO 1/4 MILE OR LESS
LOWEST:     36 ON 19,12                            3 = THUNDER
                        SNOW, ICE PELLETS, HAIL    4 = ICE PELLETS
                        TOTAL MONTH:   0.0 INCH    5 = HAIL
                        GRTST 24HR     0.0         6 = FREEZING RAIN OR DRIZZLE
                        GRTST DEPTH:   0           7 = DUSTSTORM OR SANDSTORM:
                                                       VSBY 1/2 MILE OR LESS
                                                   8 = SMOKE OR HAZE
[NO. OF DAYS WITH]      [WEATHER - DAYS WITH]      9 = BLOWING SNOW
                                                   X = TORNADO
MAX 32 OR BELOW:   0    0.01 INCH OR MORE:  17
MAX 90 OR ABOVE:   0    0.10 INCH OR MORE:   9
MIN 32 OR BELOW:   0    0.50 INCH OR MORE:   2
MIN  0 OR BELOW:   0    1.00 INCH OR MORE:   0

[HDD (BASE 65) ]
TOTAL THIS MO.   168    CLEAR  (SCALE 0-3)   6
DPTR FM NORMAL    -2    PTCLDY (SCALE 4-7)  14
TOTAL FM JUL 1  6268    CLOUDY (SCALE 8-10)  5
DPTR FM NORMAL  -325

[CDD (BASE 65) ]
TOTAL THIS MO.    20
DPTR FM NORMAL   -14    [PRESSURE DATA]
TOTAL FM JAN 1    25    HIGHEST SLP M ON M
DPTR FM NORMAL   -21    LOWEST  SLP 29.56 ON 17

[REMARKS]
