691
CXUS56 KSGX 281445
CF6OKB
PRELIMINARY LOCAL CLIMATOLOGICAL DATA (WS FORM: F-6)

                                          STATION:   OCEANSIDE AIRPORT CA
                                          MONTH:     MARCH
                                          YEAR:      2017
                                          LATITUDE:   33 13 N
                                          LONGITUDE: 117 21 W

  TEMPERATURE IN F:       :PCPN:    SNOW:  WIND      :SUNSHINE: SKY     :PK WND
================================================================================
1   2   3   4   5  6A  6B    7    8   9   10  11  12  13   14  15   16   17  18
                                     12Z  AVG MX 2MIN
DY MAX MIN AVG DEP HDD CDD  WTR  SNW DPTH SPD SPD DIR MIN PSBL S-S WX    SPD DR
================================================================================

 1  68  45  57   2   8   0 0.00  0.0    0  5.0 15 290   M    M   0        18 290
 2  77  42  60   5   5   0 0.00  0.0    0  5.0 15 270   M    M   0        19 260
 3  77  43  60   5   5   0 0.00  0.0    0  4.0 13 270   M    M   0        16 280
 4  64  40  52  -3  13   0 0.00  0.0    0  3.1 12 240   M    M   1        15 250
 5  63  45  54  -1  11   0 0.04  0.0    0  5.2 16 280   M    M   7 1      22 270
 6  60  38  49  -6  16   0 0.00  0.0    0  4.2 17 260   M    M   0 1      23 270
 7  67  39  53  -2  12   0 0.00  0.0    0  3.6 13 280   M    M   0        17 290
 8  73  43  58   3   7   0 0.00  0.0    0  3.5 12 240   M    M   0        15 250
 9  78  45  62   7   3   0 0.00  0.0    0  2.7 13 240   M    M   0        16 270
10  75  45  60   5   5   0 0.00  0.0    0  3.4 13 250   M    M   0 1      16 260
11  70  45  58   3   7   0 0.00  0.0    0  3.9 14 240   M    M   2 12     16 250
12  66  51  59   4   6   0 0.00  0.0    0  5.0 13 260   M    M   7 128    16 240
13  68  48  58   3   7   0 0.00  0.0    0  4.2 12 240   M    M   5 128    17 100
14  77  47  62   7   3   0 0.00  0.0    0  4.1 15 260   M    M   2 128    17 250
15  75  51  63   7   2   0 0.00  0.0    0  4.7 15 260   M    M   0 18     18 260
16  68  51  60   4   5   0 0.00  0.0    0  4.0 13 240   M    M   5 128    17 240
17  67  51  59   3   6   0 0.00  0.0    0  4.3 13 250   M    M   6 128    17 260
18  69  52  61   5   4   0 0.00  0.0    0  3.5 14 260   M    M   5 18     17 250
19  66  53  60   4   5   0 0.00  0.0    0  5.0 16 240   M    M   6 128    20 250
20  66  50  58   2   7   0 0.00  0.0    0  3.8 13 250   M    M   7        16 250
21  70  48  59   3   6   0    T    M    0  3.6 12 250   M    M   7 1      15 270
22  68  57  63   7   2   0 0.02  0.0    0  8.3 18 250   M    M   7 1      23 250
23  66  46  56   0   9   0    T    M    0  7.3 16 240   M    M   2        22 260
24  67  43  55  -1  10   0 0.00  0.0    0  5.6 20 260   M    M   0        24 260
25  68  47  58   2   7   0    T    M    0  4.7 15 230   M    M   5        19 250
26  68  49  59   3   6   0    T    M    0  4.1 15 260   M    M   4 1      18 240
27  68  50  59   3   6   0 0.00  0.0    0  3.5 15 250   M    M   6        20 230
================================================================================
SM 1869 1264       183   0  0.06     0.0 119.3          M       84
================================================================================
AV 69.2 46.8                               4.4 FASTST   M    M   3    MAX(MPH)
                                 MISC ---->  # 20 260               # 24  260
================================================================================
NOTES:
# LAST OF SEVERAL OCCURRENCES

COLUMN 17 PEAK WIND IN M.P.H.

PRELIMINARY LOCAL CLIMATOLOGICAL DATA (WS FORM: F-6) , PAGE 2

                                          STATION:  OCEANSIDE AIRPORT CA
                                          MONTH:    MARCH
                                          YEAR:     2017
                                          LATITUDE:   33 13 N
                                          LONGITUDE: 117 21 W

[TEMPERATURE DATA]      [PRECIPITATION DATA]       SYMBOLS USED IN COLUMN 16

AVERAGE MONTHLY: 58.0   TOTAL FOR MONTH:   0.06    1 = FOG OR MIST
DPTR FM NORMAL:   2.5   DPTR FM NORMAL:   -2.00    2 = FOG REDUCING VISIBILITY
HIGHEST:    78 ON  9    GRTST 24HR  0.04 ON  5- 5      TO 1/4 MILE OR LESS
LOWEST:     38 ON  6                               3 = THUNDER
                        SNOW, ICE PELLETS, HAIL    4 = ICE PELLETS
                        TOTAL MONTH:   0.0 INCH    5 = HAIL
                        GRTST 24HR     0.0         6 = FREEZING RAIN OR DRIZZLE
                        GRTST DEPTH:   0           7 = DUSTSTORM OR SANDSTORM:
                                                       VSBY 1/2 MILE OR LESS
                                                   8 = SMOKE OR HAZE
[NO. OF DAYS WITH]      [WEATHER - DAYS WITH]      9 = BLOWING SNOW
                                                   X = TORNADO
MAX 32 OR BELOW:   0    0.01 INCH OR MORE:   2
MAX 90 OR ABOVE:   0    0.10 INCH OR MORE:   0
MIN 32 OR BELOW:   0    0.50 INCH OR MORE:   0
MIN  0 OR BELOW:   0    1.00 INCH OR MORE:   0

[HDD (BASE 65) ]
TOTAL THIS MO.   183    CLEAR  (SCALE 0-3)  14
DPTR FM NORMAL   -75    PTCLDY (SCALE 4-7)  13
TOTAL FM JUL 1  1198    CLOUDY (SCALE 8-10)  0
DPTR FM NORMAL  -468

[CDD (BASE 65) ]
TOTAL THIS MO.     0
DPTR FM NORMAL     0    [PRESSURE DATA]
TOTAL FM JAN 1     0    HIGHEST SLP M ON M
DPTR FM NORMAL     0    LOWEST  SLP 29.88 ON 27

[REMARKS]
