000
CXUS54 KOUN 190700
CF6OKC
PRELIMINARY LOCAL CLIMATOLOGICAL DATA (WS FORM: F-6)

                                          STATION:   OKLAHOMA CITY
                                          MONTH:     JANUARY
                                          YEAR:      2017
                                          LATITUDE:   35 24 N
                                          LONGITUDE:  97 36 W

  TEMPERATURE IN F:       :PCPN:    SNOW:  WIND      :SUNSHINE: SKY     :PK WND
================================================================================
1   2   3   4   5  6A  6B    7    8   9   10  11  12  13   14  15   16   17  18
                                     12Z  AVG MX 2MIN
DY MAX MIN AVG DEP HDD CDD  WTR  SNW DPTH SPD SPD DIR MIN PSBL S-S WX    SPD DR
================================================================================

 1  60  32  46   7  19   0 0.00  0.0    0  9.5 21 160   M    M   4 1      26 140
 2  68  42  55  16  10   0 0.02  0.0    0 10.2 18 220   M    M   8 123    24 160
 3  48  27  38  -1  27   0    T  0.0    0 21.2 32 340   M    M  10 18     38 350
 4  36  21  29 -10  36   0 0.00  0.0    0 10.2 21  20   M    M   7        26  20
 5  26  15  21 -18  44   0 0.01  0.1    0 17.1 24 350   M    M   9        31 360
 6  18   1  10 -29  55   0 0.12  1.6    2  8.1 18  20   M    M   8 1      21  20
 7  33  -3  15 -24  50   0 0.00  0.0    1  5.6 13 240   M    M   1 1      14 230
 8  45  15  30  -9  35   0 0.00  0.0    T 11.8 29 180   M    M   4        37 180
 9  60  26  43   4  22   0 0.00  0.0    0 16.4 28 190   M    M   6        36 190
10  69  37  53  14  12   0 0.00  0.0    0 13.3 30 220   M    M   7        40 200
11  79  37  58  19   7   0 0.00  0.0    0 17.0 33 210   M    M   7        39 210
12  66  23  45   6  20   0 0.00  0.0    0 16.3 26 340   M    M   8        31 350
13  35  27  31  -8  34   0 0.03  0.0    0 12.4 18  30   M    M  10 16     21 360
14  32  28  30  -9  35   0 0.09  0.0    0 10.6 17 360   M    M   8 16     20 360
15  46  32  39   0  26   0 1.24  0.0    0  8.9 17 250   M    M   9 16     22 260
16  50  36  43   4  22   0 0.04  0.0    0 12.6 24 230   M    M   8 1      30 230
17  54  33  44   5  21   0    T  0.0    0  7.1 16 360   M    M   6        20 340
18  56  38  47   8  18   0 0.00  0.0    0  5.2  9 180   M    M   9        11 180
================================================================================
SM  881  467       493   0  1.55     1.7 213.5          M      129
================================================================================
AV 48.9 25.9                              11.9 FASTST   M    M   7    MAX(MPH)
                                 MISC ---->  # 33 210               # 40  200
================================================================================
NOTES:
# LAST OF SEVERAL OCCURRENCES

COLUMN 17 PEAK WIND IN M.P.H.

PRELIMINARY LOCAL CLIMATOLOGICAL DATA (WS FORM: F-6) , PAGE 2

                                          STATION:  OKLAHOMA CITY
                                          MONTH:    JANUARY
                                          YEAR:     2017
                                          LATITUDE:   35 24 N
                                          LONGITUDE:  97 36 W

[TEMPERATURE DATA]      [PRECIPITATION DATA]       SYMBOLS USED IN COLUMN 16

AVERAGE MONTHLY: 37.4   TOTAL FOR MONTH:   1.55    1 = FOG OR MIST
DPTR FM NORMAL:  -1.6   DPTR FM NORMAL:    0.81    2 = FOG REDUCING VISIBILITY
HIGHEST:    79 ON 11    GRTST 24HR  1.27 ON 15-16      TO 1/4 MILE OR LESS
LOWEST:     -3 ON  7                               3 = THUNDER
                        SNOW, ICE PELLETS, HAIL    4 = ICE PELLETS
                        TOTAL MONTH:   1.7 INCHES  5 = HAIL
                        GRTST 24HR   1.6 ON   M    6 = FREEZING RAIN OR DRIZZLE
                        GRTST DEPTH:   2 ON  6     7 = DUSTSTORM OR SANDSTORM:
                                                       VSBY 1/2 MILE OR LESS
                                                   8 = SMOKE OR HAZE
[NO. OF DAYS WITH]      [WEATHER - DAYS WITH]      9 = BLOWING SNOW
                                                   X = TORNADO
MAX 32 OR BELOW:   3    0.01 INCH OR MORE:   7
MAX 90 OR ABOVE:   0    0.10 INCH OR MORE:   2
MIN 32 OR BELOW:  12    0.50 INCH OR MORE:   1
MIN  0 OR BELOW:   1    1.00 INCH OR MORE:   1

[HDD (BASE 65) ]
TOTAL THIS MO.   493    CLEAR  (SCALE 0-3)   1
DPTR FM NORMAL    25    PTCLDY (SCALE 4-7)  11
TOTAL FM JUL 1  1599    CLOUDY (SCALE 8-10)  6
DPTR FM NORMAL  -224

[CDD (BASE 65) ]
TOTAL THIS MO.     0
DPTR FM NORMAL     0    [PRESSURE DATA]
TOTAL FM JAN 1     0    HIGHEST SLP M ON M
DPTR FM NORMAL     0    LOWEST  SLP 29.63 ON 10

[REMARKS]
