000
CXUS55 KGGW 190800
CF6OLF
PRELIMINARY LOCAL CLIMATOLOGICAL DATA (WS FORM: F-6)

                                          STATION:   WOLF POINT MT
                                          MONTH:     AUGUST
                                          YEAR:      2017
                                          LATITUDE:   48  5 N
                                          LONGITUDE: 105 35 W

  TEMPERATURE IN F:       :PCPN:    SNOW:  WIND      :SUNSHINE: SKY     :PK WND
================================================================================
1   2   3   4   5  6A  6B    7    8   9   10  11  12  13   14  15   16   17  18
                                     12Z  AVG MX 2MIN
DY MAX MIN AVG DEP HDD CDD  WTR  SNW DPTH SPD SPD DIR MIN PSBL S-S WX    SPD DR
================================================================================

 1  88  60  74   2   0   9 0.00  0.0    0 13.1 26  60   M    M   1        33  70
 2  78  54  66  -6   0   1 0.32  0.0    0 11.0 25 350   M    M   5 13     30 360
 3  79  45  62 -10   3   0 0.00  0.0    0  2.4  9 220   M    M   0        13 220
 4  83  52  68  -4   0   3 0.00  0.0    0  9.0 18  80   M    M   2        25  80
 5  72  59  66  -6   0   1    T  0.0    0 14.7 30  60   M    M   8        36  70
 6  76  51  64  -8   1   0 0.09  0.0    0  3.5 13  50   M    M   6 1      20  10
 7  84  44  64  -8   1   0 0.00  0.0    0  4.0 13 190   M    M   0        18 180
 8  86  52  69  -3   0   4 0.00  0.0    0  6.4 25  10   M    M   1        31 360
 9  77  51  64  -7   1   0 0.00  0.0    0  9.7 23  20   M    M   4        29  40
10  81  47  64  -7   1   0 0.00  0.0    0  3.9 12 100   M    M   2 1      16 130
11  86  50  68  -3   0   3 0.06  0.0    0  8.6 26 340   M    M   2 3      34 340
12  82  56  69  -2   0   4 0.00  0.0    0  9.0 20  80   M    M   2        25  60
13  82  53  68  -2   0   3 0.00  0.0    0  9.5 17 110   M    M   4 1      23 130
14  74  56  65  -5   0   0 0.07  0.0    0  6.8 16 150   M    M   4 1      27 160
15  81  53  67  -3   0   2 0.01  0.0    0  4.0 13  40   M    M   5 123    15 270
16  90  47  69  -1   0   4 0.00  0.0    0  6.3 17  80   M    M   0        22  80
17  92  49  71   2   0   6    T    M    0  7.4 31 350   M    M   0 8      39 330
18  91  49  70   1   0   5 0.00  0.0    0  4.6 10 130   M    M   0 8      17 140
================================================================================
SM 1482  928         7  45  0.55     0.0 133.9          M       46
================================================================================
AV 82.3 51.6                               7.4 FASTST   M    M   3    MAX(MPH)
                                 MISC ---->  # 31 350               # 39  330
================================================================================
NOTES:
# LAST OF SEVERAL OCCURRENCES

COLUMN 17 PEAK WIND IN M.P.H.

PRELIMINARY LOCAL CLIMATOLOGICAL DATA (WS FORM: F-6) , PAGE 2

                                          STATION:  WOLF POINT MT
                                          MONTH:    AUGUST
                                          YEAR:     2017
                                          LATITUDE:   48  5 N
                                          LONGITUDE: 105 35 W

[TEMPERATURE DATA]      [PRECIPITATION DATA]       SYMBOLS USED IN COLUMN 16

AVERAGE MONTHLY: 66.9   TOTAL FOR MONTH:   0.55    1 = FOG OR MIST
DPTR FM NORMAL:  -4.1   DPTR FM NORMAL:   -0.33    2 = FOG REDUCING VISIBILITY
HIGHEST:    92 ON 17    GRTST 24HR  0.32 ON  2- 2      TO 1/4 MILE OR LESS
LOWEST:     44 ON  7                               3 = THUNDER
                        SNOW, ICE PELLETS, HAIL    4 = ICE PELLETS
                        TOTAL MONTH:   0.0 INCH    5 = HAIL
                        GRTST 24HR     0.0         6 = FREEZING RAIN OR DRIZZLE
                        GRTST DEPTH:   0           7 = DUSTSTORM OR SANDSTORM:
                                                       VSBY 1/2 MILE OR LESS
                                                   8 = SMOKE OR HAZE
[NO. OF DAYS WITH]      [WEATHER - DAYS WITH]      9 = BLOWING SNOW
                                                   X = TORNADO
MAX 32 OR BELOW:   0    0.01 INCH OR MORE:   5
MAX 90 OR ABOVE:   3    0.10 INCH OR MORE:   1
MIN 32 OR BELOW:   0    0.50 INCH OR MORE:   0
MIN  0 OR BELOW:   0    1.00 INCH OR MORE:   0

[HDD (BASE 65) ]
TOTAL THIS MO.     7    CLEAR  (SCALE 0-3)  11
DPTR FM NORMAL    -7    PTCLDY (SCALE 4-7)   7
TOTAL FM JUL 1     7    CLOUDY (SCALE 8-10)  0
DPTR FM NORMAL   -27

[CDD (BASE 65) ]
TOTAL THIS MO.    45
DPTR FM NORMAL   -74    [PRESSURE DATA]
TOTAL FM JAN 1   526    HIGHEST SLP M ON M
DPTR FM NORMAL   154    LOWEST  SLP 29.71 ON 18

[REMARKS]
