000
CXUS55 KTWC 180855
CF6OLS
PRELIMINARY LOCAL CLIMATOLOGICAL DATA (WS FORM: F-6)

                                          STATION:   NOGALES AZ AIRPORT
                                          MONTH:     NOVEMBER
                                          YEAR:      2017
                                          LATITUDE:   31 25 N
                                          LONGITUDE: 110 51 W

  TEMPERATURE IN F:       :PCPN:    SNOW:  WIND      :SUNSHINE: SKY     :PK WND
================================================================================
1   2   3   4   5  6A  6B    7    8   9   10  11  12  13   14  15   16   17  18
                                     12Z  AVG MX 2MIN
DY MAX MIN AVG DEP HDD CDD  WTR  SNW DPTH SPD SPD DIR MIN PSBL S-S WX    SPD DR
================================================================================

 1  78  47  63   3   2   0 0.00  0.0    M  6.1 17 210   M    M   M        22 220
 2  78  51  65   5   0   0 0.00  0.0    M  6.1 17 220   M    M   M        22 200
 3  82  46  64   4   1   0 0.00  0.0    M  4.5 13 220   M    M   M        17 220
 4  75  54  65   5   0   0 0.00  0.0    0  6.5 20 170   M    M   M        24 160
 5  80  49  65   6   0   0 0.00  0.0    M  3.7 17 230   M    M   M        23 240
 6  83  46  65   6   0   0 0.00  0.0    M  3.2 13 210   M    M   M        17 210
 7  79  51  65   6   0   0 0.09  0.0    M  5.0 17 340   M    M   M 1      26 330
 8  76  48  62   4   3   0    T    M    M  4.2 12 280   M    M   M        17 290
 9  82  48  65   7   0   0 0.00  0.0    M  3.6 10  80   M    M   M        13 320
10  85  44  65   7   0   0 0.00  0.0    M  3.6 16 210   M    M   M        21 210
11  84  47  66   8   0   1 0.00  0.0    M  2.8 12 280   M    M   M        16 290
12  87  45  66   9   0   1 0.00  0.0    M  2.6 10 220   M    M   M        16 180
13  89  45  67  10   0   2 0.00  0.0    M  3.2 12 320   M    M   M        17 330
14  88  47  68  11   0   3 0.00  0.0    M  2.2 12 300   M    M   M        16 300
15  87  43  65   9   0   0 0.00  0.0    M  2.5 10 270   M    M   M        14 240
16  87  44  66  10   0   1 0.00  0.0    M  3.0 13 270   M    M   M        18 270
17  81  45  63   7   2   0 0.00  0.0    M  4.6 20 230   M    M   M        24 240
================================================================================
SM 1401  800         8   8  0.09     0.0  67.4          M        M
================================================================================
AV 82.4 47.1                               4.0 FASTST   M    M -nan   MAX(MPH)
                                 MISC ---->  # 20 170               # 26  330
================================================================================
NOTES:
# LAST OF SEVERAL OCCURRENCES

COLUMN 17 PEAK WIND IN M.P.H.

PRELIMINARY LOCAL CLIMATOLOGICAL DATA (WS FORM: F-6) , PAGE 2

                                          STATION:  NOGALES AZ AIRPORT
                                          MONTH:    NOVEMBER
                                          YEAR:     2017
                                          LATITUDE:   31 25 N
                                          LONGITUDE: 110 51 W

[TEMPERATURE DATA]      [PRECIPITATION DATA]       SYMBOLS USED IN COLUMN 16

AVERAGE MONTHLY: 64.7   TOTAL FOR MONTH:   0.09    1 = FOG OR MIST
DPTR FM NORMAL:   6.6   DPTR FM NORMAL:   -0.27    2 = FOG REDUCING VISIBILITY
HIGHEST:    89 ON 13    GRTST 24HR  0.09 ON  7- 7      TO 1/4 MILE OR LESS
LOWEST:     43 ON 15                               3 = THUNDER
                        SNOW, ICE PELLETS, HAIL    4 = ICE PELLETS
                        TOTAL MONTH:   0.0 INCH    5 = HAIL
                        GRTST 24HR     0.0         6 = FREEZING RAIN OR DRIZZLE
                        GRTST DEPTH:   0           7 = DUSTSTORM OR SANDSTORM:
                                                       VSBY 1/2 MILE OR LESS
                                                   8 = SMOKE OR HAZE
[NO. OF DAYS WITH]      [WEATHER - DAYS WITH]      9 = BLOWING SNOW
                                                   X = TORNADO
MAX 32 OR BELOW:   0    0.01 INCH OR MORE:   1
MAX 90 OR ABOVE:   0    0.10 INCH OR MORE:   0
MIN 32 OR BELOW:   0    0.50 INCH OR MORE:   0
MIN  0 OR BELOW:   0    1.00 INCH OR MORE:   0

[HDD (BASE 65) ]
TOTAL THIS MO.     8    CLEAR  (SCALE 0-3)   0
DPTR FM NORMAL  -113    PTCLDY (SCALE 4-7)   0
TOTAL FM JUL 1    13    CLOUDY (SCALE 8-10)  0
DPTR FM NORMAL  -176

[CDD (BASE 65) ]
TOTAL THIS MO.     8
DPTR FM NORMAL     4    [PRESSURE DATA]
TOTAL FM JAN 1  2174    HIGHEST SLP M ON M
DPTR FM NORMAL   336    LOWEST  SLP 29.79 ON  1

[REMARKS]
