000
CXUS53 KARX 260930
CF6OLZ
PRELIMINARY LOCAL CLIMATOLOGICAL DATA (WS FORM: F-6)

                                          STATION:   OELWEIN IA
                                          MONTH:     FEBRUARY
                                          YEAR:      2017
                                          LATITUDE:   42 40 N
                                          LONGITUDE:  91 58 W

  TEMPERATURE IN F:       :PCPN:    SNOW:  WIND      :SUNSHINE: SKY     :PK WND
================================================================================
1   2   3   4   5  6A  6B    7    8   9   10  11  12  13   14  15   16   17  18
                                     12Z  AVG MX 2MIN
DY MAX MIN AVG DEP HDD CDD  WTR  SNW DPTH SPD SPD DIR MIN PSBL S-S WX    SPD DR
================================================================================

 1  32  16  24   M  41   0 0.00  0.0    2 14.2 20 320   M    M   5        28 320
 2  18  10  14   M  51   0    T    T    2 13.4 20 290   M    M   4        25 310
 3  21  10  16   M  49   0 0.00  0.0    2 10.0 15 300   M    M   3        20 290
 4  32  12  22   M  43   0 0.00  0.0    2 15.9 28 180   M    M   3        31 180
 5  30  19  25   M  40   0 0.00  0.0    2 10.1 22 310   M    M   4        30 310
 6  43  19  31   M  34   0 0.00  0.0    1  8.6 13 150   M    M   2 1       M  M
 7  37  21  29   M  36   0 0.00  0.0    0 15.7 28 300   M    M  10 12     35 310
 8  21  14  18   M  47   0 0.00  0.0    0 16.5 20 340   M    M   5        28 330
 9  23   7  15   M  50   0 0.00  0.0    M 13.2 21 310   M    M   2        25 180
10  46  18  32   M  33   0 0.00  0.0    M 13.2 21 170   M    M   2        33 170
11  43  36  40   M  25   0 0.00  0.0    M  4.7 12 350   M    M   6         M  M
12  37  28  33   M  32   0 0.01    M    M 16.3 31 300   M    M   3 1      41 310
13  46  25  36   M  29   0 0.00  0.0    M 10.4 18 220   M    M   0        25 220
14  43  32  38   M  27   0 0.00  0.0    0 16.0 23 300   M    M   0        30 300
15  34  25  30   M  35   0 0.00  0.0    0 11.9 18 340   M    M   0        27 340
16  45  27  36   M  29   0 0.00  0.0    0 11.1 20 140   M    M   1        24 150
17  63  32  48   M  17   0 0.00  0.0    0 10.1 16 190   M    M   0         M  M
18  57  32  45   M  20   0 0.00  0.0    0  6.0  9 290   M    M   0         M  M
19  63  32  48   M  17   0 0.00  0.0    0  9.1 14 130   M    M   0         M  M
20  55  46  51   M  14   0 0.31  0.0    0 14.6 18 140   M    M   9 1      24 300
21  59  30  45   M  20   0 0.00  0.0    0  6.2 12 170   M    M   4 12      M  M
22  68  39  54   M  11   0 0.00  0.0    0 11.2 18 260   M    M   1         M  M
23  45  34  40   M  25   0 0.33    M    M 15.6 27  50   M    M   8        35  60
24  34  21  28   M  37   0    M    M    M 21.8 31  60   M    M   9 1      41  60
25  25  14  20   M  45   0999.00   M    M 16.3 27 320   M    M   3        33 320
================================================================================
SM 1020  599       807   0999.65    T    312.1          M       84
================================================================================
AV 40.8 24.0                              12.5 FASTST   M    M   3    MAX(MPH)
                                 MISC ---->    31   M                 41    M
================================================================================
NOTES:
# LAST OF SEVERAL OCCURRENCES

COLUMN 17 PEAK WIND IN M.P.H.

PRELIMINARY LOCAL CLIMATOLOGICAL DATA (WS FORM: F-6) , PAGE 2

                                          STATION:  OELWEIN IA
                                          MONTH:    FEBRUARY
                                          YEAR:     2017
                                          LATITUDE:   42 40 N
                                          LONGITUDE:  91 58 W

[TEMPERATURE DATA]      [PRECIPITATION DATA]       SYMBOLS USED IN COLUMN 16

AVERAGE MONTHLY: 32.4   TOTAL FOR MONTH: 999.65    1 = FOG OR MIST
DPTR FM NORMAL:     M   DPTR FM NORMAL:       M    2 = FOG REDUCING VISIBILITY
HIGHEST:    68 ON 22    GRTST 24HR 999.00ON 25-25      TO 1/4 MILE OR LESS
LOWEST:      7 ON  9                               3 = THUNDER
                        SNOW, ICE PELLETS, HAIL    4 = ICE PELLETS
                        TOTAL MONTH:    T          5 = HAIL
                        GRTST 24HR    T  ON  2- 2  6 = FREEZING RAIN OR DRIZZLE
                        GRTST DEPTH:   2 ON  5, 4  7 = DUSTSTORM OR SANDSTORM:
                                                       VSBY 1/2 MILE OR LESS
                                                   8 = SMOKE OR HAZE
[NO. OF DAYS WITH]      [WEATHER - DAYS WITH]      9 = BLOWING SNOW
                                                   X = TORNADO
MAX 32 OR BELOW:   8    0.01 INCH OR MORE:   4
MAX 90 OR ABOVE:   0    0.10 INCH OR MORE:   3
MIN 32 OR BELOW:  21    0.50 INCH OR MORE:   1
MIN  0 OR BELOW:   0    1.00 INCH OR MORE:   1

[HDD (BASE 65) ]
TOTAL THIS MO.   807    CLEAR  (SCALE 0-3)  14
DPTR FM NORMAL     M    PTCLDY (SCALE 4-7)   7
TOTAL FM JUL 1  4472    CLOUDY (SCALE 8-10)  4
DPTR FM NORMAL     M

[CDD (BASE 65) ]
TOTAL THIS MO.     0
DPTR FM NORMAL     M    [PRESSURE DATA]
TOTAL FM JAN 1     0    HIGHEST SLP M ON M
DPTR FM NORMAL     M    LOWEST  SLP M ON M

[REMARKS]
