000
CXUS53 KARX 310930
CF6OLZ
PRELIMINARY LOCAL CLIMATOLOGICAL DATA (WS FORM: F-6)

                                          STATION:   OELWEIN IA
                                          MONTH:     OCTOBER
                                          YEAR:      2014
                                          LATITUDE:   42 40 N
                                          LONGITUDE:  91 58 W

  TEMPERATURE IN F:       :PCPN:    SNOW:  WIND      :SUNSHINE: SKY     :PK WND
================================================================================
1   2   3   4   5  6A  6B    7    8   9   10  11  12  13   14  15   16   17  18
                                     12Z  AVG MX 2MIN
DY MAX MIN AVG DEP HDD CDD  WTR  SNW DPTH SPD SPD DIR MIN PSBL S-S WX    SPD DR
================================================================================

 1  72  50  61   M   4   0 0.00  0.0    0 10.9 17 140   M    M   8        25 130
 2  70  54  62   M   3   0 0.78  0.0    0  6.8 24 320   M    M  10 12     36 340
 3  54  37  46   M  19   0 0.00  0.0    0 19.4 28 300   M    M   9        39 310
 4  52  34  43   M  22   0    M    T    0 15.9 25 300   M    M   7        33 300
 5  54  32  43   M  22   0 0.00  0.0    0  6.4 16 280   M    M   9        23 260
 6  61  36  49   M  16   0 0.00  0.0    0  9.3 18 280   M    M   3        24 270
 7  64  41  53   M  12   0    T  0.0    0 10.5 22 300   M    M   7        30 320
 8  68  36  52   M  13   0 0.00  0.0    0 10.5 21 290   M    M   2        32 290
 9  59  39  49   M  16   0 0.00  0.0    0  6.2 12 350   M    M   6 8       M  M
10  55  32  44   M  21   0 0.00  0.0    0  6.2 10  70   M    M   0        13  40
11  59  32  46   M  19   0 0.00  0.0    0  6.3  9 210   M    M   0        14 150
12  55  36  46   M  19   0 0.00  0.0    0  9.6 15 140   M    M   7 1      21 140
13  55  50  53   M  12   0 0.85  0.0    0 11.1 24  10   M    M  10 12     37  10
14  52  48  50   M  15   0 0.72    M    0 20.5 24 360   M    M   8 1      37 360
15  63  41  52   M  13   0 0.00  0.0    0 11.1 20 360   M    M   0        31 360
16  70  36  53   M  12   0 0.00  0.0    0  7.4 14 230   M    M   0 1      22 210
17  54  43  49   M  16   0 0.00  0.0    0 16.2 24 310   M    M   7        37 310
18  54  36  45   M  20   0 0.00  0.0    0  8.9 15 360   M    M   4 8      22 360
19  63  32  48   M  17   0 0.00  0.0    0 12.3 22 210   M    M   0 1      30 210
20  66  41  54   M  11   0 0.00  0.0    0 10.5 20 310   M    M   0        29 310
21  59  36  48   M  17   0 0.00  0.0    0  7.9 12 120   M    M   0        17 120
22  59  36  48   M  17   0 0.00  0.0    0 12.7 21 140   M    M   2        21 150
23  54  43  49   M  16   0 0.25  0.0    0  7.8 14 150   M    M  10 12      M  M
24  59  46  53   M  12   0 0.00  0.0    0  8.9 16 170   M    M  10 12     20 170
25  68  41  55   M  10   0 0.00  0.0    0  9.3 18 320   M    M   1 12     25 310
26  64  34  49   M  16   0 0.00  0.0    0 11.9 20 130   M    M   4        27 150
27  73  48  61   M   4   0 0.00  0.0    0 12.0 17 300   M    M   2        24 300
28  52  41  47   M  18   0 0.00  0.0    0 16.2 22 300   M    M   6        31 290
29  46  32  39   M  26   0 0.00  0.0    0 10.6 21 310   M    M   4        32 320
30  54  34  44   M  21   0 0.00  0.0    0  7.7 22 340   M    M   9        32 340
================================================================================
SM 1788 1177       459   0  2.60    T    321.0          M      145
================================================================================
AV 59.6 39.2                              10.7 FASTST   M    M   5    MAX(MPH)
                                 MISC ---->    28   M                 39    M
================================================================================
NOTES:
# LAST OF SEVERAL OCCURRENCES

COLUMN 17 PEAK WIND IN M.P.H.

PRELIMINARY LOCAL CLIMATOLOGICAL DATA (WS FORM: F-6) , PAGE 2

                                          STATION:  OELWEIN IA
                                          MONTH:    OCTOBER
                                          YEAR:     2014
                                          LATITUDE:   42 40 N
                                          LONGITUDE:  91 58 W

[TEMPERATURE DATA]      [PRECIPITATION DATA]       SYMBOLS USED IN COLUMN 16

AVERAGE MONTHLY: 49.4   TOTAL FOR MONTH:   2.60    1 = FOG OR MIST
DPTR FM NORMAL:     M   DPTR FM NORMAL:       M    2 = FOG REDUCING VISIBILITY
HIGHEST:    73 ON 27    GRTST 24HR  0.85 ON 13-13      TO 1/4 MILE OR LESS
LOWEST:     32 ON 29,19                            3 = THUNDER
                        SNOW, ICE PELLETS, HAIL    4 = ICE PELLETS
                        TOTAL MONTH:    T          5 = HAIL
                        GRTST 24HR    T  ON  4- 4  6 = FREEZING RAIN OR DRIZZLE
                        GRTST DEPTH:   0           7 = DUSTSTORM OR SANDSTORM:
                                                       VSBY 1/2 MILE OR LESS
                                                   8 = SMOKE OR HAZE
[NO. OF DAYS WITH]      [WEATHER - DAYS WITH]      9 = BLOWING SNOW
                                                   X = TORNADO
MAX 32 OR BELOW:   0    0.01 INCH OR MORE:   4
MAX 90 OR ABOVE:   0    0.10 INCH OR MORE:   4
MIN 32 OR BELOW:   5    0.50 INCH OR MORE:   3
MIN  0 OR BELOW:   0    1.00 INCH OR MORE:   0

[HDD (BASE 65) ]
TOTAL THIS MO.   459    CLEAR  (SCALE 0-3)  12
DPTR FM NORMAL     M    PTCLDY (SCALE 4-7)  11
TOTAL FM JUL 1   637    CLOUDY (SCALE 8-10)  7
DPTR FM NORMAL     M

[CDD (BASE 65) ]
TOTAL THIS MO.     0
DPTR FM NORMAL     M    [PRESSURE DATA]
TOTAL FM JAN 1   562    HIGHEST SLP M ON M
DPTR FM NORMAL     M    LOWEST  SLP M ON M

[REMARKS]
