000
CXUS53 KARX 291119
CF6OLZ
PRELIMINARY LOCAL CLIMATOLOGICAL DATA (WS FORM: F-6)

                                          STATION:   OELWEIN IA
                                          MONTH:     MAY
                                          YEAR:      2017
                                          LATITUDE:   42 40 N
                                          LONGITUDE:  91 58 W

  TEMPERATURE IN F:       :PCPN:    SNOW:  WIND      :SUNSHINE: SKY     :PK WND
================================================================================
1   2   3   4   5  6A  6B    7    8   9   10  11  12  13   14  15   16   17  18
                                     12Z  AVG MX 2MIN
DY MAX MIN AVG DEP HDD CDD  WTR  SNW DPTH SPD SPD DIR MIN PSBL S-S WX    SPD DR
================================================================================

 1  48  39  44   M  21   0 0.26  0.0    0 15.0 23 280   M    M   9 1      32 290
 2  57  39  48   M  17   0 0.00  0.0    0 16.9 27 340   M    M   6        35 330
 3  61  36  49   M  16   0 0.00  0.0    0  6.7 13 150   M    M   0 18     17 130
 4  68  36  52   M  13   0 0.00  0.0    0  9.4 18 350   M    M   1        28 350
 5  72  45  59   M   6   0 0.00  0.0    0  9.3 16 350   M    M   1        25  10
 6  66  46  56   M   9   0 0.00  0.0    0 12.0 28  50   M    M   1        35  50
 7  68  45  57   M   8   0 0.00  0.0    0  6.2 12  90   M    M   3        14  60
 8  73  48  61   M   4   0 0.11  0.0    0 15.6 23 140   M    M   3        30 130
 9  70  46  58   M   7   0 0.00  0.0    0  9.2 16 120   M    M   4        24 120
10  61  55  58   M   7   0 0.37  0.0    0  8.1 14 100   M    M   8 1      17  40
11  70  48  59   M   6   0 0.00  0.0    0  7.8 14 340   M    M   2 12     16 330
12  72  48  60   M   5   0 0.00  0.0    0  9.2 16 360   M    M   0        24 360
13  82  52  67   M   0   2 0.00  0.0    0 12.0 23 310   M    M   2        30 310
14   M   M   M   M   M   M 0.00  0.0    0   M   M   M   M    M   M         M  M
15  86  64  75   M   0  10 0.00  0.0    0 14.4 20 150   M    M   3        27 150
16  88  64  76   M   0  11 0.00  0.0    0 19.6 30 200   M    M   2        40 200
17  79  61  70   M   0   5 0.25  0.0    0 18.2 31 160   M    M   7        37 170
18   M   M   M   M   M   M    M  0.0    0   M   M   M   M    M   M         M  M
19  50  43  47   M  18   0 0.08  0.0    0 14.5 18  80   M    M   9 1      25  80
20  57  43  50   M  15   0 0.35  0.0    0 15.3 23  90   M    M   9 18     29  90
21  52  43  48   M  17   0 0.00  0.0    0 15.7 24 270   M    M   9 1      30 270
22  70  41  56   M   9   0 0.36  0.0    0  7.8 17 190   M    M   4 8      20 320
23  59  48  54   M  11   0 0.05  0.0    0  8.8 16 320   M    M   9 12     20 330
24  59  48  54   M  11   0 0.00  0.0    0 11.2 17  30   M    M   8        21  20
25  72  43  58   M   7   0 0.00  0.0    0  5.9 12 130   M    M   5 12      M  M
26  70  55  63   M   2   0 0.00  0.0    0  8.9 17 150   M    M   5 1      20 120
27  73  55  64   M   1   0 0.02  0.0    0  4.7 12 340   M    M   8 12     17 340
28  77  55  66   M   0   1 0.00  0.0    0 12.8 27 310   M    M   3        36 310
================================================================================
SM 1760 1246       210  29  1.85     0.0 295.2          M      121
================================================================================
AV 67.7 47.9                              11.4 FASTST   M    M   5    MAX(MPH)
                                 MISC ---->  # 31 160               # 40  200
================================================================================
NOTES:
# LAST OF SEVERAL OCCURRENCES

COLUMN 17 PEAK WIND IN M.P.H.

PRELIMINARY LOCAL CLIMATOLOGICAL DATA (WS FORM: F-6) , PAGE 2

                                          STATION:  OELWEIN IA
                                          MONTH:    MAY
                                          YEAR:     2017
                                          LATITUDE:   42 40 N
                                          LONGITUDE:  91 58 W

[TEMPERATURE DATA]      [PRECIPITATION DATA]       SYMBOLS USED IN COLUMN 16

AVERAGE MONTHLY: 57.8   TOTAL FOR MONTH:   1.85    1 = FOG OR MIST
DPTR FM NORMAL:     M   DPTR FM NORMAL:       M    2 = FOG REDUCING VISIBILITY
HIGHEST:    88 ON 16    GRTST 24HR  0.37 ON 10-10      TO 1/4 MILE OR LESS
LOWEST:     36 ON  4, 3                            3 = THUNDER
                        SNOW, ICE PELLETS, HAIL    4 = ICE PELLETS
                        TOTAL MONTH:   0.0 INCH    5 = HAIL
                        GRTST 24HR     0.0         6 = FREEZING RAIN OR DRIZZLE
                        GRTST DEPTH:   0           7 = DUSTSTORM OR SANDSTORM:
                                                       VSBY 1/2 MILE OR LESS
                                                   8 = SMOKE OR HAZE
[NO. OF DAYS WITH]      [WEATHER - DAYS WITH]      9 = BLOWING SNOW
                                                   X = TORNADO
MAX 32 OR BELOW:   0    0.01 INCH OR MORE:   9
MAX 90 OR ABOVE:   0    0.10 INCH OR MORE:   6
MIN 32 OR BELOW:   0    0.50 INCH OR MORE:   0
MIN  0 OR BELOW:   0    1.00 INCH OR MORE:   0

[HDD (BASE 65) ]
TOTAL THIS MO.   210    CLEAR  (SCALE 0-3)  11
DPTR FM NORMAL     M    PTCLDY (SCALE 4-7)   8
TOTAL FM JUL 1  6116    CLOUDY (SCALE 8-10)  7
DPTR FM NORMAL     M

[CDD (BASE 65) ]
TOTAL THIS MO.    29
DPTR FM NORMAL     M    [PRESSURE DATA]
TOTAL FM JAN 1    33    HIGHEST SLP M ON M
DPTR FM NORMAL     M    LOWEST  SLP M ON M

[REMARKS]
