000
CXUS53 KOAX 241000
CF6OMA
PRELIMINARY LOCAL CLIMATOLOGICAL DATA (WS FORM: F-6)

                                          STATION:   OMAHA EPPLEY, NEBRASKA
                                          MONTH:     AUGUST
                                          YEAR:      2016
                                          LATITUDE:   41 17 N
                                          LONGITUDE:  95 54 W

  TEMPERATURE IN F:       :PCPN:    SNOW:  WIND      :SUNSHINE: SKY     :PK WND
================================================================================
1   2   3   4   5  6A  6B    7    8   9   10  11  12  13   14  15   16   17  18
                                     12Z  AVG MX 2MIN
DY MAX MIN AVG DEP HDD CDD  WTR  SNW DPTH SPD SPD DIR MIN PSBL S-S WX    SPD DR
================================================================================

 1  87  73  80   4   0  15    T  0.0    0 18.1 31 150   M    M   7        40 140
 2  92  71  82   6   0  17 0.33  0.0    0  8.2 35 150   M    M   6 13     43 150
 3  90  72  81   5   0  16 0.00  0.0    0 10.2 18 130   M    M   3 18     26 140
 4  97  70  84   8   0  19    T  0.0    0  9.9 20 360   M    M   5 3X     24 360
 5  84  66  75  -1   0  10 0.00  0.0    0  7.0 14 340   M    M   7        20  20
 6  81  65  73  -3   0   8    T  0.0    0  5.9 13  40   M    M   8        16  50
 7  81  68  75  -1   0  10 0.00  0.0    0  5.1 13 110   M    M   8        16  80
 8  82  61  72  -4   0   7 0.00  0.0    0  6.6 16 140   M    M   7        20 150
 9  91  71  81   5   0  16 0.00  0.0    0  8.7 15 120   M    M   5 18     19 140
10  97  76  87  11   0  22 0.04  0.0    0 13.8 26 160   M    M   2 3      30 160
11  99  72  86  10   0  21 1.32  0.0    0 13.8 31 360   M    M   5 13     39 360
12  84  65  75   0   0  10    T  0.0    0  9.5 21 340   M    M   7 1      27 340
13  88  62  75   0   0  10 0.00  0.0    0  3.9 16 300   M    M   1        20 300
14  87  62  75   0   0  10 0.00  0.0    0  3.9  9  60   M    M   5 1      12  20
15  83  61  72  -3   0   7 0.00  0.0    0  5.6 13 130   M    M   7        15 150
16  85  67  76   1   0  11 0.38  0.0    0  8.8 23 140   M    M   7 13     25 150
17  90  66  78   3   0  13 0.00  0.0    0  5.0 10 110   M    M   3 1      13 170
18  91  73  82   7   0  17    T  0.0    0 10.5 17 170   M    M   6        22 160
19  88  67  78   4   0  13 1.30  0.0    0  8.5 23 260   M    M   8 13     29 260
20  75  60  68  -6   0   3 0.06  0.0    0 11.0 23 320   M    M   5 1      30 320
21  81  55  68  -6   0   3 0.00  0.0    0  5.2 16 160   M    M   1        19 160
22  85  63  74   0   0   9 0.00  0.0    0 16.2 28 170   M    M   3        34 160
23  86  66  76   2   0  11 1.20  0.0    0 16.9 68 310   M    M   8 138    96 300
================================================================================
SM 2004 1532         0 278  4.63     0.0 212.3          M      124
================================================================================
AV 87.1 66.6                               9.2 FASTST   M    M   5    MAX(MPH)
                                 MISC ---->  # 68 310               # 96  300
================================================================================
NOTES:
# LAST OF SEVERAL OCCURRENCES

COLUMN 17 PEAK WIND IN M.P.H.

PRELIMINARY LOCAL CLIMATOLOGICAL DATA (WS FORM: F-6) , PAGE 2

                                          STATION:  OMAHA EPPLEY, NEBRASKA
                                          MONTH:    AUGUST
                                          YEAR:     2016
                                          LATITUDE:   41 17 N
                                          LONGITUDE:  95 54 W

[TEMPERATURE DATA]      [PRECIPITATION DATA]       SYMBOLS USED IN COLUMN 16

AVERAGE MONTHLY: 76.9   TOTAL FOR MONTH:   4.63    1 = FOG OR MIST
DPTR FM NORMAL:   1.6   DPTR FM NORMAL:    1.71    2 = FOG REDUCING VISIBILITY
HIGHEST:    99 ON 11    GRTST 24HR  1.36 ON 19-20      TO 1/4 MILE OR LESS
LOWEST:     55 ON 21                               3 = THUNDER
                        SNOW, ICE PELLETS, HAIL    4 = ICE PELLETS
                        TOTAL MONTH:   0.0 INCH    5 = HAIL
                        GRTST 24HR     0.0         6 = FREEZING RAIN OR DRIZZLE
                        GRTST DEPTH:   0           7 = DUSTSTORM OR SANDSTORM:
                                                       VSBY 1/2 MILE OR LESS
                                                   8 = SMOKE OR HAZE
[NO. OF DAYS WITH]      [WEATHER - DAYS WITH]      9 = BLOWING SNOW
                                                   X = TORNADO
MAX 32 OR BELOW:   0    0.01 INCH OR MORE:   7
MAX 90 OR ABOVE:   8    0.10 INCH OR MORE:   5
MIN 32 OR BELOW:   0    0.50 INCH OR MORE:   3
MIN  0 OR BELOW:   0    1.00 INCH OR MORE:   3

[HDD (BASE 65) ]
TOTAL THIS MO.     0    CLEAR  (SCALE 0-3)   6
DPTR FM NORMAL     0    PTCLDY (SCALE 4-7)  16
TOTAL FM JUL 1     0    CLOUDY (SCALE 8-10)  1
DPTR FM NORMAL    -1

[CDD (BASE 65) ]
TOTAL THIS MO.   278
DPTR FM NORMAL    41    [PRESSURE DATA]
TOTAL FM JAN 1  1180    HIGHEST SLP M ON M
DPTR FM NORMAL   266    LOWEST  SLP 29.67 ON 23

[REMARKS]
