000
CXAK56 PAOM 190903
CF6OME

PRELIMINARY LOCAL CLIMATOLOGICAL DATA (WS FORM: F-6)

                                          STATION:   NOME
                                          MONTH:     04
                                          YEAR:      2014
                                          LATITUDE:   64 31 N
                                          LONGITUDE: 165 27 W

  TEMPERATURE IN F:       :PCPN:    SNOW:  WIND      :SUNSHINE: SKY     :PK WND
================================================================================
1   2   3   4   5  6A  6B    7     8   9   10  11  12  13   14  15   16  17  18
                                      12Z  AVG MX 2MIN
DY MAX MIN AVG DEP HDD CDD  WTR   SNW DPTH SPD SPD DIR MIN PSBL S-S WX   SPD DR
================================================================================

 1  30  19  25  12  40   0  0.00  0.0   9 15.6 25   50   M    M   M       32  40
 2  33  19  26  12  39   0  0.00  0.0   8  9.1 15   30   M    M   M       17  30
 3  35  14  25  11  40   0  0.00  0.0   8  6.2 16   30   M    M   M       21  20
 4  24  10  17   3  48   0  0.00  0.0   7 14.8 22  360   M    M   M       26 360
 5  20   6  13  -2  52   0  0.00  0.0   7  9.9 21  360   M    M   M       25 350
 6  20  -2   9  -6  56   0  0.00  0.0   7  2.8 10  340   M    M   M       11 330
 7  18  -3   8  -8  57   0  0.00  0.0   7  2.9  9  350   M    M   M       12 350
 8  16  -4   6 -10  59   0  0.00  0.0   7  2.7  9  250   M    M   M       10 260
 9  16  -2   7 -10  58   0     T    T   6  3.9  7   20   M    M   M 1     10 160
10  21   3  12  -5  53   0  0.00  0.0   6  4.1  9   80   M    M   M 18    10  80
11  29   5  17  -1  48   0  0.00  0.0   6  3.5  9   30   M    M   M 8     11  30
12  32  20  26   8  39   0  0.10  1.3   6 14.2 22   90   M    M   M 18    28  90
13  33  31  32  13  33   0  0.11  0.8   7  9.9 17   80   M    M   M 12468 22  80
14  35  28  32  13  33   0  0.04  0.4   7 13.9 22  140   M    M   M 1     27 140
15  40  25  33  13  32   0  0.00  0.0   6  6.2 16   10   M    M   M 12    20 360
16  42  26  34  13  31   0  0.00  0.0   5  7.3 15   30   M    M   M       18  30
17  38  23  31  10  34   0  0.00  0.0   4  3.6 12  350   M    M   M       13 350
18  43  29  36  14  29   0     T  0.0   4  8.3 14   30   M    M   M       16  40
================================================================================
SM  525  247       781   0  0.25 2.5    138.9           M        M
================================================================================
AV 29.2 13.7                              7.7 FASTST  PSBL  %   M    MAX(MPH)
                                 MISC ---->     25   50                 32  40
================================================================================
NOTES:
# LAST OF SEVERAL OCCURRENCES

COLUMN 17 PEAK WIND IN M.P.H.

PRELIMINARY LOCAL CLIMATOLOGICAL DATA (WS FORM: F-6) , PAGE 2

                                          STATION:   NOME
                                          MONTH:     04
                                          YEAR:      2014
                                          LATITUDE:  64 31 N
                                          LONGITUDE: 165 27 W

[TEMPERATURE DATA]      [PRECIPITATION DATA]       SYMBOLS USED IN COLUMN 16

AVERAGE MONTHLY:21.4   TOTAL FOR MONTH: 0.25       1 = FOG
DPTR FM NORMAL:  4.2   DPTR FM NORMAL: -0.18       2 = FOG REDUCING VISIBILITY
HIGHEST:    43 ON 18    GRTST 24HR   0.11 ON 13        TO 1/4 MILE OR LESS
LOWEST:     -4 ON  8                               3 = THUNDER
                        SNOW, ICE PELLETS, HAIL    4 = ICE PELLETS
                        TOTAL MONTH: 2.5 INCHES  5 = HAIL
                        GRTST 24HR   1.3 ON 12     6 = GLAZE OR RIME
                        GRTST DEPTH:    9 ON  1    7 = BLOWING DUST OR SAND:
                                                       VSBY 1/2 MILE OR LESS
                                                   8 = SMOKE OR HAZE
[NO. OF DAYS WITH]      [WEATHER - DAYS WITH]      9 = BLOWING SNOW
                                                   X = TORNADO
MAX 32 OR BELOW:  10    0.01 INCH OR MORE:   3
MAX 70 OR ABOVE:   0    0.10 INCH OR MORE:   2
MIN 32 OR BELOW:  18    0.50 INCH OR MORE:   0
MIN  0 OR BELOW:   4    1.00 INCH OR MORE:   0

[HDD (BASE 65) ]
TOTAL THIS MO.   781    CLEAR  (SCALE 0-3)   M
DPTR FM NORMAL   -82    PTCLDY (SCALE 4-7)   M
SEASONAL TOTAL 10554    CLOUDY (SCALE 8-10)  M
DPTR FM NORMAL -1287

[CDD (BASE 65) ]
TOTAL THIS MO.     0
DPTR FM NORMAL     0    [PRESSURE DATA]
SEASONAL TOTAL     0    HIGHEST SLP     M
DPTR FM NORMAL     0    LOWEST  SLP     M

[REMARKS]
