000
CXUS53 KARX 300930
CF6ONA
PRELIMINARY LOCAL CLIMATOLOGICAL DATA (WS FORM: F-6)

                                          STATION:   WINONA_MUNI_(AWOS) MN
                                          MONTH:     APRIL
                                          YEAR:      2017
                                          LATITUDE:   44  4 N
                                          LONGITUDE:  91 42 W

  TEMPERATURE IN F:       :PCPN:    SNOW:  WIND      :SUNSHINE: SKY     :PK WND
================================================================================
1   2   3   4   5  6A  6B    7    8   9   10  11  12  13   14  15   16   17  18
                                     12Z  AVG MX 2MIN
DY MAX MIN AVG DEP HDD CDD  WTR  SNW DPTH SPD SPD DIR MIN PSBL S-S WX    SPD DR
================================================================================

 1  63  32  48   M  17   0 0.00  0.0    0  1.7  6  10   M    M   0         M  M
 2  54  36  45   M  20   0 0.01  0.0    0  4.5  9 160   M    M   8 1      17 170
 3  48  45  47   M  18   0 0.49  0.0    0  2.4  7  20   M    M  10 1       M  M
 4  61  41  51   M  14   0 0.29  0.0    0  4.4  9  20   M    M   4         M  M
 5  54  36  45   M  20   0 0.00  0.0    0  3.1  9 340   M    M   2         M  M
 6  54  34  44   M  21   0 0.00  0.0    0  8.2 17 340   M    M   0        27 360
 7  59  30  45   M  20   0 0.00  0.0    0  2.0  6 260   M    M   0         M  M
 8  73  45  59   M   6   0 0.00  0.0    0  6.8 12 180   M    M   0        20 170
 9  70  55  63   M   2   0 0.32  0.0    0  3.4  9 220   M    M   6 3       M  M
10  55  34  45   M  20   0 0.34  0.0    0  6.6 10 330   M    M  10 13     18 350
11  48  34  41   M  24   0 0.00  0.0    0  4.9 10 310   M    M   7 1      10 320
12  55  34  45   M  20   0 0.31  0.0    0  3.8 10 110   M    M   7 1       M  M
13  59  45  52   M  13   0 0.07  0.0    0  8.7 12 110   M    M  10         M  M
14  64  46  55   M  10   0 0.42  0.0    0  8.2 13 120   M    M   8 13     16 120
15  70  55  63   M   2   0 0.16  0.0    0  5.8 14 310   M    M   6 3      25 260
16  64  46  55   M  10   0 0.00  0.0    0 10.2 22 310   M    M   1        29 310
17  63  46  55   M  10   0 0.00  0.0    0  3.0 10 330   M    M   4         M  M
18  68  46  57   M   8   0 0.01  0.0    0  9.7 18 230   M    M   5        27 230
19  54  46  50   M  15   0 2.33  0.0    0  6.9 14 110   M    M  10 3      31 350
20  48  39  44   M  21   0 0.07  0.0    0  8.9 14 340   M    M   8 1      27 340
21  61  36  49   M  16   0 0.00  0.0    0  3.5 10  80   M    M   1         M  M
22  66  34  50   M  15   0 0.00  0.0    0  1.7  6 270   M    M   0         M  M
23  73  43  58   M   7   0 0.00  0.0    0  2.9 10 270   M    M   0         M  M
24  72  46  59   M   6   0 0.00  0.0    0  6.8 14 190   M    M   2        23 160
25  70  55  63   M   2   0 0.15  0.0    0  3.7  9 140   M    M   8         M  M
26  55  37  46   M  19   0 0.13  0.0    0  7.1 14 330   M    M  10 13     20 330
27  39  36  38   M  27   0 0.00  0.0    0 10.2 17 300   M    M  10 8      24 300
28  48  32  40   M  25   0 0.00  0.0    0  3.0 10 280   M    M   2         M  M
29  52  36  44   M  21   0 0.00  0.0    0  6.8 12 110   M    M   3        20  80
================================================================================
SM 1720 1180       429   0  5.10     0.0 158.9          M      142
================================================================================
AV 59.3 40.7                               5.5 FASTST   M    M   5    MAX(MPH)
                                 MISC ---->  # 22 310               # 31  350
================================================================================
NOTES:
# LAST OF SEVERAL OCCURRENCES

COLUMN 17 PEAK WIND IN M.P.H.

PRELIMINARY LOCAL CLIMATOLOGICAL DATA (WS FORM: F-6) , PAGE 2

                                          STATION:  WINONA_MUNI_(AWOS) MN
                                          MONTH:    APRIL
                                          YEAR:     2017
                                          LATITUDE:   44  4 N
                                          LONGITUDE:  91 42 W

[TEMPERATURE DATA]      [PRECIPITATION DATA]       SYMBOLS USED IN COLUMN 16

AVERAGE MONTHLY: 50.0   TOTAL FOR MONTH:   5.10    1 = FOG OR MIST
DPTR FM NORMAL:     M   DPTR FM NORMAL:       M    2 = FOG REDUCING VISIBILITY
HIGHEST:    73 ON 23, 8 GRTST 24HR  2.33 ON 19-19      TO 1/4 MILE OR LESS
LOWEST:     30 ON  7                               3 = THUNDER
                        SNOW, ICE PELLETS, HAIL    4 = ICE PELLETS
                        TOTAL MONTH:   0.0 INCH    5 = HAIL
                        GRTST 24HR     0.0         6 = FREEZING RAIN OR DRIZZLE
                        GRTST DEPTH:   0           7 = DUSTSTORM OR SANDSTORM:
                                                       VSBY 1/2 MILE OR LESS
                                                   8 = SMOKE OR HAZE
[NO. OF DAYS WITH]      [WEATHER - DAYS WITH]      9 = BLOWING SNOW
                                                   X = TORNADO
MAX 32 OR BELOW:   0    0.01 INCH OR MORE:  14
MAX 90 OR ABOVE:   0    0.10 INCH OR MORE:  10
MIN 32 OR BELOW:   3    0.50 INCH OR MORE:   1
MIN  0 OR BELOW:   0    1.00 INCH OR MORE:   1

[HDD (BASE 65) ]
TOTAL THIS MO.   429    CLEAR  (SCALE 0-3)  12
DPTR FM NORMAL     M    PTCLDY (SCALE 4-7)   8
TOTAL FM JUL 1  5942    CLOUDY (SCALE 8-10)  9
DPTR FM NORMAL     M

[CDD (BASE 65) ]
TOTAL THIS MO.     0
DPTR FM NORMAL     M    [PRESSURE DATA]
TOTAL FM JAN 1     0    HIGHEST SLP M ON M
DPTR FM NORMAL     M    LOWEST  SLP M ON M

[REMARKS]
