000
CXUS56 KBOI 301002
CF6ONO
PRELIMINARY LOCAL CLIMATOLOGICAL DATA (WS FORM: F-6)

                                          STATION:   ONTARIO OR
                                          MONTH:     JUNE
                                          YEAR:      2015
                                          LATITUDE:   44  1 N
                                          LONGITUDE: 117  1 W

  TEMPERATURE IN F:       :PCPN:    SNOW:  WIND      :SUNSHINE: SKY     :PK WND
================================================================================
1   2   3   4   5  6A  6B    7    8   9   10  11  12  13   14  15   16   17  18
                                     12Z  AVG MX 2MIN
DY MAX MIN AVG DEP HDD CDD  WTR  SNW DPTH SPD SPD DIR MIN PSBL S-S WX    SPD DR
================================================================================

 1  84  63  74  10   0   9 0.17    M    M  6.1 22 310   M    M   2 3      27 310
 2  78  56  67   3   0   2 0.04    M    M  8.1 25 340   M    M   6 3      32 320
 3  79  49  64   0   1   0 0.00    M    M  7.3 20 310   M    M   1        24 320
 4  81  55  68   3   0   3 0.00    M    M  9.8 21 330   M    M   0        27 330
 5  88  62  75  10   0  10 0.00    M    M  9.0 20 310   M    M   2        25 320
 6  93  55  74   9   0   9 0.00    M    M  6.7 16 320   M    M   0        22 320
 7  93  53  73   8   0   8 0.00    M    M  2.1  8 140   M    M   0 8      11 140
 8  99  58  79  13   0  14 0.00    M    M  2.1  8 140   M    M   0        10 110
 9  99  59  79  13   0  14 0.00    M    M  5.4 28 330   M    M   0        33 330
10  97  71  84  18   0  19 0.00    M    M 11.6 28 330   M    M   0        35 330
11  97  69  83  17   0  18 0.00    M    M 13.9 30 310   M    M   0        36 310
12  92  62  77  10   0  12 0.00    M    M  9.7 21 330   M    M   0        25 330
13  86  56  71   4   0   6 0.00    M    M 10.4 20 320   M    M   0        25 300
14  86  50  68   1   0   3 0.00    M    M  6.4 16 320   M    M   0        22 310
15  94  51  73   5   0   8 0.00    M    M  4.8 23 340   M    M   0        29 350
16  94  64  79  11   0  14 0.00    M    M  6.8 18 310   M    M   0        24 300
17  97  56  77   9   0  12 0.00    M    M  6.0 16 260   M    M   0        21 250
18  92  56  74   6   0   9 0.00    M    M  4.8 25 320   M    M   0        32 320
19  89  62  76   7   0  11 0.00    M    M 13.3 26 300   M    M   0        35 300
20  90  61  76   7   0  11 0.00    M    M  5.3 16 310   M    M   0        22 300
21  90  59  75   6   0  10 0.00    M    M  6.5 30 320   M    M   0        40 310
22  89  53  71   1   0   6 0.00    M    M  3.9 13 280   M    M   0        17 280
23  95  59  77   7   0  12 0.00    M    M  6.8 20 320   M    M   0        26 320
24  94  64  79   9   0  14 0.00    M    M  8.5 20 330   M    M   0        27 330
25  98  65  82  11   0  17 0.00    M    M  6.4 18 320   M    M   0        24 320
26 101  62  82  11   0  17 0.00    M    M  3.5  8 250   M    M   0        10 240
27 104  63  84  13   0  19 0.00    M    M  2.5 12 170   M    M   0        13 170
28 109  67  88  16   0  23    T    M    M  3.7 20 240   M    M   0 3      27 240
29 106  77  92  20   0  27 0.00    M    M  5.7 17 280   M    M   1        22 260
================================================================================
SM 2694 1737         1 337  0.21    M    197.1          M       12
================================================================================
AV 92.9 59.9                               6.8 FASTST   M    M   0    MAX(MPH)
                                 MISC ---->  # 30 310               # 40  310
================================================================================
NOTES:
# LAST OF SEVERAL OCCURRENCES

COLUMN 17 PEAK WIND IN M.P.H.

PRELIMINARY LOCAL CLIMATOLOGICAL DATA (WS FORM: F-6) , PAGE 2

                                          STATION:  ONTARIO OR
                                          MONTH:    JUNE
                                          YEAR:     2015
                                          LATITUDE:   44  1 N
                                          LONGITUDE: 117  1 W

[TEMPERATURE DATA]      [PRECIPITATION DATA]       SYMBOLS USED IN COLUMN 16

AVERAGE MONTHLY: 76.4   TOTAL FOR MONTH:   0.21    1 = FOG OR MIST
DPTR FM NORMAL:   8.7   DPTR FM NORMAL:   -0.47    2 = FOG REDUCING VISIBILITY
HIGHEST:   109 ON 28    GRTST 24HR  0.17 ON  1- 1      TO 1/4 MILE OR LESS
LOWEST:     49 ON  3                               3 = THUNDER
                        SNOW, ICE PELLETS, HAIL    4 = ICE PELLETS
                        TOTAL MONTH:    M          5 = HAIL
                        GRTST 24HR    M  ON   M    6 = FREEZING RAIN OR DRIZZLE
                        GRTST DEPTH:  M  ON   M    7 = DUSTSTORM OR SANDSTORM:
                                                       VSBY 1/2 MILE OR LESS
                                                   8 = SMOKE OR HAZE
[NO. OF DAYS WITH]      [WEATHER - DAYS WITH]      9 = BLOWING SNOW
                                                   X = TORNADO
MAX 32 OR BELOW:   0    0.01 INCH OR MORE:   2
MAX 90 OR ABOVE:  20    0.10 INCH OR MORE:   1
MIN 32 OR BELOW:   0    0.50 INCH OR MORE:   0
MIN  0 OR BELOW:   0    1.00 INCH OR MORE:   0

[HDD (BASE 65) ]
TOTAL THIS MO.     1    CLEAR  (SCALE 0-3)  28
DPTR FM NORMAL   -51    PTCLDY (SCALE 4-7)   1
TOTAL FM JUL 1  4793    CLOUDY (SCALE 8-10)  0
DPTR FM NORMAL -1209

[CDD (BASE 65) ]
TOTAL THIS MO.   337
DPTR FM NORMAL   205    [PRESSURE DATA]
TOTAL FM JAN 1   370    HIGHEST SLP M ON M
DPTR FM NORMAL   202    LOWEST  SLP 29.61 ON  9

[REMARKS]
