000
CXUS56 KSGX 311445
CF6ONT
PRELIMINARY LOCAL CLIMATOLOGICAL DATA (WS FORM: F-6)

                                          STATION:   ONTARIO INTL AIRPORT CA
                                          MONTH:     OCTOBER
                                          YEAR:      2014
                                          LATITUDE:   34  2 N
                                          LONGITUDE: 117 37 W

  TEMPERATURE IN F:       :PCPN:    SNOW:  WIND      :SUNSHINE: SKY     :PK WND
================================================================================
1   2   3   4   5  6A  6B    7    8   9   10  11  12  13   14  15   16   17  18
                                     12Z  AVG MX 2MIN
DY MAX MIN AVG DEP HDD CDD  WTR  SNW DPTH SPD SPD DIR MIN PSBL S-S WX    SPD DR
================================================================================

 1  89  61  75   3   0  10 0.00  0.0    0  5.4 17 260   M    M   0        20 260
 2  99  57  78   7   0  13 0.00  0.0    0  4.7 14  70   M    M   0        20  70
 3  99  60  80   9   0  15 0.00  0.0    0  2.6  9  20   M    M   4        13 320
 4 102  64  83  12   0  18 0.00  0.0    0  4.8 17 270   M    M   4        21 270
 5 100  63  82  11   0  17 0.00  0.0    0  5.1 16 260   M    M   2        20 270
 6  97  63  80  10   0  15 0.00  0.0    0  4.4 15 270   M    M   3        20 260
 7  96  66  81  11   0  16 0.00  0.0    0  3.5 14 240   M    M   5        17 250
 8  91  63  77   7   0  12 0.00  0.0    0  5.6 17 230   M    M   1        21 230
 9  82  64  73   3   0   8 0.00  0.0    0  6.1 14 230   M    M   3 18     18 220
10  85  60  73   4   0   8 0.00  0.0    0  3.8 15 260   M    M   4 18     18 270
11  89  59  74   5   0   9 0.00  0.0    0  4.6 15 290   M    M   1 18     22 280
12  85  60  73   4   0   8 0.00  0.0    0  4.9 16 260   M    M   0 18     23 290
13  89  58  74   6   0   9 0.00  0.0    0  4.8 15 260   M    M   0 18     18 270
14  81  60  71   3   0   6 0.00  0.0    0  6.6 15 270   M    M   4 128    19 280
15  78  62  70   2   0   5 0.00  0.0    0  5.4 15 260   M    M   5        19 260
16  79  57  68   0   0   3 0.00  0.0    0  3.7 14 260   M    M   3        17 230
17  78  58  68   0   0   3 0.00  0.0    0  5.2 16 270   M    M   6 8      20 260
18  79  61  70   3   0   5 0.00  0.0    0  4.0 13 230   M    M   4        16 230
19  81  57  69   2   0   4 0.00  0.0    0  4.4 14 270   M    M   1        20 260
20  81  59  70   3   0   5 0.00  0.0    0  4.2 14 270   M    M   4 128    17 260
21  81  58  70   3   0   5 0.00  0.0    0  3.5 14 280   M    M   6 18     17 250
22  89  57  73   7   0   8 0.00  0.0    0  3.1 12 260   M    M   5        17 280
23  92  59  76  10   0  11 0.00  0.0    0  3.1 13 270   M    M   2        17 270
24  93  58  76  10   0  11 0.00  0.0    0  4.8 17 230   M    M   0        22 240
25  87  61  74   8   0   9 0.00  0.0    0  5.6 17 270   M    M   3        22 270
26  77  54  66   0   0   1 0.00  0.0    0  3.8 14 270   M    M   4        19 260
27  79  58  69   4   0   4 0.00  0.0    0  4.1 14 250   M    M   2        17 260
28  84  58  71   6   0   6 0.00  0.0    0  3.3 12 280   M    M   0 8      16 270
29  90  57  74   9   0   9 0.00  0.0    0  3.8 15 270   M    M   1        19 270
30  86  59  73   8   0   8 0.00  0.0    0  4.1 16 250   M    M   6        23 240
================================================================================
SM 2618 1791         0 261  0.00     0.0 133.0          M       83
================================================================================
AV 87.3 59.7                               4.4 FASTST   M    M   3    MAX(MPH)
                                 MISC ---->  # 17 260               # 23  290
================================================================================
NOTES:
# LAST OF SEVERAL OCCURRENCES

COLUMN 17 PEAK WIND IN M.P.H.

PRELIMINARY LOCAL CLIMATOLOGICAL DATA (WS FORM: F-6) , PAGE 2

                                          STATION:  ONTARIO INTL AIRPORT CA
                                          MONTH:    OCTOBER
                                          YEAR:     2014
                                          LATITUDE:   34  2 N
                                          LONGITUDE: 117 37 W

[TEMPERATURE DATA]      [PRECIPITATION DATA]       SYMBOLS USED IN COLUMN 16

AVERAGE MONTHLY: 73.5   TOTAL FOR MONTH:   0.00    1 = FOG OR MIST
DPTR FM NORMAL:   5.5   DPTR FM NORMAL:   -0.61    2 = FOG REDUCING VISIBILITY
HIGHEST:   102 ON  4    GRTST 24HR  0.00 ON 30-30      TO 1/4 MILE OR LESS
LOWEST:     54 ON 26                               3 = THUNDER
                        SNOW, ICE PELLETS, HAIL    4 = ICE PELLETS
                        TOTAL MONTH:   0.0 INCH    5 = HAIL
                        GRTST 24HR     0.0         6 = FREEZING RAIN OR DRIZZLE
                        GRTST DEPTH:   0           7 = DUSTSTORM OR SANDSTORM:
                                                       VSBY 1/2 MILE OR LESS
                                                   8 = SMOKE OR HAZE
[NO. OF DAYS WITH]      [WEATHER - DAYS WITH]      9 = BLOWING SNOW
                                                   X = TORNADO
MAX 32 OR BELOW:   0    0.01 INCH OR MORE:   0
MAX 90 OR ABOVE:  10    0.10 INCH OR MORE:   0
MIN 32 OR BELOW:   0    0.50 INCH OR MORE:   0
MIN  0 OR BELOW:   0    1.00 INCH OR MORE:   0

[HDD (BASE 65) ]
TOTAL THIS MO.     0    CLEAR  (SCALE 0-3)  15
DPTR FM NORMAL   -40    PTCLDY (SCALE 4-7)  15
TOTAL FM JUL 1     0    CLOUDY (SCALE 8-10)  0
DPTR FM NORMAL   -43

[CDD (BASE 65) ]
TOTAL THIS MO.   261
DPTR FM NORMAL   131    [PRESSURE DATA]
TOTAL FM JAN 1  2354    HIGHEST SLP M ON M
DPTR FM NORMAL   673    LOWEST  SLP 29.74 ON  1

[REMARKS]
