910
CXUS56 KSGX 231545
CF6ONT
PRELIMINARY LOCAL CLIMATOLOGICAL DATA (WS FORM: F-6)

                                          STATION:   ONTARIO INTL AIRPORT CA
                                          MONTH:     JANUARY
                                          YEAR:      2017
                                          LATITUDE:   34  2 N
                                          LONGITUDE: 117 37 W

  TEMPERATURE IN F:       :PCPN:    SNOW:  WIND      :SUNSHINE: SKY     :PK WND
================================================================================
1   2   3   4   5  6A  6B    7    8   9   10  11  12  13   14  15   16   17  18
                                     12Z  AVG MX 2MIN
DY MAX MIN AVG DEP HDD CDD  WTR  SNW DPTH SPD SPD DIR MIN PSBL S-S WX    SPD DR
================================================================================

 1  54  37  46  -8  19   0 0.00  0.0    0  4.4 13 230   M    M   6 1      15 230
 2  55  46  51  -3  14   0 0.00  0.0    0  2.1  9 240   M    M   9        11 240
 3  55  42  49  -5  16   0 0.00  0.0    0  1.2  6 220   M    M   8 1       8 200
 4  60  40  50  -4  15   0    T    M    0  3.0 10 270   M    M   6 18     12 230
 5  59  51  55   1  10   0 0.28  0.0    0  4.6 15 230   M    M   8 1      20 240
 6  63  44  54   0  11   0 0.00  0.0    0  2.9 12 190   M    M   5 1      16 190
 7  68  45  57   3   8   0 0.03    M    0  2.7  7  60   M    M   8        10  80
 8  74  49  62   8   3   0 0.00  0.0    0  3.8 13 260   M    M   5        17 250
 9  61  52  57   3   8   0 0.53  0.0    0  3.6 12 280   M    M  10 13     14 280
10  55  50  53  -1  12   0 0.05  0.0    0  6.1 13 230   M    M   9 18     16 230
11  62  51  57   3   8   0 0.40  0.0    0  6.2 13 220   M    M   7 1      15 230
12  52  48  50  -4  15   0 1.20    M    0  3.2  9 340   M    M  10 1      13  30
13  61  47  54  -1  11   0    T    M    0  5.3 17  80   M    M   7        25  70
14  67  44  56   1   9   0 0.00  0.0    0  4.7 14  10   M    M   2 1      20 350
15  62  42  52  -3  13   0 0.00  0.0    0  2.3  9 300   M    M   5        12 280
16  64  49  57   2   8   0 0.00  0.0    0  4.7 20  80   M    M   4 18     26  70
17  65  40  53  -2  12   0 0.00  0.0    0  3.4 16  20   M    M   1        22  20
18  58  39  49  -6  16   0    T    M    0  4.7 17 270   M    M   7        25 240
19  60  48  54  -1  11   0 0.75    M    0  8.6 21 220   M    M   9 1      26 220
20  54  47  51  -4  14   0 1.36    M    0  7.4 28 250   M    M   8 1      40 250
21  56  39  48  -7  17   0 0.00  0.0    0  6.0 14 230   M    M   6        17 230
22  52  47  50  -5  15   0 1.91    M    0  7.0 15  40   M    M  10 1      21 230
================================================================================
SM 1317  997       265   0  6.51     0.0  97.9          M      150
================================================================================
AV 59.9 45.3                               4.4 FASTST   M    M   7    MAX(MPH)
                                 MISC ---->  # 28 250               # 40  250
================================================================================
NOTES:
# LAST OF SEVERAL OCCURRENCES

COLUMN 17 PEAK WIND IN M.P.H.

PRELIMINARY LOCAL CLIMATOLOGICAL DATA (WS FORM: F-6) , PAGE 2

                                          STATION:  ONTARIO INTL AIRPORT CA
                                          MONTH:    JANUARY
                                          YEAR:     2017
                                          LATITUDE:   34  2 N
                                          LONGITUDE: 117 37 W

[TEMPERATURE DATA]      [PRECIPITATION DATA]       SYMBOLS USED IN COLUMN 16

AVERAGE MONTHLY: 52.6   TOTAL FOR MONTH:   6.51    1 = FOG OR MIST
DPTR FM NORMAL:  -1.9   DPTR FM NORMAL:    3.86    2 = FOG REDUCING VISIBILITY
HIGHEST:    74 ON  8    GRTST 24HR  1.91 ON 22-22      TO 1/4 MILE OR LESS
LOWEST:     37 ON  1                               3 = THUNDER
                        SNOW, ICE PELLETS, HAIL    4 = ICE PELLETS
                        TOTAL MONTH:   0.0 INCH    5 = HAIL
                        GRTST 24HR     0.0         6 = FREEZING RAIN OR DRIZZLE
                        GRTST DEPTH:   0           7 = DUSTSTORM OR SANDSTORM:
                                                       VSBY 1/2 MILE OR LESS
                                                   8 = SMOKE OR HAZE
[NO. OF DAYS WITH]      [WEATHER - DAYS WITH]      9 = BLOWING SNOW
                                                   X = TORNADO
MAX 32 OR BELOW:   0    0.01 INCH OR MORE:   9
MAX 90 OR ABOVE:   0    0.10 INCH OR MORE:   7
MIN 32 OR BELOW:   0    0.50 INCH OR MORE:   5
MIN  0 OR BELOW:   0    1.00 INCH OR MORE:   3

[HDD (BASE 65) ]
TOTAL THIS MO.   265    CLEAR  (SCALE 0-3)   2
DPTR FM NORMAL    23    PTCLDY (SCALE 4-7)  12
TOTAL FM JUL 1   728    CLOUDY (SCALE 8-10)  8
DPTR FM NORMAL   -74

[CDD (BASE 65) ]
TOTAL THIS MO.     0
DPTR FM NORMAL     0    [PRESSURE DATA]
TOTAL FM JAN 1     0    HIGHEST SLP M ON M
DPTR FM NORMAL     0    LOWEST  SLP 29.42 ON 20

[REMARKS]
