000
CXUS52 KMFL 291000
CF6OPF
PRELIMINARY LOCAL CLIMATOLOGICAL DATA (WS FORM: F-6)

                                          STATION:   OPA-LOCKA ARPT
                                          MONTH:     MARCH
                                          YEAR:      2017
                                          LATITUDE:   25 53 N
                                          LONGITUDE:  80 17 W

  TEMPERATURE IN F:       :PCPN:    SNOW:  WIND      :SUNSHINE: SKY     :PK WND
================================================================================
1   2   3   4   5  6A  6B    7    8   9   10  11  12  13   14  15   16   17  18
                                     12Z  AVG MX 2MIN
DY MAX MIN AVG DEP HDD CDD  WTR  SNW DPTH SPD SPD DIR MIN PSBL S-S WX    SPD DR
================================================================================

 1  86  70  78   7   0  13 0.00  0.0    0  8.5 18 160   M    M   3        24 140
 2  87  70  79   8   0  14    T  0.0    0  6.6 18 200   M    M   4        22 190
 3  83  67  75   4   0  10 0.00  0.0    0 14.3 24  40   M    M   6        32  40
 4  79  70  75   4   0  10 0.00  0.0    0 18.9 28  80   M    M   5        35  70
 5  78  67  73   2   0   8    T  0.0    0 20.4 31  80   M    M   7        39  90
 6  78  67  73   2   0   8 0.03  0.0    0 17.7 29  80   M    M   8        35 100
 7  79  70  75   4   0  10 0.03  0.0    0 13.4 18 130   M    M   7        28 110
 8  82  68  75   4   0  10 0.00  0.0    0  9.0 18 140   M    M   3        23 140
 9  83  64  74   3   0   9 0.00  0.0    0  6.0 15 120   M    M   1        21 100
10  86  65  76   5   0  11 0.00  0.0    0  5.6 13 190   M    M   1        16 200
11  85  66  76   4   0  11 0.00  0.0    0  9.0 17 100   M    M   2        22  90
12  84  67  76   4   0  11 0.39  0.0    0  7.0 18 300   M    M   3        24 150
13  84  77  81   9   0  16 0.00  0.0    0  8.9 20 150   M    M   2 3      21 180
14   M   M   M   M   M   M 0.47    M    0 13.9 18 290   M    M   3 3      25 330
15  71  57  64  -8   1   0 0.00  0.0    0 11.4 23 320   M    M   0        27 330
16  75  52  64  -8   1   0 0.00  0.0    0  9.5 16  50   M    M   0        21  40
17  76  56  66  -6   0   1 0.00  0.0    0  9.6 22  80   M    M   4        26  80
18  80  62  71  -1   0   6 0.00  0.0    0  7.2 15  60   M    M   4        21  50
19  85  58  72   0   0   7 0.00  0.0    0  9.8 20 290   M    M   2        24 280
20  78  61  70  -2   0   5 0.00  0.0    0  7.9 16  80   M    M   1        24  90
21  80  59  70  -2   0   5 0.00  0.0    0  5.1 16 120   M    M   0        20  80
22  85  62  74   2   0   9 0.00  0.0    0  5.6 13 310   M    M   0        20 280
23  85  65  75   2   0  10 0.06  0.0    0  9.9 31  80   M    M   2 3      35  70
24   M   M   M   M   M   M 0.35    M    0 18.0 28  70   M    M   6        35  70
25  80  70  75   2   0  10 0.77  0.0    0 13.4 21  80   M    M   4 18     28  80
26  81  69  75   2   0  10 0.10  0.0    0  9.4 16  80   M    M   5        23  90
27  80  70  75   2   0  10 0.00  0.0    0  6.6 14  50   M    M   2        21  70
28  84  67  76   3   0  11 0.00  0.0    0  5.3 14 130   M    M   3        19 130
================================================================================
SM 2114 1696         2 225  2.20     0.0 287.9          M       88
================================================================================
AV 81.3 65.2                              10.3 FASTST   M    M   3    MAX(MPH)
                                 MISC ---->  # 31  80               # 39   90
================================================================================
NOTES:
# LAST OF SEVERAL OCCURRENCES

COLUMN 17 PEAK WIND IN M.P.H.

PRELIMINARY LOCAL CLIMATOLOGICAL DATA (WS FORM: F-6) , PAGE 2

                                          STATION:  OPA-LOCKA ARPT
                                          MONTH:    MARCH
                                          YEAR:     2017
                                          LATITUDE:   25 53 N
                                          LONGITUDE:  80 17 W

[TEMPERATURE DATA]      [PRECIPITATION DATA]       SYMBOLS USED IN COLUMN 16

AVERAGE MONTHLY: 73.3   TOTAL FOR MONTH:   2.20    1 = FOG OR MIST
DPTR FM NORMAL:   1.4   DPTR FM NORMAL:   -0.45    2 = FOG REDUCING VISIBILITY
HIGHEST:    87 ON  2    GRTST 24HR  0.77 ON 25-25      TO 1/4 MILE OR LESS
LOWEST:     52 ON 16                               3 = THUNDER
                        SNOW, ICE PELLETS, HAIL    4 = ICE PELLETS
                        TOTAL MONTH:   0.0 INCH    5 = HAIL
                        GRTST 24HR     0.0         6 = FREEZING RAIN OR DRIZZLE
                        GRTST DEPTH:   0           7 = DUSTSTORM OR SANDSTORM:
                                                       VSBY 1/2 MILE OR LESS
                                                   8 = SMOKE OR HAZE
[NO. OF DAYS WITH]      [WEATHER - DAYS WITH]      9 = BLOWING SNOW
                                                   X = TORNADO
MAX 32 OR BELOW:   0    0.01 INCH OR MORE:   8
MAX 90 OR ABOVE:   0    0.10 INCH OR MORE:   5
MIN 32 OR BELOW:   0    0.50 INCH OR MORE:   1
MIN  0 OR BELOW:   0    1.00 INCH OR MORE:   0

[HDD (BASE 65) ]
TOTAL THIS MO.     2    CLEAR  (SCALE 0-3)  15
DPTR FM NORMAL    -7    PTCLDY (SCALE 4-7)  12
TOTAL FM JUL 1    21    CLOUDY (SCALE 8-10)  1
DPTR FM NORMAL  -116

[CDD (BASE 65) ]
TOTAL THIS MO.   225
DPTR FM NORMAL    22    [PRESSURE DATA]
TOTAL FM JAN 1   632    HIGHEST SLP M ON M
DPTR FM NORMAL   157    LOWEST  SLP 29.86 ON 14

[REMARKS]
