000
CXUS52 KMFL 281000
CF6OPF
PRELIMINARY LOCAL CLIMATOLOGICAL DATA (WS FORM: F-6)

                                          STATION:   OPA-LOCKA ARPT
                                          MONTH:     MAY
                                          YEAR:      2016
                                          LATITUDE:   25 53 N
                                          LONGITUDE:  80 17 W

  TEMPERATURE IN F:       :PCPN:    SNOW:  WIND      :SUNSHINE: SKY     :PK WND
================================================================================
1   2   3   4   5  6A  6B    7    8   9   10  11  12  13   14  15   16   17  18
                                     12Z  AVG MX 2MIN
DY MAX MIN AVG DEP HDD CDD  WTR  SNW DPTH SPD SPD DIR MIN PSBL S-S WX    SPD DR
================================================================================

 1  88  76  82   5   0  17    T  0.0    0 12.5 21 150   M    M   3        26 120
 2  89  78  84   7   0  19    T  0.0    0 13.5 21 130   M    M   4        25 130
 3  91  76  84   7   0  19    T  0.0    0 10.2 22 190   M    M   3 3      27 190
 4   M   M   M   M   M   M 1.42    M    0  8.8 20 200   M    M   4 13     32 230
 5  84  68  76  -1   0  11 0.00  0.0    0 12.5 20 310   M    M   1        30 330
 6  82  66  74  -3   0   9 0.00  0.0    0 10.3 18 310   M    M   2        23 310
 7  83  61  72  -6   0   7 0.00  0.0    0  8.0 16 290   M    M   0        23  40
 8  83  63  73  -5   0   8 0.00  0.0    0  6.5 17  90   M    M   0        24  80
 9  85  67  76  -2   0  11 0.00  0.0    0  8.5 17 130   M    M   2        22 140
10  87  75  81   3   0  16 0.00  0.0    0 11.3 17 100   M    M   3        22 100
11  87  73  80   2   0  15 0.00  0.0    0  8.1 17  80   M    M   2        22  80
12  86  69  78   0   0  13 0.00  0.0    0  5.2 18  70   M    M   1 8      21  70
13  87  70  79   1   0  14 0.00  0.0    0  5.2 14 120   M    M   3        20 100
14  90  73  82   3   0  17 0.13  0.0    0  4.9 20 300   M    M   5 13     24 300
15  91  74  83   4   0  18 0.00  0.0    0  7.4 16 120   M    M   1 8      24 130
16  89  75  82   3   0  17 0.00  0.0    0  9.3 18 110   M    M   2 8      25 110
17  90  80  85   6   0  20 0.01  0.0    0 12.1 22 160   M    M   5        28 130
18  89  75  82   3   0  17 0.23  0.0    0  8.5 28 180   M    M   6 13     32 180
19  87  73  80   0   0  15 1.79  0.0    0  7.8 23 190   M    M   4 13     27 190
20  91  76  84   4   0  19 0.00  0.0    0  5.4 15 130   M    M   2 3      18 170
21  93  74  84   4   0  19 0.59  0.0    0  4.9 29 260   M    M   3 13     35 250
22  92  75  84   4   0  19 0.00  0.0    0  8.7 16 300   M    M   2 8      20 300
23  89  75  82   2   0  17 0.00  0.0    0  5.9 16 320   M    M   3        21 320
24  89  73  81   1   0  16 0.40  0.0    0  6.0 23  80   M    M   3 138    30  80
25  86  75  81   1   0  16 0.00  0.0    0 12.3 21  90   M    M   2 8      27  70
26  86  71  79  -2   0  14    T  0.0    0 10.3 20  90   M    M   4        25  60
27  88  74  81   0   0  16 0.00  0.0    0 10.3 20  80   M    M   3        23  40
================================================================================
SM 2282 1885         0 399  4.57     0.0 234.4          M       73
================================================================================
AV 87.8 72.5                               8.7 FASTST   M    M   3    MAX(MPH)
                                 MISC ---->  # 29 260               # 35  250
================================================================================
NOTES:
# LAST OF SEVERAL OCCURRENCES

COLUMN 17 PEAK WIND IN M.P.H.

PRELIMINARY LOCAL CLIMATOLOGICAL DATA (WS FORM: F-6) , PAGE 2

                                          STATION:  OPA-LOCKA ARPT
                                          MONTH:    MAY
                                          YEAR:     2016
                                          LATITUDE:   25 53 N
                                          LONGITUDE:  80 17 W

[TEMPERATURE DATA]      [PRECIPITATION DATA]       SYMBOLS USED IN COLUMN 16

AVERAGE MONTHLY: 80.1   TOTAL FOR MONTH:   4.57    1 = FOG OR MIST
DPTR FM NORMAL:   1.4   DPTR FM NORMAL:   -0.12    2 = FOG REDUCING VISIBILITY
HIGHEST:    93 ON 21    GRTST 24HR  1.89 ON 18-19      TO 1/4 MILE OR LESS
LOWEST:     61 ON  7                               3 = THUNDER
                        SNOW, ICE PELLETS, HAIL    4 = ICE PELLETS
                        TOTAL MONTH:   0.0 INCH    5 = HAIL
                        GRTST 24HR     0.0         6 = FREEZING RAIN OR DRIZZLE
                        GRTST DEPTH:   0           7 = DUSTSTORM OR SANDSTORM:
                                                       VSBY 1/2 MILE OR LESS
                                                   8 = SMOKE OR HAZE
[NO. OF DAYS WITH]      [WEATHER - DAYS WITH]      9 = BLOWING SNOW
                                                   X = TORNADO
MAX 32 OR BELOW:   0    0.01 INCH OR MORE:   7
MAX 90 OR ABOVE:   7    0.10 INCH OR MORE:   6
MIN 32 OR BELOW:   0    0.50 INCH OR MORE:   3
MIN  0 OR BELOW:   0    1.00 INCH OR MORE:   2

[HDD (BASE 65) ]
TOTAL THIS MO.     0    CLEAR  (SCALE 0-3)  19
DPTR FM NORMAL     0    PTCLDY (SCALE 4-7)   8
TOTAL FM JUL 1    62    CLOUDY (SCALE 8-10)  0
DPTR FM NORMAL   -78

[CDD (BASE 65) ]
TOTAL THIS MO.   399
DPTR FM NORMAL    28    [PRESSURE DATA]
TOTAL FM JAN 1  1376    HIGHEST SLP M ON M
DPTR FM NORMAL   208    LOWEST  SLP 29.68 ON  4

[REMARKS]
