000
CXUS52 KMFL 291000
CF6OPF
PRELIMINARY LOCAL CLIMATOLOGICAL DATA (WS FORM: F-6)

                                          STATION:   OPA-LOCKA ARPT
                                          MONTH:     JULY
                                          YEAR:      2014
                                          LATITUDE:   25 53 N
                                          LONGITUDE:  80 17 W

  TEMPERATURE IN F:       :PCPN:    SNOW:  WIND      :SUNSHINE: SKY     :PK WND
================================================================================
1   2   3   4   5  6A  6B    7    8   9   10  11  12  13   14  15   16   17  18
                                     12Z  AVG MX 2MIN
DY MAX MIN AVG DEP HDD CDD  WTR  SNW DPTH SPD SPD DIR MIN PSBL S-S WX    SPD DR
================================================================================

 1  89  74  82  -1   0  17 1.07  0.0    0  9.8 18 320   M    M   1 138    26 270
 2  89  77  83   0   0  18 0.01  0.0    0  5.6 25 280   M    M   3 38     36 280
 3  93  75  84   1   0  19 0.37  0.0    0  6.8 38  80   M    M   3 138    54 100
 4  93  76  85   2   0  20 0.24  0.0    0  4.8 20 140   M    M   1 138    25 140
 5  88  74  81  -2   0  16 0.74  0.0    0  3.4 20 310   M    M   2 138    22 330
 6  88  75  82  -1   0  17 0.19  0.0    0  3.5 18 200   M    M   2 13     28 210
 7  89  75  82  -1   0  17 0.01  0.0    0  5.0 14  90   M    M   2 3      18 100
 8  89  75  82  -1   0  17 0.22  0.0    0  2.9 10 110   M    M   3 3       M  M
 9  92  75  84   1   0  19 0.01  0.0    0  3.7 22 130   M    M   2 138    29 120
10  86  74  80  -3   0  15 0.69  0.0    0  3.7 17 220   M    M   1 13     22 140
11  91  75  83   0   0  18    T  0.0    0  7.6 15  90   M    M   2 3      21 110
12  90  77  84   1   0  19 0.14  0.0    0  8.5 18 320   M    M   4 3      22 110
13  90  78  84   1   0  19    T  0.0    0  8.8 18 130   M    M   1        22 140
14  90  73  82  -1   0  17 0.96  0.0    0  4.0 35 250   M    M   3 13     41 260
15  90  76  83   0   0  18    T  0.0    0  4.6 24 190   M    M   1 3      29 190
16  91  77  84   1   0  19 0.16  0.0    0  5.8 20 170   M    M   2 3      29 200
17  88  75  82  -2   0  17 0.05  0.0    0  5.3 32 320   M    M   1 138    39 310
18  95  77  86   2   0  21 0.43  0.0    0  5.0 20  90   M    M   3 138    24 100
19  91  78  85   1   0  20 0.31  0.0    0  3.5 14  90   M    M   3 3       M  M
20  91  79  85   1   0  20 0.88  0.0    0  4.0 10 100   M    M   4 3       M  M
21  90  76  83  -1   0  18 2.68  0.0    0  4.8 17 260   M    M   2 3      23 270
22  90  77  84   0   0  19 1.23  0.0    0  4.8 15 120   M    M   2 1      15 120
23  85  76  81  -3   0  16 1.23  0.0    0  3.4 21 230   M    M   5 13     23 230
24  89  78  84   0   0  19 0.11  0.0    0  3.7 23 270   M    M   3 13     28 260
25  93  75  84   0   0  19    T  0.0    0  4.9 15 130   M    M   2 3      18 130
26  90  78  84   0   0  19    T  0.0    M  3.8 16 220   M    M   3 3      19 220
27  94  78  86   2   0  21 0.00  0.0    0  4.7 16 160   M    M   2 18     20 160
28  96  80  88   4   0  23 0.00  0.0    0  6.2 20 140   M    M   3        24 130
================================================================================
SM 2530 2133         0 517 11.73     0.0 142.6          M       66
================================================================================
AV 90.4 76.2                               5.1 FASTST   M    M   2    MAX(MPH)
                                 MISC ---->  # 38  80               # 54  100
================================================================================
NOTES:
# LAST OF SEVERAL OCCURRENCES

COLUMN 17 PEAK WIND IN M.P.H.

PRELIMINARY LOCAL CLIMATOLOGICAL DATA (WS FORM: F-6) , PAGE 2

                                          STATION:  OPA-LOCKA ARPT
                                          MONTH:    JULY
                                          YEAR:     2014
                                          LATITUDE:   25 53 N
                                          LONGITUDE:  80 17 W

[TEMPERATURE DATA]      [PRECIPITATION DATA]       SYMBOLS USED IN COLUMN 16

AVERAGE MONTHLY: 83.3   TOTAL FOR MONTH:  11.73    1 = FOG OR MIST
DPTR FM NORMAL:  -0.2   DPTR FM NORMAL:    5.35    2 = FOG REDUCING VISIBILITY
HIGHEST:    96 ON 28    GRTST 24HR 12.10 ON 22-23      TO 1/4 MILE OR LESS
LOWEST:     73 ON 14                               3 = THUNDER
                        SNOW, ICE PELLETS, HAIL    4 = ICE PELLETS
                        TOTAL MONTH:   0.0 INCH    5 = HAIL
                        GRTST 24HR     0.0         6 = FREEZING RAIN OR DRIZZLE
                        GRTST DEPTH:   0           7 = DUSTSTORM OR SANDSTORM:
                                                       VSBY 1/2 MILE OR LESS
                                                   8 = SMOKE OR HAZE
[NO. OF DAYS WITH]      [WEATHER - DAYS WITH]      9 = BLOWING SNOW
                                                   X = TORNADO
MAX 32 OR BELOW:   0    0.01 INCH OR MORE:  21
MAX 90 OR ABOVE:  18    0.10 INCH OR MORE:  17
MIN 32 OR BELOW:   0    0.50 INCH OR MORE:   8
MIN  0 OR BELOW:   0    1.00 INCH OR MORE:   4

[HDD (BASE 65) ]
TOTAL THIS MO.     0    CLEAR  (SCALE 0-3)  23
DPTR FM NORMAL     0    PTCLDY (SCALE 4-7)   5
TOTAL FM JUL 1     0    CLOUDY (SCALE 8-10)  0
DPTR FM NORMAL     0

[CDD (BASE 65) ]
TOTAL THIS MO.   517
DPTR FM NORMAL     2    [PRESSURE DATA]
TOTAL FM JAN 1  2506    HIGHEST SLP M ON M
DPTR FM NORMAL   238    LOWEST  SLP 29.85 ON  1

[REMARKS]
