000
CXUS52 KMFL 011000
CF6OPF
PRELIMINARY LOCAL CLIMATOLOGICAL DATA (WS FORM: F-6)

                                          STATION:   OPA-LOCKA ARPT
                                          MONTH:     APRIL
                                          YEAR:      2016
                                          LATITUDE:   25 53 N
                                          LONGITUDE:  80 17 W

  TEMPERATURE IN F:       :PCPN:    SNOW:  WIND      :SUNSHINE: SKY     :PK WND
================================================================================
1   2   3   4   5  6A  6B    7    8   9   10  11  12  13   14  15   16   17  18
                                     12Z  AVG MX 2MIN
DY MAX MIN AVG DEP HDD CDD  WTR  SNW DPTH SPD SPD DIR MIN PSBL S-S WX    SPD DR
================================================================================

 1  90  75  83   9   0  18 0.00  0.0    0 11.9 20 160   M    M   2        25 160
 2  91  78  85  11   0  20    T  0.0    0 12.2 22 280   M    M   3        29 250
 3  81  70  76   2   0  11    T  0.0    0  9.4 23 330   M    M   6        26 330
 4  82  68  75   1   0  10    T  0.0    0  5.7 15 320   M    M   3 3      18 310
 5  85  66  76   2   0  11 0.00  0.0    0  6.5 16  60   M    M   1        22  70
 6  81  65  73  -1   0   8 0.00  0.0    0 12.8 26  90   M    M   6        31  80
 7  86  70  78   4   0  13 0.12  0.0    0  9.1 17 290   M    M   3 1      24 270
 8  84  66  75   1   0  10 0.00  0.0    0  8.3 18 260   M    M   1        22 270
 9  83  66  75   1   0  10 0.00  0.0    0  9.1 18  80   M    M   0        23  80
10  80  64  72  -2   0   7 0.00  0.0    0 10.8 22  70   M    M   3        27  90
11  82  70  76   2   0  11    T  0.0    0 12.3 22  90   M    M   5        29  90
12  85  65  75   1   0  10 0.00  0.0    0  5.9 14 120   M    M   3        18 110
13  86  66  76   1   0  11 0.00  0.0    0  5.6 17  90   M    M   1        22  80
14  86  69  78   3   0  13 0.00  0.0    0  5.8 16 130   M    M   3        24 130
15  90  69  80   5   0  15    T  0.0    0  6.5 29  80   M    M   4 13     34  80
16  84  69  77   2   0  12    T  0.0    0 10.8 21  60   M    M   4        26  60
17  82  70  76   1   0  11    T  0.0    0 14.2 23  50   M    M   4        30  80
18  83  65  74  -1   0   9    T  0.0    0 10.5 23  70   M    M   5        33  80
19  82  65  74  -1   0   9 0.00  0.0    0  9.3 20  80   M    M   3        26  80
20  83  68  76   1   0  11 0.00  0.0    0 11.0 23  90   M    M   4        28  90
21  84  72  78   3   0  13 0.00  0.0    0 14.4 24 130   M    M   4        29 140
22  85  74  80   4   0  15    T  0.0    0 12.6 22 140   M    M   6        27 140
23   M  74   M   M   M   M 0.00  0.0    0  8.1 12 290   M    M   0         M  M
24  88  68  78   2   0  13 0.00  0.0    M 11.2 18  80   M    M   1        23  90
25  85  72  79   3   0  14    T  0.0    0  9.5 18 100   M    M   4        24 120
26  85  68  77   1   0  12 0.00  0.0    0  8.1 18 110   M    M   2        23 120
27  87  68  78   2   0  13 0.00  0.0    0  7.4 16 130   M    M   2 8      21 110
28  89  70  80   4   0  15 0.00  0.0    0  6.3 17 120   M    M   3 8      22 120
29  90  72  81   5   0  16 0.00  0.0    0  5.9 15 120   M    M   1 8      23 110
30  85  73  79   3   0  14 0.00  0.0    0 10.7 20 110   M    M   1        25 130
================================================================================
SM 2464 2075         0 355  0.12     0.0 281.9          M       88
================================================================================
AV 85.0 69.2                               9.4 FASTST   M    M   3    MAX(MPH)
                                 MISC ---->  # 29  80               # 34   80
================================================================================
NOTES:
# LAST OF SEVERAL OCCURRENCES

COLUMN 17 PEAK WIND IN M.P.H.

PRELIMINARY LOCAL CLIMATOLOGICAL DATA (WS FORM: F-6) , PAGE 2

                                          STATION:  OPA-LOCKA ARPT
                                          MONTH:    APRIL
                                          YEAR:     2016
                                          LATITUDE:   25 53 N
                                          LONGITUDE:  80 17 W

[TEMPERATURE DATA]      [PRECIPITATION DATA]       SYMBOLS USED IN COLUMN 16

AVERAGE MONTHLY: 77.1   TOTAL FOR MONTH:   0.12    1 = FOG OR MIST
DPTR FM NORMAL:   2.2   DPTR FM NORMAL:   -2.89    2 = FOG REDUCING VISIBILITY
HIGHEST:    91 ON  2    GRTST 24HR  0.12 ON  7- 7      TO 1/4 MILE OR LESS
LOWEST:     64 ON 10                               3 = THUNDER
                        SNOW, ICE PELLETS, HAIL    4 = ICE PELLETS
                        TOTAL MONTH:   0.0 INCH    5 = HAIL
                        GRTST 24HR     0.0         6 = FREEZING RAIN OR DRIZZLE
                        GRTST DEPTH:   0           7 = DUSTSTORM OR SANDSTORM:
                                                       VSBY 1/2 MILE OR LESS
                                                   8 = SMOKE OR HAZE
[NO. OF DAYS WITH]      [WEATHER - DAYS WITH]      9 = BLOWING SNOW
                                                   X = TORNADO
MAX 32 OR BELOW:   0    0.01 INCH OR MORE:   1
MAX 90 OR ABOVE:   4    0.10 INCH OR MORE:   1
MIN 32 OR BELOW:   0    0.50 INCH OR MORE:   0
MIN  0 OR BELOW:   0    1.00 INCH OR MORE:   0

[HDD (BASE 65) ]
TOTAL THIS MO.     0    CLEAR  (SCALE 0-3)  18
DPTR FM NORMAL    -1    PTCLDY (SCALE 4-7)  12
TOTAL FM JUL 1    62    CLOUDY (SCALE 8-10)  0
DPTR FM NORMAL   -78

[CDD (BASE 65) ]
TOTAL THIS MO.   355
DPTR FM NORMAL    57    [PRESSURE DATA]
TOTAL FM JAN 1   977    HIGHEST SLP 30.23 ON 10
DPTR FM NORMAL   180    LOWEST  SLP 29.87 ON 23

[REMARKS]
#FINAL-04-16#
