000
CXUS52 KMFL 221000
CF6OPF
PRELIMINARY LOCAL CLIMATOLOGICAL DATA (WS FORM: F-6)

                                          STATION:   OPA-LOCKA ARPT
                                          MONTH:     FEBRUARY
                                          YEAR:      2017
                                          LATITUDE:   25 53 N
                                          LONGITUDE:  80 17 W

  TEMPERATURE IN F:       :PCPN:    SNOW:  WIND      :SUNSHINE: SKY     :PK WND
================================================================================
1   2   3   4   5  6A  6B    7    8   9   10  11  12  13   14  15   16   17  18
                                     12Z  AVG MX 2MIN
DY MAX MIN AVG DEP HDD CDD  WTR  SNW DPTH SPD SPD DIR MIN PSBL S-S WX    SPD DR
================================================================================

 1  80  56  68   0   0   3 0.00  0.0    0  4.9 14 130   M    M   1        17 110
 2  80  61  71   3   0   6 0.00  0.0    0  5.5 17  80   M    M   3        24  40
 3  82  63  73   5   0   8    T  0.0    0  4.2 15  60   M    M   2        23  90
 4  83  64  74   6   0   9 0.00  0.0    0  6.0 14 100   M    M   1        18  90
 5  84  65  75   7   0  10 0.00  0.0    0  3.2 13 140   M    M   1        16 120
 6  83  65  74   6   0   9    T  0.0    0  7.4 18  80   M    M   2        23  70
 7  83  69  76   8   0  11 0.00  0.0    0  8.7 15 160   M    M   4        20 130
 8  88  70  79  10   0  14 0.00  0.0    0  6.6 12 260   M    M   1        18 220
 9   M   M   M   M   M   M 0.00  0.0    0 11.1 17 290   M    M   4 12     24 290
10  79  62  71   2   0   6 0.00  0.0    0 10.9 21  40   M    M   1        32  80
11  80  61  71   2   0   6 0.00  0.0    0  5.5 14 130   M    M   1        18 100
12  82  60  71   2   0   6 0.00  0.0    0  4.2 14 140   M    M   2        17 140
13  81  62  72   3   0   7 0.00  0.0    0  5.9 10 320   M    M   2         M  M
14  84  64  74   5   0   9 0.00  0.0    0  5.8 14 170   M    M   1 18      M  M
15  80  63  72   3   0   7 0.00  0.0    0 10.8 17 240   M    M   2        25 240
16  80  62  71   2   0   6 0.00  0.0    0 12.0 17 280   M    M   6 8      24 280
17  81  58  70   0   0   5 0.00  0.0    0  7.3 12 110   M    M   2         M  M
18  82  61  72   2   0   7 0.00  0.0    0  4.7 12 140   M    M   2        17 180
19  88  68  78   8   0  13 0.00  0.0    0  8.0 15 290   M    M   2 1      18 290
20  82  66  74   4   0   9 0.00  0.0    0  7.1 14  80   M    M   2        18 100
21  79  64  72   2   0   7 0.00  0.0    0  8.3 17 110   M    M   4        22 110
================================================================================
SM 1641 1264         0 158    T      0.0 148.1          M       46
================================================================================
AV 82.1 63.2                               7.1 FASTST   M    M   2    MAX(MPH)
                                 MISC ---->  # 21  40               # 32   80
================================================================================
NOTES:
# LAST OF SEVERAL OCCURRENCES

COLUMN 17 PEAK WIND IN M.P.H.

PRELIMINARY LOCAL CLIMATOLOGICAL DATA (WS FORM: F-6) , PAGE 2

                                          STATION:  OPA-LOCKA ARPT
                                          MONTH:    FEBRUARY
                                          YEAR:     2017
                                          LATITUDE:   25 53 N
                                          LONGITUDE:  80 17 W

[TEMPERATURE DATA]      [PRECIPITATION DATA]       SYMBOLS USED IN COLUMN 16

AVERAGE MONTHLY: 72.6   TOTAL FOR MONTH:      T    1 = FOG OR MIST
DPTR FM NORMAL:   3.7   DPTR FM NORMAL:   -1.87    2 = FOG REDUCING VISIBILITY
HIGHEST:    88 ON 19, 8 GRTST 24HR    T  ON  6- 6      TO 1/4 MILE OR LESS
LOWEST:     56 ON  1                               3 = THUNDER
                        SNOW, ICE PELLETS, HAIL    4 = ICE PELLETS
                        TOTAL MONTH:   0.0 INCH    5 = HAIL
                        GRTST 24HR     0.0         6 = FREEZING RAIN OR DRIZZLE
                        GRTST DEPTH:   0           7 = DUSTSTORM OR SANDSTORM:
                                                       VSBY 1/2 MILE OR LESS
                                                   8 = SMOKE OR HAZE
[NO. OF DAYS WITH]      [WEATHER - DAYS WITH]      9 = BLOWING SNOW
                                                   X = TORNADO
MAX 32 OR BELOW:   0    0.01 INCH OR MORE:   0
MAX 90 OR ABOVE:   0    0.10 INCH OR MORE:   0
MIN 32 OR BELOW:   0    0.50 INCH OR MORE:   0
MIN  0 OR BELOW:   0    1.00 INCH OR MORE:   0

[HDD (BASE 65) ]
TOTAL THIS MO.     0    CLEAR  (SCALE 0-3)  16
DPTR FM NORMAL   -21    PTCLDY (SCALE 4-7)   5
TOTAL FM JUL 1    19    CLOUDY (SCALE 8-10)  0
DPTR FM NORMAL  -100

[CDD (BASE 65) ]
TOTAL THIS MO.   158
DPTR FM NORMAL    54    [PRESSURE DATA]
TOTAL FM JAN 1   350    HIGHEST SLP M ON M
DPTR FM NORMAL   121    LOWEST  SLP 29.91 ON 21

[REMARKS]
