000
CXUS54 KMRX 011000
CF6OQT
PRELIMINARY LOCAL CLIMATOLOGICAL DATA (WS FORM: F-6)

                                          STATION:   OAK_RIDGE_(ASOS)
                                          MONTH:     FEBRUARY
                                          YEAR:      2017
                                          LATITUDE:   36  1 N
                                          LONGITUDE:  84 14 W

  TEMPERATURE IN F:       :PCPN:    SNOW:  WIND      :SUNSHINE: SKY     :PK WND
================================================================================
1   2   3   4   5  6A  6B    7    8   9   10  11  12  13   14  15   16   17  18
                                     12Z  AVG MX 2MIN
DY MAX MIN AVG DEP HDD CDD  WTR  SNW DPTH SPD SPD DIR MIN PSBL S-S WX    SPD DR
================================================================================

 1  70  36  53  14  12   0 0.00    M    M  3.9 14 210   M    M   3        23 260
 2  53  42  48   9  17   0 0.02    M    M  3.6 10  80   M    M   8        14  70
 3  43  29  36  -3  29   0    T    M    M  4.6 10 360   M    M   7        15 350
 4  47  23  35  -4  30   0 0.00    M    M  4.2 10  70   M    M   1        15  60
 5  52  36  44   4  21   0 0.01    M    M  3.8 10 210   M    M   7        17 210
 6  49  31  40   0  25   0 0.10    M    M  0.8  6 210   M    M   8 12     10 220
 7  65  49  57  17   8   0 0.42    M    M  3.4 21 200   M    M   9 1      32 200
 8  67  49  58  18   7   0 0.20    M    M  2.3 17 280   M    M   8 12     32 280
 9  50  27  39  -1  26   0 0.01    M    M  4.4 20 280   M    M   5        29 280
10  57  23  40   0  25   0 0.00    M    M  2.6 12 210   M    M   0        18 210
11  60  47  54  13  11   0    T    M    M  3.5  7 250   M    M   8        10 250
12  77  51  64  23   1   0 0.00    M    M  5.8 15 260   M    M   8        24 280
13  57  36  47   6  18   0 0.00    M    M  3.2 13 330   M    M   0        20 330
14  50  30  40  -2  25   0    T    M    M  0.8  6 150   M    M   7         8  80
15  53  35  44   2  21   0 0.29    M    M  3.7 14 310   M    M   6 1      21 330
16  57  28  43   1  22   0 0.00    M    M  2.7 12 260   M    M   0        17 250
17  68  32  50   8  15   0 0.00    M    M  2.7 14 200   M    M   0        20 200
18  51  41  46   4  19   0 0.26    M    M  1.2  9 240   M    M   6 1      17 220
19  66  45  56  13   9   0 0.00    M    M  0.7  8  80   M    M   6 12     12  70
20  72  39  56  13   9   0 0.00    M    M  0.7  7  80   M    M   0 1       9 100
21  73  45  59  16   6   0    T    M    M  2.0 12 190   M    M   5        19 190
22  62  51  57  13   8   0 0.10    M    M  1.2  7  60   M    M   9 12     11  40
23  74  50  62  18   3   0 0.00    M    M  0.5  7 270   M    M   6 128     9 260
24  78  50  64  20   1   0 0.00    M    M  4.9 15 170   M    M   4        22 190
25  70  33  52   7  13   0 0.46    M    M  6.5 17 290   M    M   4 1      26 270
26  53  26  40  -5  25   0 0.00    M    M  1.2  8  90   M    M   0        12  70
27  53  36  45   0  20   0 0.02  0.0    0  2.3  9 260   M    M   6        14 250
28  57  41  49   3  16   0 0.87    M    0  1.1  7 250   M    M   8 1      12 260
================================================================================
SM 1684 1061       442   0  2.76     0.0  78.3          M      139
================================================================================
AV 60.1 37.9                               2.8 FASTST   M    M   5    MAX(MPH)
                                 MISC ---->  # 21 200               # 32  200
================================================================================
NOTES:
# LAST OF SEVERAL OCCURRENCES

COLUMN 17 PEAK WIND IN M.P.H.

PRELIMINARY LOCAL CLIMATOLOGICAL DATA (WS FORM: F-6) , PAGE 2

                                          STATION:  OAK_RIDGE_(ASOS)
                                          MONTH:    FEBRUARY
                                          YEAR:     2017
                                          LATITUDE:   36  1 N
                                          LONGITUDE:  84 14 W

[TEMPERATURE DATA]      [PRECIPITATION DATA]       SYMBOLS USED IN COLUMN 16

AVERAGE MONTHLY: 49.0   TOTAL FOR MONTH:   2.76    1 = FOG OR MIST
DPTR FM NORMAL:   7.2   DPTR FM NORMAL:   -1.81    2 = FOG REDUCING VISIBILITY
HIGHEST:    78 ON 24    GRTST 24HR  0.87 ON 28-28      TO 1/4 MILE OR LESS
LOWEST:     23 ON 10, 4                            3 = THUNDER
                        SNOW, ICE PELLETS, HAIL    4 = ICE PELLETS
                        TOTAL MONTH:   0.0 INCH    5 = HAIL
                        GRTST 24HR     0.0         6 = FREEZING RAIN OR DRIZZLE
                        GRTST DEPTH:   0           7 = DUSTSTORM OR SANDSTORM:
                                                       VSBY 1/2 MILE OR LESS
                                                   8 = SMOKE OR HAZE
[NO. OF DAYS WITH]      [WEATHER - DAYS WITH]      9 = BLOWING SNOW
                                                   X = TORNADO
MAX 32 OR BELOW:   0    0.01 INCH OR MORE:  12
MAX 90 OR ABOVE:   0    0.10 INCH OR MORE:   8
MIN 32 OR BELOW:   9    0.50 INCH OR MORE:   1
MIN  0 OR BELOW:   0    1.00 INCH OR MORE:   0

[HDD (BASE 65) ]
TOTAL THIS MO.   442    CLEAR  (SCALE 0-3)   8
DPTR FM NORMAL  -208    PTCLDY (SCALE 4-7)  17
TOTAL FM JUL 1  2108    CLOUDY (SCALE 8-10)  3
DPTR FM NORMAL  -854

[CDD (BASE 65) ]
TOTAL THIS MO.     0
DPTR FM NORMAL     0    [PRESSURE DATA]
TOTAL FM JAN 1     0    HIGHEST SLP 30.55 ON  4
DPTR FM NORMAL     0    LOWEST  SLP 29.62 ON 25

[REMARKS]
#FINAL-02-17#
