000
CXUS51 KBOX 011200
CF6ORH
PRELIMINARY LOCAL CLIMATOLOGICAL DATA (WS FORM: F-6)

                                          STATION:   WORCESTER MA
                                          MONTH:     JUNE
                                          YEAR:      2015
                                          LATITUDE:   42 16 N
                                          LONGITUDE:  71 52 W

  TEMPERATURE IN F:       :PCPN:    SNOW:  WIND      :SUNSHINE: SKY     :PK WND
================================================================================
1   2   3   4   5  6A  6B    7    8   9   10  11  12  13   14  15   16   17  18
                                     12Z  AVG MX 2MIN
DY MAX MIN AVG DEP HDD CDD  WTR  SNW DPTH SPD SPD DIR MIN PSBL S-S WX    SPD DR
================================================================================

 1  48  44  46 -15  19   0 0.99  0.0    M 12.8 20  60   M    M  10 1      31  60
 2  48  44  46 -15  19   0 0.88  0.0    M  7.6 16  50   M    M  10 12     25  50
 3  65  42  54  -8  11   0 0.00  0.0    M  6.0 13 140   M    M   5 12     17 310
 4  66  49  58  -4   7   0 0.00  0.0    M  5.0 14 150   M    M   5 8      17 150
 5  75  47  61  -1   4   0    T  0.0    M  6.2 12 210   M    M   3        14 170
 6  74  56  65   3   0   0 0.01  0.0    M 10.0 18 360   M    M   3        25  40
 7  71  53  62  -1   3   0 0.00  0.0    M  8.8 16 190   M    M   0        21 190
 8  73  52  63   0   2   0    T  0.0    M 16.9 26 190   M    M   5        37 220
 9  75  59  67   4   0   2 0.67  0.0    M 11.5 28 250   M    M   7 13     37 280
10  78  57  68   4   0   3 0.00  0.0    M 11.3 17 230   M    M   1        23 280
11  84  64  74  10   0   9 0.00  0.0    M 11.9 21 270   M    M   1        27 260
12  83  61  72   8   0   7 0.00  0.0    M  7.8 17 220   M    M   2        22 260
13  82  65  74   9   0   9 0.01  0.0    M  8.5 20 270   M    M   1        25 340
14  81  63  72   7   0   7    T  0.0    M  7.3 15 160   M    M   1        19 130
15  63  53  58  -7   7   0 1.09  0.0    M  7.0 18 140   M    M   9 12     20 140
16  74  53  64  -1   1   0    T  0.0    M  7.6 18 280   M    M   8 12     26 270
17  71  55  63  -3   2   0 0.00  0.0    M  7.3 17 360   M    M   1        24 340
18  74  53  64  -2   1   0 0.00  0.0    M 10.1 16 230   M    M   3        20 220
19  81  60  71   5   0   6 0.00  0.0    M 10.3 17 230   M    M   5 1      21 300
20  71  57  64  -2   1   0 0.14  0.0    M  8.2 16 200   M    M   6 1      19 190
21  81  62  72   5   0   7 1.36  0.0    M  6.1 14 290   M    M   5 12     17 280
22  81  66  74   7   0   9 0.00  0.0    M 10.6 18 300   M    M   2        24 290
23  86  63  75   8   0  10 0.03  0.0    M 12.5 28 230   M    M   2 3      35 220
24  80  62  71   4   0   6 0.00  0.0    M 11.7 17 290   M    M   1        22 300
25  77  60  69   1   0   4 0.00  0.0    M  8.3 18 280   M    M   1        24 250
26  74  59  67  -1   0   2    T  0.0    M  6.5 13  20   M    M   5        18  30
27  70  55  63  -5   2   0 0.30  0.0    M  7.6 14  90   M    M   3 1      20 100
28  57  49  53 -15  12   0 0.87  0.0    M 12.3 22  30   M    M  10 1      33  40
29  72  51  62  -6   3   0    T  0.0    M  7.1 15 260   M    M   9 1      19 270
30  79  57  68  -1   0   3 0.00  0.0    M  6.0 16 210   M    M   2        20 210
================================================================================
SM 2194 1671        94  84  6.35     0.0 270.8          M      126
================================================================================
AV 73.1 55.7                               9.0 FASTST   M    M   4    MAX(MPH)
                                 MISC ---->  # 28 250               # 37  220
================================================================================
NOTES:
# LAST OF SEVERAL OCCURRENCES

COLUMN 17 PEAK WIND IN M.P.H.

PRELIMINARY LOCAL CLIMATOLOGICAL DATA (WS FORM: F-6) , PAGE 2

                                          STATION:  WORCESTER MA
                                          MONTH:    JUNE
                                          YEAR:     2015
                                          LATITUDE:   42 16 N
                                          LONGITUDE:  71 52 W

[TEMPERATURE DATA]      [PRECIPITATION DATA]       SYMBOLS USED IN COLUMN 16

AVERAGE MONTHLY: 64.4   TOTAL FOR MONTH:   6.35    1 = FOG OR MIST
DPTR FM NORMAL:  -0.6   DPTR FM NORMAL:    2.16    2 = FOG REDUCING VISIBILITY
HIGHEST:    86 ON 23    GRTST 24HR  1.50 ON 20-21      TO 1/4 MILE OR LESS
LOWEST:     42 ON  3                               3 = THUNDER
                        SNOW, ICE PELLETS, HAIL    4 = ICE PELLETS
                        TOTAL MONTH:   0.0 INCH    5 = HAIL
                        GRTST 24HR     0.0         6 = FREEZING RAIN OR DRIZZLE
                        GRTST DEPTH:  M  ON   M    7 = DUSTSTORM OR SANDSTORM:
                                                       VSBY 1/2 MILE OR LESS
                                                   8 = SMOKE OR HAZE
[NO. OF DAYS WITH]      [WEATHER - DAYS WITH]      9 = BLOWING SNOW
                                                   X = TORNADO
MAX 32 OR BELOW:   0    0.01 INCH OR MORE:  11
MAX 90 OR ABOVE:   0    0.10 INCH OR MORE:   8
MIN 32 OR BELOW:   0    0.50 INCH OR MORE:   6
MIN  0 OR BELOW:   0    1.00 INCH OR MORE:   2

[HDD (BASE 65) ]
TOTAL THIS MO.    94    CLEAR  (SCALE 0-3)  15
DPTR FM NORMAL    11    PTCLDY (SCALE 4-7)  10
TOTAL FM JUL 1  6986    CLOUDY (SCALE 8-10)  5
DPTR FM NORMAL   269

[CDD (BASE 65) ]
TOTAL THIS MO.    84
DPTR FM NORMAL     0    [PRESSURE DATA]
TOTAL FM JAN 1   150    HIGHEST SLP 30.34 ON  4
DPTR FM NORMAL    44    LOWEST  SLP 29.63 ON  9

[REMARKS]
#FINAL-06-15#
