000
CXUS51 KBOX 241200
CF6ORH
PRELIMINARY LOCAL CLIMATOLOGICAL DATA (WS FORM: F-6)

                                          STATION:   WORCESTER MA
                                          MONTH:     FEBRUARY
                                          YEAR:      2018
                                          LATITUDE:   42 16 N
                                          LONGITUDE:  71 52 W

  TEMPERATURE IN F:       :PCPN:    SNOW:  WIND      :SUNSHINE: SKY     :PK WND
================================================================================
1   2   3   4   5  6A  6B    7    8   9   10  11  12  13   14  15   16   17  18
                                     12Z  AVG MX 2MIN
DY MAX MIN AVG DEP HDD CDD  WTR  SNW DPTH SPD SPD DIR MIN PSBL S-S WX    SPD DR
================================================================================

 1  41  24  33   8  32   0 0.14  0.3    M 12.5 21 230   M    M   8 18     29 250
 2  33   5  19  -6  46   0 0.18  0.7    M 17.7 33 290   M    M   5 189    43 300
 3  21   1  11 -14  54   0 0.00  0.0    M 10.5 20 240   M    M   0        25 270
 4  40  19  30   5  35   0 0.49    T    M  9.7 23 200   M    M   9 12     32 180
 5  40  15  28   3  37   0 0.13  0.0    M 13.7 29 310   M    M   4 12     39 300
 6  28  15  22  -3  43   0 0.02  0.5    M  7.9 17 230   M    M   5 1      22 230
 7  35  17  26   0  39   0 0.76  2.5    M  8.1 24 300   M    M   6 126    34 300
 8  27  14  21  -5  44   0 0.00  0.0    M 10.0 25 300   M    M   4        31 280
 9  26  11  19  -7  46   0 0.00  0.0    M  9.0 16 200   M    M   4        21 220
10  45  26  36  10  29   0 0.44  0.0    M 11.9 20 220   M    M  10 128    27 210
11  51  34  43  17  22   0 0.85  0.0    M  7.2 16 230   M    M  10 12     26  40
12  55  25  40  14  25   0 0.01  0.0    M 13.5 24 300   M    M   4 128    34 310
13  30  18  24  -3  41   0 0.00  0.0    M  7.6 16 220   M    M   0        23 230
14  44  23  34   7  31   0 0.00  0.0    M 12.9 22 220   M    M   4        26 210
15  50  32  41  14  24   0    T  0.0    M  9.6 18 250   M    M   5 12     22 260
16  50  29  40  13  25   0 0.01  0.0    M 13.6 26 290   M    M   5 1      37 280
17  35  19  27   0  38   0 0.29  3.0    M  6.9 21 140   M    M   3 1      25 180
18  39  26  33   5  32   0 0.25  3.0    M 11.0 28 310   M    M   4 1      33 310
19  47  23  35   7  30   0 0.28  0.0    M 12.3 22 230   M    M   4 1      29 180
20  67  35  51  23  14   0 0.03  0.0    M 14.7 21 230   M    M   5 1      27 230
21  71  49  60  32   5   0 0.00  0.0    M 14.9 28 230   M    M   5 128    35 300
22  55  28  42  14  23   0 0.12  0.8    M  6.0 17 320   M    M  10 1      23 320
23  34  25  30   1  35   0 0.27  0.0    M  8.1 25 230   M    M   8 1      30 230
================================================================================
SM  964  513       750   0  4.27    10.8 249.3          M      122
================================================================================
AV 41.9 22.3                              10.8 FASTST   M    M   5    MAX(MPH)
                                 MISC ---->  # 33 290               # 43  300
================================================================================
NOTES:
# LAST OF SEVERAL OCCURRENCES

COLUMN 17 PEAK WIND IN M.P.H.

PRELIMINARY LOCAL CLIMATOLOGICAL DATA (WS FORM: F-6) , PAGE 2

                                          STATION:  WORCESTER MA
                                          MONTH:    FEBRUARY
                                          YEAR:     2018
                                          LATITUDE:   42 16 N
                                          LONGITUDE:  71 52 W

[TEMPERATURE DATA]      [PRECIPITATION DATA]       SYMBOLS USED IN COLUMN 16

AVERAGE MONTHLY: 32.1   TOTAL FOR MONTH:   4.27    1 = FOG OR MIST
DPTR FM NORMAL:   5.6   DPTR FM NORMAL:    1.66    2 = FOG REDUCING VISIBILITY
HIGHEST:    71 ON 21    GRTST 24HR  0.85 ON 11-11      TO 1/4 MILE OR LESS
LOWEST:      1 ON  3                               3 = THUNDER
                        SNOW, ICE PELLETS, HAIL    4 = ICE PELLETS
                        TOTAL MONTH:  10.8 INCHES  5 = HAIL
                        GRTST 24HR   3.0 ON 18-18  6 = FREEZING RAIN OR DRIZZLE
                        GRTST DEPTH:  M  ON   M    7 = DUSTSTORM OR SANDSTORM:
                                                       VSBY 1/2 MILE OR LESS
                                                   8 = SMOKE OR HAZE
[NO. OF DAYS WITH]      [WEATHER - DAYS WITH]      9 = BLOWING SNOW
                                                   X = TORNADO
MAX 32 OR BELOW:   5    0.01 INCH OR MORE:  16
MAX 90 OR ABOVE:   0    0.10 INCH OR MORE:  12
MIN 32 OR BELOW:  20    0.50 INCH OR MORE:   2
MIN  0 OR BELOW:   0    1.00 INCH OR MORE:   0

[HDD (BASE 65) ]
TOTAL THIS MO.   750    CLEAR  (SCALE 0-3)   3
DPTR FM NORMAL  -135    PTCLDY (SCALE 4-7)  15
TOTAL FM JUL 1  4378    CLOUDY (SCALE 8-10)  5
DPTR FM NORMAL  -280

[CDD (BASE 65) ]
TOTAL THIS MO.     0
DPTR FM NORMAL     0    [PRESSURE DATA]
TOTAL FM JAN 1     0    HIGHEST SLP M ON M
DPTR FM NORMAL     0    LOWEST  SLP 29.47 ON  5

[REMARKS]
