000
CXUS53 KGRB 290716
CF6OSH
PRELIMINARY LOCAL CLIMATOLOGICAL DATA (WS FORM: F-6)

                                          STATION:   OSHKOSH WI
                                          MONTH:     JULY
                                          YEAR:      2015
                                          LATITUDE:   44  0 N
                                          LONGITUDE:  88 34 W

  TEMPERATURE IN F:       :PCPN:    SNOW:  WIND      :SUNSHINE: SKY     :PK WND
================================================================================
1   2   3   4   5  6A  6B    7    8   9   10  11  12  13   14  15   16   17  18
                                     12Z  AVG MX 2MIN
DY MAX MIN AVG DEP HDD CDD  WTR  SNW DPTH SPD SPD DIR MIN PSBL S-S WX    SPD DR
================================================================================

 1  68  49  59 -11   6   0 0.00  0.0    0  5.7 14  40   M    M   1        17  60
 2  73  49  61  -9   4   0 0.00  0.0    0  5.2 13  60   M    M   0        16  50
 3  76  50  63  -8   2   0 0.00  0.0    0  4.4 10 220   M    M   0        16 200
 4  82  63  73   2   0   8 0.00  0.0    0  4.8  9 210   M    M   2 18     13 180
 5  82  62  72   1   0   7 0.00  0.0    0  7.9 17 180   M    M   1 18     22 180
 6  80  63  72   1   0   7 0.07  0.0    0 10.5 18 360   M    M   5 18     24 360
 7  71  51  61 -10   4   0 0.02  0.0    0 10.5 20  10   M    M   5 18     25  20
 8  70  48  59 -12   6   0 0.00  0.0    0  5.0 12 140   M    M   0 8      15 150
 9  78  51  65  -6   0   0 0.00  0.0    0  4.3 10 130   M    M   1        16 360
10  82  56  69  -2   0   4 0.00  0.0    0  4.6 12 200   M    M   2 18     17 200
11  80  58  69  -2   0   4 0.00  0.0    0  6.9 17 180   M    M   1 18     21 200
12  84  58  71   0   0   6 0.00  0.0    0  5.1 12 180   M    M   3 18     15 190
13  84  65  75   4   0  10 0.41  0.0    0  7.6 22 310   M    M   3 13     33 270
14  79  62  71   0   0   6 0.00  0.0    0 12.7 23 350   M    M   5        26 350
15  75  52  64  -7   1   0 0.00  0.0    0  5.7 13  40   M    M   0        19  30
16  75  51  63  -8   2   0 0.11  0.0    0  8.0 15 190   M    M   5 1      20 150
17  86  64  75   4   0  10 0.45  0.0    0  5.4 13 180   M    M   5 13     16 200
18  86  67  77   6   0  12 0.42  0.0    0  8.8 45 310   M    M   0 13     66 310
19  82  67  75   4   0  10 0.00  0.0    0  6.9 15 290   M    M   0        22 260
20  81  63  72   1   0   7 0.00  0.0    0  9.7 17 260   M    M   1 8      27 210
21  79  58  69  -2   0   4 0.00  0.0    0  7.4 17 320   M    M   1        23 330
22  81  57  69  -2   0   4 0.00  0.0    0  4.1 12 220   M    M   5        17 210
23  84  64  74   3   0   9 0.00  0.0    0  5.3 10 200   M    M   0        13 230
24  82  62  72   1   0   7 0.00  0.0    0  8.8 20 200   M    M   0        27 190
25  85  65  75   4   0  10 0.00  0.0    0  6.3 12  10   M    M   1 18     15 320
26  85  60  73   2   0   8 0.00  0.0    0  3.8 13 150   M    M   0        15 150
27  87  59  73   2   0   8 0.00  0.0    0  4.7 13 140   M    M   0        18  90
28  88  59  74   3   0   9 0.00  0.0    0  8.0 21 190   M    M   0 18     26 180
================================================================================
SM 2245 1633        25 150  1.48     0.0 188.1          M       47
================================================================================
AV 80.2 58.3                               6.7 FASTST   M    M   2    MAX(MPH)
                                 MISC ---->  # 45 310               # 66  310
================================================================================
NOTES:
# LAST OF SEVERAL OCCURRENCES

COLUMN 17 PEAK WIND IN M.P.H.

PRELIMINARY LOCAL CLIMATOLOGICAL DATA (WS FORM: F-6) , PAGE 2

                                          STATION:  OSHKOSH WI
                                          MONTH:    JULY
                                          YEAR:     2015
                                          LATITUDE:   44  0 N
                                          LONGITUDE:  88 34 W

[TEMPERATURE DATA]      [PRECIPITATION DATA]       SYMBOLS USED IN COLUMN 16

AVERAGE MONTHLY: 69.2   TOTAL FOR MONTH:   1.48    1 = FOG OR MIST
DPTR FM NORMAL:  -1.7   DPTR FM NORMAL:   -1.82    2 = FOG REDUCING VISIBILITY
HIGHEST:    88 ON 28    GRTST 24HR  0.56 ON 16-17      TO 1/4 MILE OR LESS
LOWEST:     48 ON  8                               3 = THUNDER
                        SNOW, ICE PELLETS, HAIL    4 = ICE PELLETS
                        TOTAL MONTH:   0.0 INCH    5 = HAIL
                        GRTST 24HR     0.0         6 = FREEZING RAIN OR DRIZZLE
                        GRTST DEPTH:   0           7 = DUSTSTORM OR SANDSTORM:
                                                       VSBY 1/2 MILE OR LESS
                                                   8 = SMOKE OR HAZE
[NO. OF DAYS WITH]      [WEATHER - DAYS WITH]      9 = BLOWING SNOW
                                                   X = TORNADO
MAX 32 OR BELOW:   0    0.01 INCH OR MORE:   6
MAX 90 OR ABOVE:   0    0.10 INCH OR MORE:   4
MIN 32 OR BELOW:   0    0.50 INCH OR MORE:   0
MIN  0 OR BELOW:   0    1.00 INCH OR MORE:   0

[HDD (BASE 65) ]
TOTAL THIS MO.    25    CLEAR  (SCALE 0-3)  22
DPTR FM NORMAL    23    PTCLDY (SCALE 4-7)   6
TOTAL FM JUL 1    25    CLOUDY (SCALE 8-10)  0
DPTR FM NORMAL    23

[CDD (BASE 65) ]
TOTAL THIS MO.   150
DPTR FM NORMAL   -18    [PRESSURE DATA]
TOTAL FM JAN 1   262    HIGHEST SLP M ON M
DPTR FM NORMAL   -44    LOWEST  SLP 29.48 ON 13

[REMARKS]
