000
CXUS53 KDMX 240920
CF6OTM
PRELIMINARY LOCAL CLIMATOLOGICAL DATA (WS FORM: F-6)

                                          STATION:   OTTUMWA IA
                                          MONTH:     DECEMBER
                                          YEAR:      2014
                                          LATITUDE:   41  6 N
                                          LONGITUDE:  92 27 W

  TEMPERATURE IN F:       :PCPN:    SNOW:  WIND      :SUNSHINE: SKY     :PK WND
================================================================================
1   2   3   4   5  6A  6B    7    8   9   10  11  12  13   14  15   16   17  18
                                     12Z  AVG MX 2MIN
DY MAX MIN AVG DEP HDD CDD  WTR  SNW DPTH SPD SPD DIR MIN PSBL S-S WX    SPD DR
================================================================================

 1  18  11  15 -16  50   0 0.00  0.0    M 10.9 25 350   M    M   0        29 340
 2  32   9  21 -10  44   0 0.00  0.0    M  8.3 15 190   M    M   2        19 190
 3  36  18  27  -3  38   0 0.00  0.0    M  8.1 17 310   M    M   0 8      22 330
 4  34  23  29  -1  36   0 0.00  0.0    M  8.0 15 130   M    M   7 8      18 140
 5  40  31  36   7  29   0 0.00  0.0    M  6.2 12 360   M    M  10 128    14 360
 6  40  24  32   3  33   0 0.00  0.0    M  7.6 17 340   M    M   6 18     19 350
 7  36  24  30   2  35   0 0.01  0.0    M  9.7 17 150   M    M   5 128    22 150
 8  45  30  38  10  27   0    T    M    M 13.5 28 340   M    M   8 1      34 340
 9  34  21  28   0  37   0 0.00  0.0    M  8.0 24 340   M    M   6 1      28 340
10  33  26  30   3  35   0 0.00  0.0    M  5.5 10 130   M    M  10 18     15 110
11  32  28  30   3  35   0 0.00  0.0    M  3.0  9 200   M    M  10 18     10 170
12  46  31  39  12  26   0 0.00  0.0    M  6.3 12 180   M    M   6 18     13 190
13  55  32  44  18  21   0 0.00  0.0    M  9.7 17 200   M    M   9 18     21 210
14  58  48  53  27  12   0 0.00  0.0    M 10.1 17 200   M    M   8 1      22 200
15  50  41  46  20  19   0 0.52  0.0    M 11.5 26 300   M    M   9 1      34 300
16  41  19  30   4  35   0 0.04    M    M 19.0 30 300   M    M  10 16     41 300
17  29  16  23  -2  42   0 0.00  0.0    M  7.4 18 320   M    M   5        22 310
18  27  17  22  -3  43   0 0.04    M    M  2.1  7  50   M    M   9 18      8  40
19  31  26  29   4  36   0 0.00  0.0    M  5.7  9 160   M    M  10 18     13 160
20  36  30  33   8  32   0    T    M    M  6.5 10 170   M    M  10 1      13 170
21  43  36  40  16  25   0 0.02  0.0    M 12.6 20 170   M    M  10 1      25 180
22  41  38  40  16  25   0 0.30    M    M 11.2 18 160   M    M  10 128    23 170
23  42  35  39  15  26   0 0.03  0.0    M 11.6 22 230   M    M  10 18     27 220
================================================================================
SM  879  614       741   0  0.96     0.0 202.5          M      170
================================================================================
AV 38.2 26.7                               8.8 FASTST   M    M   7    MAX(MPH)
                                 MISC ---->  # 30 300               # 41  300
================================================================================
NOTES:
# LAST OF SEVERAL OCCURRENCES

COLUMN 17 PEAK WIND IN M.P.H.

PRELIMINARY LOCAL CLIMATOLOGICAL DATA (WS FORM: F-6) , PAGE 2

                                          STATION:  OTTUMWA IA
                                          MONTH:    DECEMBER
                                          YEAR:     2014
                                          LATITUDE:   41  6 N
                                          LONGITUDE:  92 27 W

[TEMPERATURE DATA]      [PRECIPITATION DATA]       SYMBOLS USED IN COLUMN 16

AVERAGE MONTHLY: 32.5   TOTAL FOR MONTH:   0.96    1 = FOG OR MIST
DPTR FM NORMAL:   5.5   DPTR FM NORMAL:   -0.14    2 = FOG REDUCING VISIBILITY
HIGHEST:    58 ON 14    GRTST 24HR  0.56 ON 15-16      TO 1/4 MILE OR LESS
LOWEST:      9 ON  2                               3 = THUNDER
                        SNOW, ICE PELLETS, HAIL    4 = ICE PELLETS
                        TOTAL MONTH:   0.0 INCH    5 = HAIL
                        GRTST 24HR     0.0         6 = FREEZING RAIN OR DRIZZLE
                        GRTST DEPTH:  M  ON   M    7 = DUSTSTORM OR SANDSTORM:
                                                       VSBY 1/2 MILE OR LESS
                                                   8 = SMOKE OR HAZE
[NO. OF DAYS WITH]      [WEATHER - DAYS WITH]      9 = BLOWING SNOW
                                                   X = TORNADO
MAX 32 OR BELOW:   6    0.01 INCH OR MORE:   7
MAX 90 OR ABOVE:   0    0.10 INCH OR MORE:   2
MIN 32 OR BELOW:  18    0.50 INCH OR MORE:   1
MIN  0 OR BELOW:   0    1.00 INCH OR MORE:   0

[HDD (BASE 65) ]
TOTAL THIS MO.   741    CLEAR  (SCALE 0-3)   3
DPTR FM NORMAL  -134    PTCLDY (SCALE 4-7)   8
TOTAL FM JUL 1  2249    CLOUDY (SCALE 8-10) 12
DPTR FM NORMAL    76

[CDD (BASE 65) ]
TOTAL THIS MO.     0
DPTR FM NORMAL     0    [PRESSURE DATA]
TOTAL FM JAN 1   801    HIGHEST SLP M ON M
DPTR FM NORMAL  -137    LOWEST  SLP 29.44 ON M

[REMARKS]
