000
CXUS53 KDMX 300920
CF6OTM
PRELIMINARY LOCAL CLIMATOLOGICAL DATA (WS FORM: F-6)

                                          STATION:   OTTUMWA IA
                                          MONTH:     APRIL
                                          YEAR:      2016
                                          LATITUDE:   41  6 N
                                          LONGITUDE:  92 27 W

  TEMPERATURE IN F:       :PCPN:    SNOW:  WIND      :SUNSHINE: SKY     :PK WND
================================================================================
1   2   3   4   5  6A  6B    7    8   9   10  11  12  13   14  15   16   17  18
                                     12Z  AVG MX 2MIN
DY MAX MIN AVG DEP HDD CDD  WTR  SNW DPTH SPD SPD DIR MIN PSBL S-S WX    SPD DR
================================================================================

 1  50  31  41  -4  24   0 0.05  0.0    0 14.0 29 340   M    M   6 1      33 330
 2  47  27  37  -9  28   0 0.00  0.0    0 18.8 41 320   M    M   1        60 320
 3  82  30  56  10   9   0    T  0.0    0 19.1 38 240   M    M   2        49 250
 4  54  32  43  -4  22   0 0.00  0.0    0 12.3 24 350   M    M   1        29 350
 5  51  28  40  -7  25   0 0.03  0.0    0 14.2 31 120   M    M   3 3      38 120
 6  56  38  47   0  18   0 0.22  0.0    0 17.0 31 300   M    M   7 1      42 290
 7  50  37  44  -4  21   0 0.06  0.0    0 14.1 24 310   M    M   9 1      29 320
 8  50  27  39  -9  26   0    T  0.0    0 21.6 39 330   M    M   4        47 340
 9  48  18  33 -15  32   0 0.00  0.0    0 12.1 25 150   M    M   2        33 140
10  60  42  51   2  14   0 0.10  0.0    0 11.4 24 160   M    M   7 13     34 170
11  52  28  40  -9  25   0 0.00  0.0    0 15.4 29 320   M    M   0        34 310
12  57  21  39 -11  26   0 0.00  0.0    0  7.2 14 160   M    M   0        17 190
13  68  38  53   3  12   0 0.00  0.0    0 12.4 20 170   M    M   0        24 170
14  70  42  56   6   9   0 0.00  0.0    0  9.9 18 130   M    M   0        24 140
15  76  43  60   9   5   0 0.00  0.0    0 11.1 24 160   M    M   2        30 180
16  80  49  65  14   0   0 0.00  0.0    0 13.0 28 150   M    M   0        34 160
17  81  53  67  15   0   2 0.00  0.0    0 10.4 22 150   M    M   3        30 130
18  78  54  66  14   0   1 0.07  0.0    0 10.1 29 240   M    M   4 1      34 240
19  68  53  61   9   4   0 0.07  0.0    0  6.2 15  70   M    M   8 18     18  70
20  67  48  58   5   7   0 0.13  0.0    0 11.5 23 140   M    M   6 18     29 150
21  62  47  55   2  10   0 0.15  0.0    0  7.2 14 340   M    M   4 1      18 330
22  61  43  52  -1  13   0 0.00  0.0    0  8.8 17 350   M    M   5 12     19 350
23  70  39  55   1  10   0 0.00  0.0    0  9.1 21 160   M    M   5 12     26 150
24  82  55  69  15   0   4 0.00  0.0    0 15.1 28 180   M    M   0        34 180
25  79  54  67  13   0   2 0.00  0.0    0 12.3 31 220   M    M   4        43 210
26  64  49  57   2   8   0 0.76  0.0    0 11.0 25 280   M    M   4 138    31  90
27  56  45  51  -4  14   0 0.47  0.0    0 16.9 30  90   M    M  10 13     37  90
28  58  45  52  -3  13   0 0.01  0.0    0  8.6 16 290   M    M   9 1      20 290
29  51  46  49  -7  16   0 0.02    M    0 10.1 20  40   M    M   9 18     23  70
================================================================================
SM 1828 1162       391   9  2.14     0.0 360.9          M      115
================================================================================
AV 63.0 40.1                              12.4 FASTST   M    M   4    MAX(MPH)
                                 MISC ---->  # 41 320               # 60  320
================================================================================
NOTES:
# LAST OF SEVERAL OCCURRENCES

COLUMN 17 PEAK WIND IN M.P.H.

PRELIMINARY LOCAL CLIMATOLOGICAL DATA (WS FORM: F-6) , PAGE 2

                                          STATION:  OTTUMWA IA
                                          MONTH:    APRIL
                                          YEAR:     2016
                                          LATITUDE:   41  6 N
                                          LONGITUDE:  92 27 W

[TEMPERATURE DATA]      [PRECIPITATION DATA]       SYMBOLS USED IN COLUMN 16

AVERAGE MONTHLY: 51.6   TOTAL FOR MONTH:   2.14    1 = FOG OR MIST
DPTR FM NORMAL:   0.9   DPTR FM NORMAL:   -1.12    2 = FOG REDUCING VISIBILITY
HIGHEST:    82 ON 24, 3 GRTST 24HR  0.83 ON 26-27      TO 1/4 MILE OR LESS
LOWEST:     18 ON  9                               3 = THUNDER
                        SNOW, ICE PELLETS, HAIL    4 = ICE PELLETS
                        TOTAL MONTH:   0.0 INCH    5 = HAIL
                        GRTST 24HR     0.0         6 = FREEZING RAIN OR DRIZZLE
                        GRTST DEPTH:   0           7 = DUSTSTORM OR SANDSTORM:
                                                       VSBY 1/2 MILE OR LESS
                                                   8 = SMOKE OR HAZE
[NO. OF DAYS WITH]      [WEATHER - DAYS WITH]      9 = BLOWING SNOW
                                                   X = TORNADO
MAX 32 OR BELOW:   0    0.01 INCH OR MORE:  13
MAX 90 OR ABOVE:   0    0.10 INCH OR MORE:   6
MIN 32 OR BELOW:   9    0.50 INCH OR MORE:   1
MIN  0 OR BELOW:   0    1.00 INCH OR MORE:   0

[HDD (BASE 65) ]
TOTAL THIS MO.   391    CLEAR  (SCALE 0-3)  13
DPTR FM NORMAL   -35    PTCLDY (SCALE 4-7)  11
TOTAL FM JUL 1  5060    CLOUDY (SCALE 8-10)  5
DPTR FM NORMAL -1062

[CDD (BASE 65) ]
TOTAL THIS MO.     9
DPTR FM NORMAL     0    [PRESSURE DATA]
TOTAL FM JAN 1     9    HIGHEST SLP M ON M
DPTR FM NORMAL    -1    LOWEST  SLP 29.55 ON 25

[REMARKS]
