597
CXUS55 KLOX 251155
CF6OXR
PRELIMINARY LOCAL CLIMATOLOGICAL DATA (WS FORM: F-6)

                                          STATION:   OXNARD AIRPORT CA
                                          MONTH:     FEBRUARY
                                          YEAR:      2018
                                          LATITUDE:   34 12 N
                                          LONGITUDE: 119 12 W

  TEMPERATURE IN F:       :PCPN:    SNOW:  WIND      :SUNSHINE: SKY     :PK WND
================================================================================
1   2   3   4   5  6A  6B    7    8   9   10  11  12  13   14  15   16   17  18
                                     12Z  AVG MX 2MIN
DY MAX MIN AVG DEP HDD CDD  WTR  SNW DPTH SPD SPD DIR MIN PSBL S-S WX    SPD DR
================================================================================

 1  73  49  61   6   4   0 0.00  0.0    0  4.5 10 280   M    M   0        14 270
 2  74  49  62   7   3   0 0.00  0.0    0  3.2  9 290   M    M   0        14  90
 3  76  50  63   8   2   0 0.00  0.0    0  4.0 15 260   M    M   0        18 260
 4  70  48  59   4   6   0 0.00  0.0    0  3.5 14 250   M    M   0 1      16 250
 5  64  46  55   0  10   0 0.00  0.0    0  2.9  9 200   M    M   4 128    14 290
 6  62  50  56   1   9   0 0.00  0.0    0  3.4  9 250   M    M   5 128    12 220
 7  69  44  57   2   8   0 0.00  0.0    0  4.3 14 260   M    M   3 128    17 270
 8  76  45  61   6   4   0 0.00  0.0    0  6.1 16 270   M    M   0 1      19 280
 9  66  50  58   3   7   0 0.00  0.0    0  5.1 13 150   M    M   3 18     16 180
10  63  51  57   2   8   0 0.00  0.0    0  3.5 10 280   M    M   7 18     16 200
11  73  45  59   4   6   0 0.00  0.0    0  8.3 26 280   M    M   1 18     30 280
12  63  46  55   0  10   0 0.00  0.0    0 11.0 28 270   M    M   1        32 270
13  63  47  55  -1  10   0 0.03    M    0  8.1 21 150   M    M   7        29 150
14  67  51  59   3   6   0 0.07  0.0    0  5.4 15 290   M    M   5        18 290
15  68  49  59   3   6   0 0.00  0.0    0  8.1 26 270   M    M   0         M  M
16  76  50  63   7   2   0 0.00  0.0    0  8.4 20  70   M    M   0        25  80
17  72  49  61   5   4   0 0.00  0.0    0  4.9 12 190   M    M   0 18     19 240
18  63  45  54  -2  11   0 0.00  0.0    0 10.1 26 280   M    M   1        31 290
19  59  44  52  -4  13   0 0.00  0.0    0 13.5 35 260   M    M   0        41 260
20  61  35  48  -8  17   0 0.00  0.0    0  7.6 18 270   M    M   0        22 280
21  60  43  52  -4  13   0 0.00  0.0    0  9.6 21 260   M    M   1        24 260
22  62  41  52  -4  13   0 0.00  0.0    0 14.5 31 270   M    M   0        38 270
23  62  42  52  -4  13   0 0.00  0.0    0 13.9 26 280   M    M   0        32 280
24  61  40  51  -5  14   0 0.00  0.0    0  6.2 13 250   M    M   0        18 250
================================================================================
SM 1603 1109       199   0  0.10     0.0 170.1          M       38
================================================================================
AV 66.8 46.2                               7.1 FASTST   M    M   2    MAX(MPH)
                                 MISC ---->  # 35 260               # 41  260
================================================================================
NOTES:
# LAST OF SEVERAL OCCURRENCES

COLUMN 17 PEAK WIND IN M.P.H.

PRELIMINARY LOCAL CLIMATOLOGICAL DATA (WS FORM: F-6) , PAGE 2

                                          STATION:  OXNARD AIRPORT CA
                                          MONTH:    FEBRUARY
                                          YEAR:     2018
                                          LATITUDE:   34 12 N
                                          LONGITUDE: 119 12 W

[TEMPERATURE DATA]      [PRECIPITATION DATA]       SYMBOLS USED IN COLUMN 16

AVERAGE MONTHLY: 56.5   TOTAL FOR MONTH:   0.10    1 = FOG OR MIST
DPTR FM NORMAL:   1.0   DPTR FM NORMAL:   -2.95    2 = FOG REDUCING VISIBILITY
HIGHEST:    76 ON 16, 8 GRTST 24HR  0.07 ON 14-14      TO 1/4 MILE OR LESS
LOWEST:     35 ON 20                               3 = THUNDER
                        SNOW, ICE PELLETS, HAIL    4 = ICE PELLETS
                        TOTAL MONTH:   0.0 INCH    5 = HAIL
                        GRTST 24HR     0.0         6 = FREEZING RAIN OR DRIZZLE
                        GRTST DEPTH:   0           7 = DUSTSTORM OR SANDSTORM:
                                                       VSBY 1/2 MILE OR LESS
                                                   8 = SMOKE OR HAZE
[NO. OF DAYS WITH]      [WEATHER - DAYS WITH]      9 = BLOWING SNOW
                                                   X = TORNADO
MAX 32 OR BELOW:   0    0.01 INCH OR MORE:   2
MAX 90 OR ABOVE:   0    0.10 INCH OR MORE:   0
MIN 32 OR BELOW:   0    0.50 INCH OR MORE:   0
MIN  0 OR BELOW:   0    1.00 INCH OR MORE:   0

[HDD (BASE 65) ]
TOTAL THIS MO.   199    CLEAR  (SCALE 0-3)  19
DPTR FM NORMAL   -32    PTCLDY (SCALE 4-7)   5
TOTAL FM JUL 1   716    CLOUDY (SCALE 8-10)  0
DPTR FM NORMAL  -536

[CDD (BASE 65) ]
TOTAL THIS MO.     0
DPTR FM NORMAL     0    [PRESSURE DATA]
TOTAL FM JAN 1    38    HIGHEST SLP M ON M
DPTR FM NORMAL    32    LOWEST  SLP 29.77 ON M

[REMARKS]
