000
CXUS53 KDDC 261200
CF6P28
PRELIMINARY LOCAL CLIMATOLOGICAL DATA (WS FORM: F-6)

                                          STATION:   MEDICINE LODGE KS
                                          MONTH:     DECEMBER
                                          YEAR:      2014
                                          LATITUDE:   37 17 N
                                          LONGITUDE:  98 35 W

  TEMPERATURE IN F:       :PCPN:    SNOW:  WIND      :SUNSHINE: SKY     :PK WND
================================================================================
1   2   3   4   5  6A  6B    7    8   9   10  11  12  13   14  15   16   17  18
                                     12Z  AVG MX 2MIN
DY MAX MIN AVG DEP HDD CDD  WTR  SNW DPTH SPD SPD DIR MIN PSBL S-S WX    SPD DR
================================================================================

 1  32  14  23 -15  42   0 0.00  0.0    0 11.1 23  20   M    M   0        29 360
 2  44   9  27 -11  38   0 0.00  0.0    0  6.9 18 190   M    M   0        25 180
 3  46  27  37  -1  28   0 0.00  0.0    0  8.1 20  80   M    M   0        27  80
 4  44  38  41   4  24   0 0.33  0.0    0  3.6  8 150   M    M   0        12 170
 5  56  37  47  10  18   0 0.02  0.0    0  3.7 14  30   M    M   0        18  20
 6  49  34  42   5  23   0 0.00  0.0    0  6.1 12  90   M    M   0        15  80
 7  46  36  41   5  24   0 0.00  0.0    0  6.2 15 170   M    M   0        20 180
 8  61  31  46  10  19   0 0.00  0.0    0  4.4  9  50   M    M   0        11  40
 9  46  31  39   3  26   0 0.00  0.0    0  6.2 16  50   M    M   0        20  50
10  45  30  38   2  27   0 0.00  0.0    0  4.3  9 130   M    M   0        14 130
11  48  41  45  10  20   0 0.00  0.0    0  3.9  8  90   M    M   0        12  70
12  49  44  47  12  18   0 0.00  0.0    0  6.5 12 120   M    M   0        15 130
13  59  47  53  18  12   0 0.02  0.0    0  9.9 16 150   M    M   0        26 150
14  61  47  54  20  11   0 0.27  0.0    0 11.7 21 180   M    M   0        32 150
15  47  33  40   6  25   0 0.00  0.0    0 20.4 30 320   M    M   0        41 320
16  43  27  35   1  30   0 0.00  0.0    0 10.4 24 340   M    M   0        32 340
17  34  31  33  -1  32   0 0.13  0.0    0  7.9 14 120   M    M   0        20 110
18  37  31  34   0  31   0 0.02    M    M  3.9 10  10   M    M   0        12  10
19  39  33  36   2  29   0 0.00  0.0    0  4.6  9 170   M    M   0        13 170
20  47  33  40   6  25   0 0.00  0.0    0  8.1 16 180   M    M   0        20 180
21  45  37  41   8  24   0 0.01  0.0    0 10.0 16 170   M    M   0        22 180
22  56  34  45  12  20   0 0.00  0.0    0  9.9 28 340   M    M   0        35 320
23  39  34  37   4  28   0 0.00  0.0    0 15.4 23 340   M    M   0        35 310
24  47  28  38   5  27   0 0.00  0.0    M 11.0 24 340   M    M   0        34 340
25  55  30  43  10  22   0 0.00  0.0    0 13.2 28 180   M    M   0        37 180
================================================================================
SM 1175  817       623   0  0.80     0.0 207.4          M        0
================================================================================
AV 47.0 32.7                               8.3 FASTST   M    M   0    MAX(MPH)
                                 MISC ---->  # 30 320               # 41  320
================================================================================
NOTES:
# LAST OF SEVERAL OCCURRENCES

COLUMN 17 PEAK WIND IN M.P.H.

PRELIMINARY LOCAL CLIMATOLOGICAL DATA (WS FORM: F-6) , PAGE 2

                                          STATION:  MEDICINE LODGE KS
                                          MONTH:    DECEMBER
                                          YEAR:     2014
                                          LATITUDE:   37 17 N
                                          LONGITUDE:  98 35 W

[TEMPERATURE DATA]      [PRECIPITATION DATA]       SYMBOLS USED IN COLUMN 16

AVERAGE MONTHLY: 39.8   TOTAL FOR MONTH:   0.80    1 = FOG OR MIST
DPTR FM NORMAL:   4.8   DPTR FM NORMAL:    0.02    2 = FOG REDUCING VISIBILITY
HIGHEST:    61 ON 14, 8 GRTST 24HR  0.33 ON  4- 4      TO 1/4 MILE OR LESS
LOWEST:      9 ON  2                               3 = THUNDER
                        SNOW, ICE PELLETS, HAIL    4 = ICE PELLETS
                        TOTAL MONTH:   0.0 INCH    5 = HAIL
                        GRTST 24HR     0.0         6 = FREEZING RAIN OR DRIZZLE
                        GRTST DEPTH:   0           7 = DUSTSTORM OR SANDSTORM:
                                                       VSBY 1/2 MILE OR LESS
                                                   8 = SMOKE OR HAZE
[NO. OF DAYS WITH]      [WEATHER - DAYS WITH]      9 = BLOWING SNOW
                                                   X = TORNADO
MAX 32 OR BELOW:   1    0.01 INCH OR MORE:   7
MAX 90 OR ABOVE:   0    0.10 INCH OR MORE:   3
MIN 32 OR BELOW:  11    0.50 INCH OR MORE:   0
MIN  0 OR BELOW:   0    1.00 INCH OR MORE:   0

[HDD (BASE 65) ]
TOTAL THIS MO.   623    CLEAR  (SCALE 0-3)  25
DPTR FM NORMAL  -126    PTCLDY (SCALE 4-7)   0
TOTAL FM JUL 1  1528    CLOUDY (SCALE 8-10)  0
DPTR FM NORMAL   -79

[CDD (BASE 65) ]
TOTAL THIS MO.     0
DPTR FM NORMAL     0    [PRESSURE DATA]
TOTAL FM JAN 1  1802    HIGHEST SLP M ON M
DPTR FM NORMAL    32    LOWEST  SLP 29.48 ON 25

[REMARKS]
