000
CXUS53 KDDC 020057
CF6P28
PRELIMINARY LOCAL CLIMATOLOGICAL DATA (WS FORM: F-6)

                                          STATION:   MEDICINE LODGE KS
                                          MONTH:     FEBRUARY
                                          YEAR:      2015
                                          LATITUDE:   37 17 N
                                          LONGITUDE:  98 35 W

  TEMPERATURE IN F:       :PCPN:    SNOW:  WIND      :SUNSHINE: SKY     :PK WND
================================================================================
1   2   3   4   5  6A  6B    7    8   9   10  11  12  13   14  15   16   17  18
                                     12Z  AVG MX 2MIN
DY MAX MIN AVG DEP HDD CDD  WTR  SNW DPTH SPD SPD DIR MIN PSBL S-S WX    SPD DR
================================================================================

 1  42  14  28  -7  37   0 0.00  0.0    0 22.1 37 340   M    M   0        48 340
 2  35   9  22 -13  43   0 0.00  0.0    0  7.7 17 360   M    M   0        24 360
 3  59  21  40   5  25   0 0.00  0.0    0  8.2 22 200   M    M   0        29 190
 4  39  16  28  -8  37   0 0.00  0.0    0 14.7 35  10   M    M   0        47  20
 5  37  11  24 -12  41   0 0.01  0.0    0  7.3 16 180   M    M   0        21 180
 6  68  25  47  11  18   0 0.00  0.0    0  9.3 18 180   M    M   0        22 180
 7  67  26  47  11  18   0 0.00  0.0    0  5.3 12 170   M    M   0        15 180
 8  76  32  54  18  11   0 0.00  0.0    0  7.4 17 360   M    M   0        23 350
 9  63  34  49  12  16   0 0.00  0.0    0  6.2 13 120   M    M   0        19 120
10  59  30  45   8  20   0 0.00  0.0    0  5.1 12 170   M    M   0        17 130
11  45  25  35  -2  30   0 0.00  0.0    0 14.6 36  10   M    M   0        44  10
12  39  19  29  -8  36   0 0.00  0.0    0  6.1 14  40   M    M   0        17 170
13  65  22  44   6  21   0 0.00  0.0    0  6.7 20 340   M    M   0        27 340
14  69  26  48  10  17   0 0.00  0.0    0 10.3 25  60   M    M   0        33  60
15  27  19  23 -15  42   0 0.00  0.0    0 11.9 20  20   M    M   0        24  10
16  44  18  31  -7  34   0 0.05  0.8    1  8.4 18  10   M    M   0        23  10
17  49  19  34  -5  31   0 0.00  0.0    0  8.8 31 330   M    M   0        41 320
18  39  17  28 -11  37   0 0.00  0.0    0  6.9 15  20   M    M   0        19  20
19  45  17  31  -8  34   0 0.00  0.0    0 10.4 24 170   M    M   0        33 170
20  43  24  34  -6  31   0 0.01  0.0    0  7.3 16  20   M    M   0        21  20
21  56  28  42   2  23   0 0.01  0.0    0  8.4 22  50   M    M   0        29  40
22  37  17  27 -13  38   0 0.14  2.2    1 17.0 30  20   M    M   0        39  30
23  21  13  17 -23  48   0 0.03  0.8    2  7.3 16  20   M    M   0        20  20
24  49  11  30 -11  35   0 0.00  0.0    1  5.3 14 320   M    M   0        17 310
25  60  20  40  -1  25   0 0.00  0.0    0 12.3 37  10   M    M   0        45  10
26  28  14  21 -20  44   0 0.00  0.0    0 16.1 37  10   M    M   0        45  10
27  17  12  15 -27  50   0 0.07  1.3    0  6.7 14  70   M    M   0        16  80
28  22  14  18 -24  47   0 0.23  3.0    4  5.5 10 140   M    M   0        15 170
================================================================================
SM 1300  553       889   0 0.55  8.1     263.3          M        0
================================================================================
AV 46.4 19.8                               9.4 FASTST   M    M   0      MAX(MPH)
                                 MISC ---->  # 37  10                     48 340
================================================================================
NOTES:
# LAST OF SEVERAL OCCURRENCES

COLUMN 17 PEAK WIND IN M.P.H.

PRELIMINARY LOCAL CLIMATOLOGICAL DATA (WS FORM: F-6) , PAGE 2

                                          STATION:  MEDICINE LODGE KS
                                          MONTH:    FEBRUARY
                                          YEAR:     2015
                                          LATITUDE:   37 17 N
                                          LONGITUDE:  98 35 W

[TEMPERATURE DATA]      [PRECIPITATION DATA]       SYMBOLS USED IN COLUMN 16

AVERAGE MONTHLY: 33.1   TOTAL FOR MONTH:   0.55    1 = FOG OR MIST
DPTR FM NORMAL:  -5.1   DPTR FM NORMAL:   -0.49    2 = FOG REDUCING VISIBILITY
HIGHEST:    76 ON  8    GRTST 24HR  0.50 ON 31- 1      TO 1/4 MILE OR LESS
LOWEST:      9 ON  2                               3 = THUNDER
                        SNOW, ICE PELLETS, HAIL    4 = ICE PELLETS
                        TOTAL MONTH:   8.1 INCHES  5 = HAIL
                        GRTST 24HR   3.0 ON 28-28  6 = FREEZING RAIN OR DRIZZLE
                        GRTST DEPTH:   4 ON 28     7 = DUSTSTORM OR SANDSTORM:
                                                       VSBY 1/2 MILE OR LESS
                                                   8 = SMOKE OR HAZE
[NO. OF DAYS WITH]      [WEATHER - DAYS WITH]      9 = BLOWING SNOW
                                                   X = TORNADO
MAX 32 OR BELOW:   5    0.01 INCH OR MORE:   8
MAX 90 OR ABOVE:   0    0.10 INCH OR MORE:   2
MIN 32 OR BELOW:  27    0.50 INCH OR MORE:   0
MIN  0 OR BELOW:   0    1.00 INCH OR MORE:   0

[HDD (BASE 65) ]
TOTAL THIS MO.   889
DPTR FM NORMAL   137
TOTAL FM JUL 1  3574
DPTR FM NORMAL    45

[CDD (BASE 65) ]
TOTAL THIS MO.     0
DPTR FM NORMAL     0    [PRESSURE DATA]
TOTAL FM JAN 1     0    HIGHEST SLP 30.80 ON 23
DPTR FM NORMAL     0    LOWEST  SLP 29.68 ON  7

[REMARKS]
#FINAL-02-15#
