000
CXUS55 KRIW 280945
CF6P60
PRELIMINARY LOCAL CLIMATOLOGICAL DATA (WS FORM: F-6)

                                          STATION:   LAKE YELLOWSTONE WY
                                          MONTH:     JULY
                                          YEAR:      2016
                                          LATITUDE:   44 32 N
                                          LONGITUDE: 110 25 W

  TEMPERATURE IN F:       :PCPN:    SNOW:  WIND      :SUNSHINE: SKY     :PK WND
================================================================================
1   2   3   4   5  6A  6B    7    8   9   10  11  12  13   14  15   16   17  18
                                     12Z  AVG MX 2MIN
DY MAX MIN AVG DEP HDD CDD  WTR  SNW DPTH SPD SPD DIR MIN PSBL S-S WX    SPD DR
================================================================================

 1  67  39  53   0  12   0 0.06  0.0    0  2.4 15 280   M    M   0        21 280
 2  76  40  58   4   7   0 0.02  0.0    0  2.7 13 260   M    M   0        19 290
 3  69  43  56   2   9   0 0.00  0.0    0  2.0 22 280   M    M   0        36 270
 4  67  39  53  -1  12   0 0.07  0.0    0  5.0 20 290   M    M   0        31 310
 5  66  38  52  -2  13   0 0.00  0.0    0  4.0 14 260   M    M   0        26 240
 6  65  37  51  -3  14   0 0.00  0.0    0  5.9 17 260   M    M   0        32 260
 7  66  34  50  -5  15   0 0.00  0.0    0  3.3 12 270   M    M   0        20 300
 8  76  34  55   0  10   0 0.00  0.0    0  3.6 15 270   M    M   0        24 270
 9  74  43  59   4   6   0 0.00  0.0    0  4.6 16 280   M    M   0        26 240
10  55  37  46  -9  19   0 0.63    M    M  3.4 16 280   M    M   0        26 320
11  48  34  41 -15  24   0 0.03    M    M  4.8 16 290   M    M   0        23 300
12  63  29  46 -10  19   0 0.00  0.0    0  3.4 22 300   M    M   0        33 310
13  63  30  47  -9  18   0 0.00  0.0    0  3.6 14 280   M    M   0        20 260
14  70  31  51  -5  14   0 0.00  0.0    0  3.2 10 280   M    M   0        19 210
15  73  33  53  -3  12   0 0.00  0.0    0  2.8 15 270   M    M   0        26 290
16  69  35  52  -4  13   0 0.00  0.0    0  4.1 16 280   M    M   0        29 290
17  75  30  53  -3  12   0 0.00  0.0    0  2.8 12 210   M    M   0        19 260
18  80  38  59   2   6   0 0.00  0.0    0  3.0 12 230   M    M   0        21 200
19  79  41  60   3   5   0 0.00  0.0    0  3.0 14 280   M    M   0        26 210
20  78  41  60   3   5   0 0.02  0.0    0  3.9 15 270   M    M   0        24 280
21  82  36  59   2   6   0 0.00  0.0    0  3.3 12 270   M    M   0        21 230
22  81  45  63   6   2   0 0.00  0.0    0  3.8 16 260   M    M   0        31 270
23  72  37  55  -2  10   0 0.00  0.0    0  3.4 14 290   M    M   0        20 270
24  76  35  56  -1   9   0 0.00  0.0    0  3.4  9 200   M    M   0        17 220
25  80  35  58   1   7   0 0.00  0.0    0  3.6 12 220   M    M   0        21 210
26  78  39  59   2   6   0 0.00  0.0    0  3.4 20 290   M    M   0        33 290
27  79  39  59   2   6   0 0.05  0.0    0  3.6 15 310   M    M   0        26 310
================================================================================
SM 1927  992       291   0  0.88     0.0  96.0          M        0
================================================================================
AV 71.4 36.7                               3.6 FASTST   M    M   0    MAX(MPH)
                                 MISC ---->  # 22 280               # 36  270
================================================================================
NOTES:
# LAST OF SEVERAL OCCURRENCES

COLUMN 17 PEAK WIND IN M.P.H.

PRELIMINARY LOCAL CLIMATOLOGICAL DATA (WS FORM: F-6) , PAGE 2

                                          STATION:  LAKE YELLOWSTONE WY
                                          MONTH:    JULY
                                          YEAR:     2016
                                          LATITUDE:   44 32 N
                                          LONGITUDE: 110 25 W

[TEMPERATURE DATA]      [PRECIPITATION DATA]       SYMBOLS USED IN COLUMN 16

AVERAGE MONTHLY: 54.1   TOTAL FOR MONTH:   0.88    1 = FOG OR MIST
DPTR FM NORMAL:  -1.7   DPTR FM NORMAL:   -0.40    2 = FOG REDUCING VISIBILITY
HIGHEST:    82 ON 21    GRTST 24HR  0.66 ON 10-11      TO 1/4 MILE OR LESS
LOWEST:     29 ON 12                               3 = THUNDER
                        SNOW, ICE PELLETS, HAIL    4 = ICE PELLETS
                        TOTAL MONTH:   0.0 INCH    5 = HAIL
                        GRTST 24HR     0.0         6 = FREEZING RAIN OR DRIZZLE
                        GRTST DEPTH:   0           7 = DUSTSTORM OR SANDSTORM:
                                                       VSBY 1/2 MILE OR LESS
                                                   8 = SMOKE OR HAZE
[NO. OF DAYS WITH]      [WEATHER - DAYS WITH]      9 = BLOWING SNOW
                                                   X = TORNADO
MAX 32 OR BELOW:   0    0.01 INCH OR MORE:   7
MAX 90 OR ABOVE:   0    0.10 INCH OR MORE:   1
MIN 32 OR BELOW:   4    0.50 INCH OR MORE:   1
MIN  0 OR BELOW:   0    1.00 INCH OR MORE:   0

[HDD (BASE 65) ]
TOTAL THIS MO.   291    CLEAR  (SCALE 0-3)  27
DPTR FM NORMAL    40    PTCLDY (SCALE 4-7)   0
TOTAL FM JUL 1   291    CLOUDY (SCALE 8-10)  0
DPTR FM NORMAL    40

[CDD (BASE 65) ]
TOTAL THIS MO.     0
DPTR FM NORMAL     0    [PRESSURE DATA]
TOTAL FM JAN 1     0    HIGHEST SLP M ON M
DPTR FM NORMAL     0    LOWEST  SLP 29.78 ON 10

[REMARKS]
