000
CXUS52 KMFL 271000
CF6PBI
PRELIMINARY LOCAL CLIMATOLOGICAL DATA (WS FORM: F-6)

                                          STATION:   WEST PALM BEACH
                                          MONTH:     AUGUST
                                          YEAR:      2014
                                          LATITUDE:   26 40 N
                                          LONGITUDE:  80  7 W

  TEMPERATURE IN F:       :PCPN:    SNOW:  WIND      :SUNSHINE: SKY     :PK WND
================================================================================
1   2   3   4   5  6A  6B    7    8   9   10  11  12  13   14  15   16   17  18
                                     12Z  AVG MX 2MIN
DY MAX MIN AVG DEP HDD CDD  WTR  SNW DPTH SPD SPD DIR MIN PSBL S-S WX    SPD DR
================================================================================

 1  91  77  84   1   0  19 0.00  0.0    0  7.5 17 100   M    M   7        24  90
 2  91  78  85   2   0  20 0.01  0.0    0  7.4 15  80   M    M   6        18  70
 3  89  74  82  -1   0  17 1.54  0.0    0  6.9 17 120   M    M   7 13     22 120
 4  88  75  82  -1   0  17 1.07  0.0    0  7.1 18 190   M    M   9 13     22 190
 5  92  76  84   1   0  19 0.69  0.0    0  6.6 33 240   M    M   8 13     39 210
 6  91  76  84   1   0  19 0.11  0.0    0  5.9 14  80   M    M   6        19  90
 7  92  75  84   1   0  19 1.13  0.0    0  7.8 28 240   M    M   5 13     37 230
 8  92  76  84   1   0  19 0.00  0.0    0  5.9 18 120   M    M   7 3      22 130
 9  93  79  86   3   0  21 0.29  0.0    0  4.5 16 280   M    M   7 3      22 290
10  93  76  85   2   0  20 0.15  0.0    0  5.8 16 340   M    M   6 3      22 320
11  93  76  85   2   0  20 0.00  0.0    0  5.6 17 290   M    M   5 3      24 290
12  91  77  84   1   0  19 0.46  0.0    0  6.5 28 210   M    M   6 3      33 210
13  91  74  83   0   0  18 0.56  0.0    0  6.3 33 290   M    M   4 13     41 280
14  92  77  85   2   0  20 0.31  0.0    0  5.1 18 140   M    M   5 13     23 140
15  92  74  83   0   0  18 0.68  0.0    0  5.7 22 270   M    M   8 13     27 270
16  93  73  83   0   0  18 2.37  0.0    0  4.6 37 300   M    M   8 13     50 310
17  90  75  83   0   0  18    T  0.0    0  3.5 16 110   M    M   5 38     20 110
18  91  76  84   1   0  19 0.00  0.0    0  5.4 15 130   M    M   3        18 110
19  92  78  85   2   0  20 0.00  0.0    0  6.2 14 130   M    M   4        17 110
20  93  79  86   3   0  21 0.00  0.0    0  4.1 15 100   M    M   5 3      20 110
21  92  78  85   2   0  20 0.00  0.0    0  5.9 15 110   M    M   4 3      19 120
22  92  79  86   3   0  21 0.00  0.0    0  5.8 15 100   M    M   4 3      17  90
23  93  78  86   3   0  21 0.00  0.0    0  7.4 15  60   M    M   3        18  40
24  94  78  86   3   0  21 0.00  0.0    0  6.4 15  80   M    M   3        20  70
25  91  79  85   2   0  20 0.05  0.0    0 13.8 26  40   M    M   6 1      31  40
26  91  82  87   4   0  22 0.00  0.0    0 14.2 23  50   M    M   6        30  50
================================================================================
SM 2383 1995         0 506  9.42     0.0 171.9          M      147
================================================================================
AV 91.7 76.7                               6.6 FASTST   M    M   6    MAX(MPH)
                                 MISC ---->  # 37 300               # 50  310
================================================================================
NOTES:
# LAST OF SEVERAL OCCURRENCES

COLUMN 17 PEAK WIND IN M.P.H.

PRELIMINARY LOCAL CLIMATOLOGICAL DATA (WS FORM: F-6) , PAGE 2

                                          STATION:  WEST PALM BEACH
                                          MONTH:    AUGUST
                                          YEAR:     2014
                                          LATITUDE:   26 40 N
                                          LONGITUDE:  80  7 W

[TEMPERATURE DATA]      [PRECIPITATION DATA]       SYMBOLS USED IN COLUMN 16

AVERAGE MONTHLY: 84.2   TOTAL FOR MONTH:   9.42    1 = FOG OR MIST
DPTR FM NORMAL:   1.2   DPTR FM NORMAL:    2.84    2 = FOG REDUCING VISIBILITY
HIGHEST:    94 ON 24    GRTST 24HR  2.39 ON 15-16      TO 1/4 MILE OR LESS
LOWEST:     73 ON 16                               3 = THUNDER
                        SNOW, ICE PELLETS, HAIL    4 = ICE PELLETS
                        TOTAL MONTH:   0.0 INCH    5 = HAIL
                        GRTST 24HR     0.0         6 = FREEZING RAIN OR DRIZZLE
                        GRTST DEPTH:   0           7 = DUSTSTORM OR SANDSTORM:
                                                       VSBY 1/2 MILE OR LESS
                                                   8 = SMOKE OR HAZE
[NO. OF DAYS WITH]      [WEATHER - DAYS WITH]      9 = BLOWING SNOW
                                                   X = TORNADO
MAX 32 OR BELOW:   0    0.01 INCH OR MORE:  14
MAX 90 OR ABOVE:  24    0.10 INCH OR MORE:  12
MIN 32 OR BELOW:   0    0.50 INCH OR MORE:   7
MIN  0 OR BELOW:   0    1.00 INCH OR MORE:   4

[HDD (BASE 65) ]
TOTAL THIS MO.     0    CLEAR  (SCALE 0-3)   2
DPTR FM NORMAL     0    PTCLDY (SCALE 4-7)  23
TOTAL FM JUL 1     0    CLOUDY (SCALE 8-10)  1
DPTR FM NORMAL     0

[CDD (BASE 65) ]
TOTAL THIS MO.   506
DPTR FM NORMAL    38    [PRESSURE DATA]
TOTAL FM JAN 1  2910    HIGHEST SLP M ON M
DPTR FM NORMAL   294    LOWEST  SLP 29.72 ON 25

[REMARKS]
