000
CXUS53 KARX 240930
CF6PDC
PRELIMINARY LOCAL CLIMATOLOGICAL DATA (WS FORM: F-6)

                                          STATION:   PRAIRIE_DU_CHIEN_MUN
                                          MONTH:     MARCH
                                          YEAR:      2017
                                          LATITUDE:   43  1 N
                                          LONGITUDE:  91  7 W

  TEMPERATURE IN F:       :PCPN:    SNOW:  WIND      :SUNSHINE: SKY     :PK WND
================================================================================
1   2   3   4   5  6A  6B    7    8   9   10  11  12  13   14  15   16   17  18
                                     12Z  AVG MX 2MIN
DY MAX MIN AVG DEP HDD CDD  WTR  SNW DPTH SPD SPD DIR MIN PSBL S-S WX    SPD DR
================================================================================

 1  40  29  35   M  30   0 0.24    T    0 11.9 22 310   M    M   9 1      31 310
 2  32  23  28   M  37   0 0.00  0.0    0 10.4 15 310   M    M   4        25 290
 3  34  17  26   M  39   0    M    M    0  4.9 10 300   M    M   4        16 300
 4  43  28  36   M  29   0 0.00  0.0    0 11.9 17 100   M    M   3        29 110
 5  60  33  47   M  18   0 0.00  0.0    0  7.6 10 110   M    M   8        20 110
 6  65  49  57   M   8   0 0.39  0.0    0 12.0 17 160   M    M   9 1      31 150
 7  51  36  44   M  21   0    T  0.0    0 16.5 22 240   M    M   4        33 240
 8  45  32  39   M  26   0 0.00  0.0    0 19.7 30 270   M    M   0        46 270
 9  39  28  34   M  31   0    M    M    M  6.7 15 320   M    M   8        20 320
10  28  18  23   M  42   0 0.00  0.0    0 11.5 17 330   M    M   2        25 310
11  28  16  22   M  43   0 0.00  0.0    0  6.8 12 330   M    M   8         M  M
12  30  13  22   M  43   0    M    M    0  4.4 12 120   M    M   5         M  M
13  28  22  25   M  40   0 0.02    M    M  6.7 10 360   M    M  10        17  30
14  26  10  18   M  47   0 0.00  0.0    M  5.9 13  40   M    M   1        16  20
15  32  11  22   M  43   0 0.00  0.0    M  4.3 10 300   M    M   0        10 280
16  39  13  26   M  39   0 0.01  0.0    0  5.6  9 110   M    M   7         M  M
17  55  35  45   M  20   0 0.02  0.0    0 10.8 24 290   M    M   6        32 290
18  45  28  37   M  28   0 0.00  0.0    0 10.0 18 310   M    M   5        27 310
19  56  26  41   M  24   0 0.00  0.0    0  6.9 16 120   M    M   1        23 140
20  64  33  49   M  16   0 0.00  0.0    0  4.9 13  10   M    M   0        22 340
21  49  31  40   M  25   0 0.00  0.0    0  6.7 13  10   M    M   0        22  10
22  42  23  33   M  32   0 0.00  0.0    0  7.1 12 110   M    M   2        20  40
23  42  34  38   M  27   0 0.26    M    0  9.7 14 150   M    M   8        22 150
================================================================================
SM  973  588       708   0  0.94    T    202.9          M      104
================================================================================
AV 42.3 25.6                               8.8 FASTST   M    M   5    MAX(MPH)
                                 MISC ---->  # 30 270               # 46  270
================================================================================
NOTES:
# LAST OF SEVERAL OCCURRENCES

COLUMN 17 PEAK WIND IN M.P.H.

PRELIMINARY LOCAL CLIMATOLOGICAL DATA (WS FORM: F-6) , PAGE 2

                                          STATION:  PRAIRIE_DU_CHIEN_MUN
                                          MONTH:    MARCH
                                          YEAR:     2017
                                          LATITUDE:   43  1 N
                                          LONGITUDE:  91  7 W

[TEMPERATURE DATA]      [PRECIPITATION DATA]       SYMBOLS USED IN COLUMN 16

AVERAGE MONTHLY: 33.9   TOTAL FOR MONTH:   0.94    1 = FOG OR MIST
DPTR FM NORMAL:     M   DPTR FM NORMAL:       M    2 = FOG REDUCING VISIBILITY
HIGHEST:    65 ON  6    GRTST 24HR  0.39 ON  6- 6      TO 1/4 MILE OR LESS
LOWEST:     10 ON 14                               3 = THUNDER
                        SNOW, ICE PELLETS, HAIL    4 = ICE PELLETS
                        TOTAL MONTH:    T          5 = HAIL
                        GRTST 24HR    T  ON  1- 1  6 = FREEZING RAIN OR DRIZZLE
                        GRTST DEPTH:   0           7 = DUSTSTORM OR SANDSTORM:
                                                       VSBY 1/2 MILE OR LESS
                                                   8 = SMOKE OR HAZE
[NO. OF DAYS WITH]      [WEATHER - DAYS WITH]      9 = BLOWING SNOW
                                                   X = TORNADO
MAX 32 OR BELOW:   7    0.01 INCH OR MORE:   6
MAX 90 OR ABOVE:   0    0.10 INCH OR MORE:   3
MIN 32 OR BELOW:  17    0.50 INCH OR MORE:   0
MIN  0 OR BELOW:   0    1.00 INCH OR MORE:   0

[HDD (BASE 65) ]
TOTAL THIS MO.   708    CLEAR  (SCALE 0-3)   9
DPTR FM NORMAL     M    PTCLDY (SCALE 4-7)  11
TOTAL FM JUL 1  5112    CLOUDY (SCALE 8-10)  3
DPTR FM NORMAL     M

[CDD (BASE 65) ]
TOTAL THIS MO.     0
DPTR FM NORMAL     M    [PRESSURE DATA]
TOTAL FM JAN 1     0    HIGHEST SLP M ON M
DPTR FM NORMAL     M    LOWEST  SLP M ON M

[REMARKS]
