000
CXUS54 KMAF 221100
CF6PEQ
PRELIMINARY LOCAL CLIMATOLOGICAL DATA (WS FORM: F-6)

                                          STATION:   Pecos Municipal Airport
                                          MONTH:     JULY
                                          YEAR:      2014
                                          LATITUDE:   31 22 N
                                          LONGITUDE: 103 31 W

  TEMPERATURE IN F:       :PCPN:    SNOW:  WIND      :SUNSHINE: SKY     :PK WND
================================================================================
1   2   3   4   5  6A  6B    7    8   9   10  11  12  13   14  15   16   17  18
                                     12Z  AVG MX 2MIN
DY MAX MIN AVG DEP HDD CDD  WTR  SNW DPTH SPD SPD DIR MIN PSBL S-S WX    SPD DR
================================================================================

 1  99  70  85   M   0  20 0.00  0.0    0 11.4 18  90   M    M   0        24  60
 2  96  71  84   M   0  19 0.00  0.0    0 12.3 22 110   M    M   0 3      27  40
 3  96  72  84   M   0  19 0.00  0.0    0 10.7 20 110   M    M   0        28 130
 4  98  70  84   M   0  19 0.00  0.0    0 12.7 27 110   M    M   0        35 110
 5  99  69  84   M   0  19 0.00  0.0    0 11.5 23 110   M    M   0        30 110
 6  94  68  81   M   0  16 0.00  0.0    0  8.8 20  60   M    M   0 3      27  60
 7  98  71  85   M   0  20 0.00  0.0    0  6.2 16 130   M    M   0        22 130
 8  99  68  84   M   0  19 0.00  0.0    0  8.0 21  90   M    M   0        25  90
 9  97  68  83   M   0  18 0.00  0.0    0 10.2 21 100   M    M   0        28  90
10  97  71  84   M   0  19 0.00  0.0    0 13.6 22 110   M    M   0        29 120
11  92  68  80   M   0  15 0.00  0.0    0 15.2 27 110   M    M   0        31 110
12  94  70  82   M   0  17 1.11  0.0    0  7.4 14 110   M    M   1 3      53 100
13  97  65  81   M   0  16 0.00  0.0    0  7.2 17  90   M    M   0        22 100
14  99  69  84   M   0  19 0.00  0.0    0  6.0 13 120   M    M   0         M  M
15  93  73  83   M   0  18 0.00  0.0    0 10.8 27  90   M    M   3 3      32  90
16  96  73  85   M   0  20 0.00  0.0    0  6.4 14 110   M    M   2 3       M  M
17  91  74  83   M   0  18 0.00  0.0    0 11.6 18 310   M    M   2 3      27 250
18  91  68  80   M   0  15 0.00  0.0    0  9.6 17  90   M    M   6 8      17  80
19 100  72  86   M   0  21 0.00  0.0    0  9.8 18 120   M    M   0        25 100
20 103  73  88   M   0  23 0.00  0.0    0  7.2 15 120   M    M   0 3      21 120
21 105  72  89   M   0  24 0.00  0.0    0  8.2 17 130   M    M   0        25 130
================================================================================
SM 2034 1475         0 394  1.11     0.0 204.8          M       14
================================================================================
AV 96.9 70.2                               9.8 FASTST   M    M   1    MAX(MPH)
                                 MISC ---->  # 27 110                 53    M
================================================================================
NOTES:
# LAST OF SEVERAL OCCURRENCES

COLUMN 17 PEAK WIND IN M.P.H.

PRELIMINARY LOCAL CLIMATOLOGICAL DATA (WS FORM: F-6) , PAGE 2

                                          STATION:  Pecos Municipal Airport
                                          MONTH:    JULY
                                          YEAR:     2014
                                          LATITUDE:   31 22 N
                                          LONGITUDE: 103 31 W

[TEMPERATURE DATA]      [PRECIPITATION DATA]       SYMBOLS USED IN COLUMN 16

AVERAGE MONTHLY: 83.5   TOTAL FOR MONTH:   1.11    1 = FOG OR MIST
DPTR FM NORMAL:     M   DPTR FM NORMAL:       M    2 = FOG REDUCING VISIBILITY
HIGHEST:   105 ON 21    GRTST 24HR  1.11 ON 12-12      TO 1/4 MILE OR LESS
LOWEST:     65 ON 13                               3 = THUNDER
                        SNOW, ICE PELLETS, HAIL    4 = ICE PELLETS
                        TOTAL MONTH:   0.0 INCH    5 = HAIL
                        GRTST 24HR     0.0         6 = FREEZING RAIN OR DRIZZLE
                        GRTST DEPTH:   0           7 = DUSTSTORM OR SANDSTORM:
                                                       VSBY 1/2 MILE OR LESS
                                                   8 = SMOKE OR HAZE
[NO. OF DAYS WITH]      [WEATHER - DAYS WITH]      9 = BLOWING SNOW
                                                   X = TORNADO
MAX 32 OR BELOW:   0    0.01 INCH OR MORE:   1
MAX 90 OR ABOVE:  21    0.10 INCH OR MORE:   1
MIN 32 OR BELOW:   0    0.50 INCH OR MORE:   1
MIN  0 OR BELOW:   0    1.00 INCH OR MORE:   1

[HDD (BASE 65) ]
TOTAL THIS MO.     0    CLEAR  (SCALE 0-3)  20
DPTR FM NORMAL     M    PTCLDY (SCALE 4-7)   1
TOTAL FM JUL 1     0    CLOUDY (SCALE 8-10)  0
DPTR FM NORMAL     M

[CDD (BASE 65) ]
TOTAL THIS MO.   394
DPTR FM NORMAL     M    [PRESSURE DATA]
TOTAL FM JAN 1  1387    HIGHEST SLP M ON M
DPTR FM NORMAL     M    LOWEST  SLP M ON M

[REMARKS]
