000
CXUS54 KEWX 240910
CF6PEZ
PRELIMINARY LOCAL CLIMATOLOGICAL DATA (WS FORM: F-6)

                                          STATION:   PLEASANTON MUNICIPAL AIRPORT
                                          MONTH:     FEBRUARY
                                          YEAR:      2018
                                          LATITUDE:   28 57 N
                                          LONGITUDE:  98 31 W

  TEMPERATURE IN F:       :PCPN:    SNOW:  WIND      :SUNSHINE: SKY     :PK WND
================================================================================
1   2   3   4   5  6A  6B    7    8   9   10  11  12  13   14  15   16   17  18
                                     12Z  AVG MX 2MIN
DY MAX MIN AVG DEP HDD CDD  WTR  SNW DPTH SPD SPD DIR MIN PSBL S-S WX    SPD DR
================================================================================

 1  83  44  64   M   1   0 0.00    M    M  4.1 15  60   M    M   1 12     23  60
 2  61  50  56   M   9   0 0.01    M    M  7.8 15  50   M    M   3        24  50
 3  59  47  53   M  12   0 0.00    M    M  1.1  5  90   M    M   7 1       M  M
 4  83  41  62   M   3   0 0.00    M    M  4.0 10  90   M    M   1 1      16 100
 5  62  47  55   M  10   0 0.00    M    M  7.2 13  60   M    M   9        23  60
 6  62  48  55   M  10   0 0.02    M    M  6.1 12  70   M    M  10 1       M  M
 7  50  41  46   M  19   0 0.01    M    M  9.7 17  20   M    M   8 1      23  40
 8  52  34  43   M  22   0 0.00    M    M  3.1  8  70   M    M   7 1       M  M
 9  56  50  53   M  12   0 0.00    M    M  0.5  5 150   M    M  10 18      M  M
10  64  49  57   M   8   0 0.00    M    M  2.9 12  70   M    M  10 12      M  M
11  49  37  43   M  22   0 0.00    M    M 10.2 18  40   M    M   9 1      25  40
12  53  35  44   M  21   0 0.00    M    M  6.1 13  50   M    M   9        16  50
13  49  41  45   M  20   0 0.00    M    M  4.5  8  90   M    M  10 1       M  M
14  72  47  60   M   5   0 0.13    M    M  4.3 15 180   M    M   7 1      18 210
15  80  63  72   M   0   7 0.00    M    M  8.4 21 180   M    M   7 12     32 180
16  82  62  72   M   0   7 0.00    M    M  6.9 17  70   M    M   8 1      24  70
17  73  56  65   M   0   0 0.02    M    M  6.5 16  70   M    M   8 1      21  70
18  83  55  69   M   0   4 0.00    M    M 11.1 24 160   M    M   7 1      35 160
19  85  69  77   M   0  12 0.00    M    M 17.9 23 150   M    M   7        36 150
20  76  71  74   M   0   9 0.00    M    M 17.3 27 160   M    M   8 3      37 160
21  71  45  58   M   7   0 0.06    M    M 11.7 29 170   M    M   9 1      37 170
22  50  43  47   M  18   0 0.00    M    M  4.8  9  90   M    M  10 1      16  90
23  73  47  60   M   5   0 0.41    M    M  8.9 18 170   M    M  10 13     28 170
================================================================================
SM 1528 1122       204  39  0.66    M    165.1          M      175
================================================================================
AV 66.4 48.8                               7.2 FASTST   M    M   8    MAX(MPH)
                                 MISC ---->  # 29 170               # 37  160
================================================================================
NOTES:
# LAST OF SEVERAL OCCURRENCES

COLUMN 17 PEAK WIND IN M.P.H.

PRELIMINARY LOCAL CLIMATOLOGICAL DATA (WS FORM: F-6) , PAGE 2

                                          STATION:  PLEASANTON MUNICIPAL AIRPORT
                                          MONTH:    FEBRUARY
                                          YEAR:     2018
                                          LATITUDE:   28 57 N
                                          LONGITUDE:  98 31 W

[TEMPERATURE DATA]      [PRECIPITATION DATA]       SYMBOLS USED IN COLUMN 16

AVERAGE MONTHLY: 57.6   TOTAL FOR MONTH:   0.66    1 = FOG OR MIST
DPTR FM NORMAL:     M   DPTR FM NORMAL:       M    2 = FOG REDUCING VISIBILITY
HIGHEST:    85 ON 19    GRTST 24HR  0.41 ON 23-23      TO 1/4 MILE OR LESS
LOWEST:     34 ON  8                               3 = THUNDER
                        SNOW, ICE PELLETS, HAIL    4 = ICE PELLETS
                        TOTAL MONTH:    M          5 = HAIL
                        GRTST 24HR    M  ON   M    6 = FREEZING RAIN OR DRIZZLE
                        GRTST DEPTH:  M  ON   M    7 = DUSTSTORM OR SANDSTORM:
                                                       VSBY 1/2 MILE OR LESS
                                                   8 = SMOKE OR HAZE
[NO. OF DAYS WITH]      [WEATHER - DAYS WITH]      9 = BLOWING SNOW
                                                   X = TORNADO
MAX 32 OR BELOW:   0    0.01 INCH OR MORE:   7
MAX 90 OR ABOVE:   0    0.10 INCH OR MORE:   2
MIN 32 OR BELOW:   0    0.50 INCH OR MORE:   0
MIN  0 OR BELOW:   0    1.00 INCH OR MORE:   0

[HDD (BASE 65) ]
TOTAL THIS MO.   204    CLEAR  (SCALE 0-3)   3
DPTR FM NORMAL     M    PTCLDY (SCALE 4-7)   8
TOTAL FM JUL 1  1166    CLOUDY (SCALE 8-10) 12
DPTR FM NORMAL     M

[CDD (BASE 65) ]
TOTAL THIS MO.    39
DPTR FM NORMAL     M    [PRESSURE DATA]
TOTAL FM JAN 1    42    HIGHEST SLP M ON M
DPTR FM NORMAL     M    LOWEST  SLP M ON M

[REMARKS]
