000
CXUS55 KTBW 301000
CF6PGD
PRELIMINARY LOCAL CLIMATOLOGICAL DATA (WS FORM: F-6)

                                          STATION:   Punta Gorda
                                          MONTH:     JANUARY
                                          YEAR:      2015
                                          LATITUDE:   26 55 N
                                          LONGITUDE:  82  0 W

  TEMPERATURE IN F:       :PCPN:    SNOW:  WIND      :SUNSHINE: SKY     :PK WND
================================================================================
1   2   3   4   5  6A  6B    7    8   9   10  11  12  13   14  15   16   17  18
                                     12Z  AVG MX 2MIN
DY MAX MIN AVG DEP HDD CDD  WTR  SNW DPTH SPD SPD DIR MIN PSBL S-S WX    SPD DR
================================================================================

 1  79  61  70   8   0   5 0.00  0.0    0  6.9 13  30   M    M   6 1      16  30
 2  84  64  74  12   0   9 0.07  0.0    0  5.7 13 140   M    M   6 12     16 130
 3  86  66  76  14   0  11 0.00  0.0    0  8.2 22 150   M    M   2 1      26 150
 4  85  62  74  12   0   9 0.00  0.0    0  7.4 21 210   M    M   2 12     25 210
 5  77  60  69   7   0   4 0.00  0.0    0  7.4 15  40   M    M   7 12     18  40
 6  83  55  69   7   0   4 0.00  0.0    0  6.5 14 290   M    M   2        18 360
 7  73  53  63   1   2   0 0.00  0.0    0  8.3 16 340   M    M   0        21 330
 8  65  43  54  -8  11   0 0.00  0.0    0 13.7 23  50   M    M   2        29  50
 9  70  49  60  -2   5   0 0.01  0.0    0  7.4 13 360   M    M   6        15 350
10  69  48  59  -3   6   0 0.00  0.0    0  8.9 17  50   M    M   4        19  40
11  82  51  67   5   0   2 0.02  0.0    0  8.1 20 110   M    M   4 1      25 120
12  80  63  72  10   0   7 0.17  0.0    0  6.8 18  50   M    M   7 12     22  50
13  81  60  71   9   0   6 0.00  0.0    0  6.8 15  70   M    M   3 1      18  80
14  67  62  65   3   0   0 0.00  0.0    0  8.1 15  30   M    M   9 1      19  30
15  67  56  62   0   3   0 0.00  0.0    0  6.8 15  30   M    M  10 1      18  30
16  72  48  60  -2   5   0 0.02  0.0    0  6.9 16  20   M    M   5 1      21  20
17  76  45  61  -1   4   0 0.00  0.0    0  5.7 17 120   M    M   1 1      23 120
18  76  51  64   2   1   0    T  0.0    0  5.6 17 310   M    M   2 12     22 330
19  72  44  58  -4   7   0 0.00  0.0    0  7.5 15  70   M    M   0 1      20  70
20  74  50  62   0   3   0 0.01  0.0    0  4.6 12 180   M    M   6        14 170
21  82  54  68   6   0   3 0.00  0.0    0  3.9 10 340   M    M   2 1      13 310
22  82  57  70   8   0   5 0.00  0.0    0  6.7 14 130   M    M   4 1      17 120
23  82  63  73  11   0   8 0.00  0.0    0 12.8 28 190   M    M   3        35 180
24  73  53  63   1   2   0 0.24  0.0    0 15.9 30 270   M    M   6 13     38 280
25  67  42  55  -7  10   0 0.00  0.0    0  5.1 10 270   M    M   0        14  50
26  72  52  62  -1   3   0 0.10  0.0    0 14.0 26 280   M    M   4 1      36 300
27  68  45  57  -6   8   0 0.00  0.0    0  9.4 20 290   M    M   1        26 300
28  67  42  55  -8  10   0 0.00  0.0    0  8.5 15  10   M    M   0        22 340
29  74  40  57  -6   8   0 0.00  0.0    0  7.4 16 110   M    M   0 8      20 100
================================================================================
SM 2185 1539        88  73  0.64     0.0 231.0          M      104
================================================================================
AV 75.3 53.1                               8.0 FASTST   M    M   4    MAX(MPH)
                                 MISC ---->  # 30 270               # 38  280
================================================================================
NOTES:
# LAST OF SEVERAL OCCURRENCES

COLUMN 17 PEAK WIND IN M.P.H.

PRELIMINARY LOCAL CLIMATOLOGICAL DATA (WS FORM: F-6) , PAGE 2

                                          STATION:  Punta Gorda
                                          MONTH:    JANUARY
                                          YEAR:     2015
                                          LATITUDE:   26 55 N
                                          LONGITUDE:  82  0 W

[TEMPERATURE DATA]      [PRECIPITATION DATA]       SYMBOLS USED IN COLUMN 16

AVERAGE MONTHLY: 64.2   TOTAL FOR MONTH:   0.64    1 = FOG OR MIST
DPTR FM NORMAL:   2.1   DPTR FM NORMAL:   -1.16    2 = FOG REDUCING VISIBILITY
HIGHEST:    86 ON  3    GRTST 24HR  0.24 ON 23-24      TO 1/4 MILE OR LESS
LOWEST:     40 ON 29                               3 = THUNDER
                        SNOW, ICE PELLETS, HAIL    4 = ICE PELLETS
                        TOTAL MONTH:   0.0 INCH    5 = HAIL
                        GRTST 24HR     0.0         6 = FREEZING RAIN OR DRIZZLE
                        GRTST DEPTH:   0           7 = DUSTSTORM OR SANDSTORM:
                                                       VSBY 1/2 MILE OR LESS
                                                   8 = SMOKE OR HAZE
[NO. OF DAYS WITH]      [WEATHER - DAYS WITH]      9 = BLOWING SNOW
                                                   X = TORNADO
MAX 32 OR BELOW:   0    0.01 INCH OR MORE:   8
MAX 90 OR ABOVE:   0    0.10 INCH OR MORE:   3
MIN 32 OR BELOW:   0    0.50 INCH OR MORE:   0
MIN  0 OR BELOW:   0    1.00 INCH OR MORE:   0

[HDD (BASE 65) ]
TOTAL THIS MO.    88    CLEAR  (SCALE 0-3)  14
DPTR FM NORMAL   -51    PTCLDY (SCALE 4-7)  13
TOTAL FM JUL 1   230    CLOUDY (SCALE 8-10)  2
DPTR FM NORMAL   -36

[CDD (BASE 65) ]
TOTAL THIS MO.    73
DPTR FM NORMAL    15    [PRESSURE DATA]
TOTAL FM JAN 1    73    HIGHEST SLP M ON M
DPTR FM NORMAL    15    LOWEST  SLP 29.87 ON 24

[REMARKS]
