487
CXUS53 KUNR 190945
CF6PHP
PRELIMINARY LOCAL CLIMATOLOGICAL DATA (WS FORM: F-6)

                                          STATION:   PHILIP SD
                                          MONTH:     JANUARY
                                          YEAR:      2018
                                          LATITUDE:   44  3 N
                                          LONGITUDE: 101 36 W

  TEMPERATURE IN F:       :PCPN:    SNOW:  WIND      :SUNSHINE: SKY     :PK WND
================================================================================
1   2   3   4   5  6A  6B    7    8   9   10  11  12  13   14  15   16   17  18
                                     12Z  AVG MX 2MIN
DY MAX MIN AVG DEP HDD CDD  WTR  SNW DPTH SPD SPD DIR MIN PSBL S-S WX    SPD DR
================================================================================

 1  -6 -35 -20 -41  85   0    T    M    M  5.1 13  90   M    M   2        14  90
 2  30 -21   5 -16  60   0 0.00    M    M 12.0 24 300   M    M   2        30 300
 3  29   3  16  -5  49   0 0.00    M    M  4.4 14 310   M    M   4        18 310
 4  38   1  20  -1  45   0 0.00    M    M  6.8 16 320   M    M   1         M  M
 5  17   0   9 -12  56   0 0.00    M    M  9.1 17 320   M    M   7 1      21 320
 6  40  16  28   7  37   0    T    M    M  6.0 22 320   M    M   6 1      28 320
 7  45  29  37  15  28   0    T    M    M 10.1 24 320   M    M   4        30 320
 8  49  22  36  14  29   0 0.00    M    M  3.4 13 270   M    M   0        16 270
 9  53  22  38  16  27   0 0.00    M    M  6.4 17 250   M    M   0        23 230
10  45   3  24   2  41   0 0.01    M    M 18.4 38 340   M    M   3 1      45 340
11  10  -2   4 -18  61   0 0.00    M    M 15.6 33 320   M    M   4        42 320
12  10  -2   4 -18  61   0    T    M    M  9.3 17  90   M    M   9        20  90
13  21  -2  10 -12  55   0 0.05    M    M  7.0 15 130   M    M   9 1      19 150
14  37   2  20  -2  45   0 0.06    M    M 12.8 32 340   M    M   7 1      37 340
15   4 -12  -4 -26  69   0 0.00    M    M 15.0 26 340   M    M   0        32 340
16  22 -16   3 -19  62   0 0.00    M    M  4.8 14 170   M    M   0        16 160
17  46   3  25   3  40   0 0.00    M    M  6.7 15 290   M    M   0        18 310
18  52  19  36  14  29   0 0.00    M    M  7.3 17 260   M    M   0        20 250
================================================================================
SM  542   30       879   0  0.12    M    160.2          M       58
================================================================================
AV 30.1  1.7                               8.9 FASTST   M    M   3    MAX(MPH)
                                 MISC ---->  # 38 340               # 45  340
================================================================================
NOTES:
# LAST OF SEVERAL OCCURRENCES

COLUMN 17 PEAK WIND IN M.P.H.

PRELIMINARY LOCAL CLIMATOLOGICAL DATA (WS FORM: F-6) , PAGE 2

                                          STATION:  PHILIP SD
                                          MONTH:    JANUARY
                                          YEAR:     2018
                                          LATITUDE:   44  3 N
                                          LONGITUDE: 101 36 W

[TEMPERATURE DATA]      [PRECIPITATION DATA]       SYMBOLS USED IN COLUMN 16

AVERAGE MONTHLY: 15.9   TOTAL FOR MONTH:   0.12    1 = FOG OR MIST
DPTR FM NORMAL:  -5.8   DPTR FM NORMAL:   -0.06    2 = FOG REDUCING VISIBILITY
HIGHEST:    53 ON  9    GRTST 24HR  0.06 ON 14-14      TO 1/4 MILE OR LESS
LOWEST:    -35 ON  1                               3 = THUNDER
                        SNOW, ICE PELLETS, HAIL    4 = ICE PELLETS
                        TOTAL MONTH:    M          5 = HAIL
                        GRTST 24HR    M  ON   M    6 = FREEZING RAIN OR DRIZZLE
                        GRTST DEPTH:  M  ON   M    7 = DUSTSTORM OR SANDSTORM:
                                                       VSBY 1/2 MILE OR LESS
                                                   8 = SMOKE OR HAZE
[NO. OF DAYS WITH]      [WEATHER - DAYS WITH]      9 = BLOWING SNOW
                                                   X = TORNADO
MAX 32 OR BELOW:   9    0.01 INCH OR MORE:   3
MAX 90 OR ABOVE:   0    0.10 INCH OR MORE:   0
MIN 32 OR BELOW:  18    0.50 INCH OR MORE:   0
MIN  0 OR BELOW:   8    1.00 INCH OR MORE:   0

[HDD (BASE 65) ]
TOTAL THIS MO.   879    CLEAR  (SCALE 0-3)   9
DPTR FM NORMAL    98    PTCLDY (SCALE 4-7)   7
TOTAL FM JUL 1  3602    CLOUDY (SCALE 8-10)  2
DPTR FM NORMAL  -114

[CDD (BASE 65) ]
TOTAL THIS MO.     0
DPTR FM NORMAL     0    [PRESSURE DATA]
TOTAL FM JAN 1     0    HIGHEST SLP M ON M
DPTR FM NORMAL     0    LOWEST  SLP 29.16 ON 10

[REMARKS]
