000
CXUS55 KLOX 301655
CF6PMD
PRELIMINARY LOCAL CLIMATOLOGICAL DATA (WS FORM: F-6)

                                          STATION:   PALMDALE AIRPORT CA
                                          MONTH:     APRIL
                                          YEAR:      2016
                                          LATITUDE:   34 37 N
                                          LONGITUDE: 118  5 W

  TEMPERATURE IN F:       :PCPN:    SNOW:  WIND      :SUNSHINE: SKY     :PK WND
================================================================================
1   2   3   4   5  6A  6B    7    8   9   10  11  12  13   14  15   16   17  18
                                     12Z  AVG MX 2MIN
DY MAX MIN AVG DEP HDD CDD  WTR  SNW DPTH SPD SPD DIR MIN PSBL S-S WX    SPD DR
================================================================================

 1  77  43  60   5   5   0 0.00  0.0    0  6.8 18  70   M    M   0        23  50
 2  80  45  63   8   2   0 0.00  0.0    0  8.7 24 240   M    M   0        27 250
 3  80  49  65  10   0   0 0.00  0.0    0  8.6 23 250   M    M   0        28 250
 4  81  48  65  10   0   0 0.00  0.0    0  9.4 30 290   M    M   0        33 290
 5  87  48  68  13   0   3 0.00  0.0    0  6.8 21  80   M    M   0        29  70
 6  88  50  69  13   0   4 0.00  0.0    0  9.7 23  90   M    M   0        29  50
 7  72  57  65   9   0   0 0.01  0.0    0  8.4 24 220   M    M   4        30 210
 8  62  52  57   1   8   0 0.07  0.0    0  7.5 20 210   M    M   9 1      24 230
 9  64  48  56   0   9   0    T    M    0 13.2 25 220   M    M   7        30 210
10  67  46  57   1   8   0 0.00  0.0    0 13.3 26 230   M    M   2        32 230
11  70  52  61   4   4   0 0.00  0.0    0  8.9 20 230   M    M   4        27 210
12  75  48  62   5   3   0 0.00  0.0    0 11.2 24 240   M    M   0        29 240
13  75  53  64   7   1   0 0.00  0.0    0 14.8 31 290   M    M   0        35 290
14  69  53  61   4   4   0 0.00  0.0    0 23.9 41 290   M    M   0 8      50 290
15  72  46  59   1   6   0 0.00  0.0    0 15.7 31 290   M    M   0        37  40
16  79  41  60   2   5   0 0.00  0.0    0 10.4 24  60   M    M   0        28  60
17  81  42  62   4   3   0 0.00  0.0    0  8.7 25  80   M    M   0        31 100
18  85  47  66   8   0   1 0.00  0.0    0  8.1 24 230   M    M   0        29 230
19  86  54  70  11   0   5 0.00  0.0    0  9.8 31 210   M    M   0 8      36 240
20  84  53  69  10   0   4 0.00  0.0    0 10.5 25 210   M    M   0        31 220
21  85  50  68   9   0   3 0.00  0.0    0 10.8 28 250   M    M   0        37 240
22  77  51  64   4   1   0 0.00  0.0    0 19.9 37 220   M    M   2 8      43 230
23  73  46  60   0   5   0 0.00  0.0    0 17.0 33 300   M    M   0        38 300
24  71  43  57  -3   8   0 0.00  0.0    0 13.0 33 290   M    M   1        39 280
25  60  44  52  -9  13   0 0.00  0.0    0 25.3 43 300   M    M   0        51 290
26  72  45  59  -2   6   0 0.00  0.0    0 14.5 32 290   M    M   0        40 300
27  72  46  59  -2   6   0 0.06    M    0 21.7 37 300   M    M   1 3      45 290
28  67  45  56  -6   9   0    T    M    0 20.9 38 280   M    M   2        44 280
29  75  48  62   0   3   0 0.00  0.0    0 14.5 32 280   M    M   0        45 270
================================================================================
SM 2186 1393       109  20  0.14     0.0 372.1          M       32
================================================================================
AV 75.4 48.0                              12.8 FASTST   M    M   1    MAX(MPH)
                                 MISC ---->  # 43 300               # 51  290
================================================================================
NOTES:
# LAST OF SEVERAL OCCURRENCES

COLUMN 17 PEAK WIND IN M.P.H.

PRELIMINARY LOCAL CLIMATOLOGICAL DATA (WS FORM: F-6) , PAGE 2

                                          STATION:  PALMDALE AIRPORT CA
                                          MONTH:    APRIL
                                          YEAR:     2016
                                          LATITUDE:   34 37 N
                                          LONGITUDE: 118  5 W

[TEMPERATURE DATA]      [PRECIPITATION DATA]       SYMBOLS USED IN COLUMN 16

AVERAGE MONTHLY: 61.7   TOTAL FOR MONTH:   0.14    1 = FOG OR MIST
DPTR FM NORMAL:   3.8   DPTR FM NORMAL:   -0.32    2 = FOG REDUCING VISIBILITY
HIGHEST:    88 ON  6    GRTST 24HR  0.08 ON  7- 8      TO 1/4 MILE OR LESS
LOWEST:     41 ON 16                               3 = THUNDER
                        SNOW, ICE PELLETS, HAIL    4 = ICE PELLETS
                        TOTAL MONTH:   0.0 INCH    5 = HAIL
                        GRTST 24HR     0.0         6 = FREEZING RAIN OR DRIZZLE
                        GRTST DEPTH:   0           7 = DUSTSTORM OR SANDSTORM:
                                                       VSBY 1/2 MILE OR LESS
                                                   8 = SMOKE OR HAZE
[NO. OF DAYS WITH]      [WEATHER - DAYS WITH]      9 = BLOWING SNOW
                                                   X = TORNADO
MAX 32 OR BELOW:   0    0.01 INCH OR MORE:   3
MAX 90 OR ABOVE:   0    0.10 INCH OR MORE:   0
MIN 32 OR BELOW:   0    0.50 INCH OR MORE:   0
MIN  0 OR BELOW:   0    1.00 INCH OR MORE:   0

[HDD (BASE 65) ]
TOTAL THIS MO.   109    CLEAR  (SCALE 0-3)  25
DPTR FM NORMAL  -115    PTCLDY (SCALE 4-7)   3
TOTAL FM JUL 1  2539    CLOUDY (SCALE 8-10)  1
DPTR FM NORMAL  -306

[CDD (BASE 65) ]
TOTAL THIS MO.    20
DPTR FM NORMAL     4    [PRESSURE DATA]
TOTAL FM JAN 1    20    HIGHEST SLP M ON M
DPTR FM NORMAL     2    LOWEST  SLP 29.69 ON 27

[REMARKS]
