000
CXUS52 KMFL 231000
CF6PMP
PRELIMINARY LOCAL CLIMATOLOGICAL DATA (WS FORM: F-6)

                                          STATION:   POMPANO BEACH ARPK
                                          MONTH:     JUNE
                                          YEAR:      2017
                                          LATITUDE:   26 14 N
                                          LONGITUDE:  80  7 W

  TEMPERATURE IN F:       :PCPN:    SNOW:  WIND      :SUNSHINE: SKY     :PK WND
================================================================================
1   2   3   4   5  6A  6B    7    8   9   10  11  12  13   14  15   16   17  18
                                     12Z  AVG MX 2MIN
DY MAX MIN AVG DEP HDD CDD  WTR  SNW DPTH SPD SPD DIR MIN PSBL S-S WX    SPD DR
================================================================================

 1  90  79  85   5   0  20    T  0.0    0  7.6 17 130   M    M   2        22 140
 2  86  79  83   2   0  18 0.01  0.0    0  7.6 15 150   M    M   3        19 140
 3  86  74  80  -1   0  15 3.18  0.0    0  5.1 25  90   M    M   6 1      29  90
 4  84  76  80  -1   0  15 0.11  0.0    0  6.7 23 160   M    M   5 1      28 160
 5  83  74  79  -2   0  14 1.90  0.0    0  6.1 21 130   M    M   6 13     26 140
 6  78  71  75  -6   0  10 5.64  0.0    0  6.3 25 320   M    M   8 13     35 280
 7  83  71  77  -4   0  12 2.33  0.0    0 10.5 21 300   M    M   5 13     25 200
 8  91  74  83   2   0  18    T  0.0    0 11.5 24 240   M    M   4 3      31 240
 9  86  75  81   0   0  16    T  0.0    0  8.1 18 160   M    M   4 138    24 150
10  84  76  80  -1   0  15 0.02  0.0    0  6.7 17  90   M    M   4 1      22 100
11  88  80  84   3   0  19 0.00  0.0    0  9.2 15  90   M    M   3 1      20 130
12  88  80  84   3   0  19    T  0.0    0 10.1 16 110   M    M   3        19 110
13  89  76  83   1   0  18 0.17  0.0    0  9.0 16 110   M    M   4 13     20 140
14  89  76  83   1   0  18 0.07  0.0    0  5.8 21 250   M    M   2 138    26 250
15  89  77  83   1   0  18 0.01  0.0    0  7.6 21 310   M    M   2 3      24 320
16  86  74  80  -2   0  15 0.46  0.0    0  5.0 20 150   M    M   4 13     26 210
17  86  77  82   0   0  17 0.00  0.0    0  9.3 20 130   M    M   2 1      24 150
18  90  78  84   2   0  19 0.13  0.0    0 10.1 22 160   M    M   3        33 160
19  89  77  83   1   0  18 0.46  0.0    0 12.9 31 150   M    M   5 18     41 150
20  89  83  86   4   0  21 0.03  0.0    0 16.2 23 130   M    M   3        29 120
21  90  83  87   5   0  22 0.00  0.0    0 13.9 22 140   M    M   4        27 150
22  90  82  86   4   0  21 0.00  0.0    0 12.0 18 130   M    M   2        22 130
================================================================================
SM 1914 1692         0 378 14.52     0.0 197.3          M       84
================================================================================
AV 87.0 76.9                               9.0 FASTST   M    M   4    MAX(MPH)
                                 MISC ---->  # 31 150               # 41  150
================================================================================
NOTES:
# LAST OF SEVERAL OCCURRENCES

COLUMN 17 PEAK WIND IN M.P.H.

PRELIMINARY LOCAL CLIMATOLOGICAL DATA (WS FORM: F-6) , PAGE 2

                                          STATION:  POMPANO BEACH ARPK
                                          MONTH:    JUNE
                                          YEAR:     2017
                                          LATITUDE:   26 14 N
                                          LONGITUDE:  80  7 W

[TEMPERATURE DATA]      [PRECIPITATION DATA]       SYMBOLS USED IN COLUMN 16

AVERAGE MONTHLY: 82.0   TOTAL FOR MONTH:  14.52    1 = FOG OR MIST
DPTR FM NORMAL:   0.5   DPTR FM NORMAL:    8.04    2 = FOG REDUCING VISIBILITY
HIGHEST:    91 ON  8    GRTST 24HR  5.64 ON  6- 6      TO 1/4 MILE OR LESS
LOWEST:     71 ON  7, 6                            3 = THUNDER
                        SNOW, ICE PELLETS, HAIL    4 = ICE PELLETS
                        TOTAL MONTH:   0.0 INCH    5 = HAIL
                        GRTST 24HR     0.0         6 = FREEZING RAIN OR DRIZZLE
                        GRTST DEPTH:   0           7 = DUSTSTORM OR SANDSTORM:
                                                       VSBY 1/2 MILE OR LESS
                                                   8 = SMOKE OR HAZE
[NO. OF DAYS WITH]      [WEATHER - DAYS WITH]      9 = BLOWING SNOW
                                                   X = TORNADO
MAX 32 OR BELOW:   0    0.01 INCH OR MORE:  14
MAX 90 OR ABOVE:   5    0.10 INCH OR MORE:   9
MIN 32 OR BELOW:   0    0.50 INCH OR MORE:   4
MIN  0 OR BELOW:   0    1.00 INCH OR MORE:   4

[HDD (BASE 65) ]
TOTAL THIS MO.     0    CLEAR  (SCALE 0-3)   8
DPTR FM NORMAL     0    PTCLDY (SCALE 4-7)  13
TOTAL FM JUL 1    34    CLOUDY (SCALE 8-10)  1
DPTR FM NORMAL  -140

[CDD (BASE 65) ]
TOTAL THIS MO.   378
DPTR FM NORMAL    18    [PRESSURE DATA]
TOTAL FM JAN 1  1958    HIGHEST SLP M ON M
DPTR FM NORMAL   407    LOWEST  SLP 29.79 ON M

[REMARKS]
