000
CXUS52 KMFL 271000
CF6PMP
PRELIMINARY LOCAL CLIMATOLOGICAL DATA (WS FORM: F-6)

                                          STATION:   POMPANO BEACH ARPK
                                          MONTH:     MAY
                                          YEAR:      2016
                                          LATITUDE:   26 14 N
                                          LONGITUDE:  80  7 W

  TEMPERATURE IN F:       :PCPN:    SNOW:  WIND      :SUNSHINE: SKY     :PK WND
================================================================================
1   2   3   4   5  6A  6B    7    8   9   10  11  12  13   14  15   16   17  18
                                     12Z  AVG MX 2MIN
DY MAX MIN AVG DEP HDD CDD  WTR  SNW DPTH SPD SPD DIR MIN PSBL S-S WX    SPD DR
================================================================================

 1  86  74  80   4   0  15 0.00  0.0    0 13.1 20 130   M    M   2        24 130
 2  87  78  83   7   0  18 0.00  0.0    0 15.6 20 120   M    M   2        27 140
 3  87  77  82   5   0  17 0.09  0.0    0 10.5 20 160   M    M   2        26 150
 4  88  70  79   2   0  14 2.01  0.0    0  9.1 24 160   M    M   2 13     31 220
 5  84  66  75  -2   0  10 0.00  0.0    0 13.5 21 340   M    M   2        33 330
 6  81  63  72  -5   0   7 0.00  0.0    0  9.9 18 330   M    M   0        24 290
 7  81  60  71  -6   0   6 0.00  0.0    0  7.7 16  70   M    M   0 8      21  70
 8  81  61  71  -6   0   6 0.00  0.0    0  6.0 14 110   M    M   0        19  70
 9  82  71  77   0   0  12 0.00  0.0    0 10.4 18 100   M    M   2        23 100
10  84  76  80   2   0  15 0.00  0.0    0 12.8 20 130   M    M   2        26 130
11  84  76  80   2   0  15 0.00  0.0    0 11.1 21 110   M    M   1        26 110
12  84  71  78   0   0  13 0.00  0.0    0  7.6 14  70   M    M   1        21  60
13  85  69  77  -1   0  12 0.00  0.0    0  6.9 14 120   M    M   1        19 120
14  86  74  80   2   0  15    T  0.0    0  6.4 17 140   M    M   4 3      20 130
15  86  73  80   2   0  15 0.00  0.0    0  8.6 15 110   M    M   1        17  90
16  87  77  82   4   0  17 0.00  0.0    0 10.0 18 110   M    M   2        22  90
17  88  80  84   5   0  19 0.04  0.0    0 12.2 20 150   M    M   2 13     26 150
18  87  71  79   0   0  14 2.51  0.0    0  6.8 23 160   M    M   4 123    30 140
19  86  72  79   0   0  14 0.07  0.0    0  9.4 23 340   M    M   5 1      28 330
20  88  75  82   3   0  17    T  0.0    0  7.7 17 140   M    M   2 13     22 260
21  90  76  83   4   0  18    T  0.0    0  5.2 18 150   M    M   2 38     22 150
22  91  74  83   4   0  18 0.00  0.0    0  8.7 17 300   M    M   2 3      20 310
23  88  74  81   2   0  16    T  0.0    0  7.0 15  30   M    M   3 3      19  40
24  87  74  81   1   0  16 0.27  0.0    0  8.7 17 110   M    M   2 138    21 110
25  85  77  81   1   0  16 0.00  0.0    0 12.3 20  40   M    M   1        23  50
26  85  71  78  -2   0  13    T  0.0    0 11.0 18  60   M    M   3        23  60
================================================================================
SM 2228 1880         0 368  4.99     0.0 248.2          M       50
================================================================================
AV 85.7 72.3                               9.5 FASTST   M    M   2    MAX(MPH)
                                 MISC ---->  # 24 160                 33    M
================================================================================
NOTES:
# LAST OF SEVERAL OCCURRENCES

COLUMN 17 PEAK WIND IN M.P.H.

PRELIMINARY LOCAL CLIMATOLOGICAL DATA (WS FORM: F-6) , PAGE 2

                                          STATION:  POMPANO BEACH ARPK
                                          MONTH:    MAY
                                          YEAR:     2016
                                          LATITUDE:   26 14 N
                                          LONGITUDE:  80  7 W

[TEMPERATURE DATA]      [PRECIPITATION DATA]       SYMBOLS USED IN COLUMN 16

AVERAGE MONTHLY: 79.0   TOTAL FOR MONTH:   4.99    1 = FOG OR MIST
DPTR FM NORMAL:   0.9   DPTR FM NORMAL:    1.25    2 = FOG REDUCING VISIBILITY
HIGHEST:    91 ON 22    GRTST 24HR  2.51 ON 18-18      TO 1/4 MILE OR LESS
LOWEST:     60 ON  7                               3 = THUNDER
                        SNOW, ICE PELLETS, HAIL    4 = ICE PELLETS
                        TOTAL MONTH:   0.0 INCH    5 = HAIL
                        GRTST 24HR     0.0         6 = FREEZING RAIN OR DRIZZLE
                        GRTST DEPTH:   0           7 = DUSTSTORM OR SANDSTORM:
                                                       VSBY 1/2 MILE OR LESS
                                                   8 = SMOKE OR HAZE
[NO. OF DAYS WITH]      [WEATHER - DAYS WITH]      9 = BLOWING SNOW
                                                   X = TORNADO
MAX 32 OR BELOW:   0    0.01 INCH OR MORE:   6
MAX 90 OR ABOVE:   2    0.10 INCH OR MORE:   3
MIN 32 OR BELOW:   0    0.50 INCH OR MORE:   2
MIN  0 OR BELOW:   0    1.00 INCH OR MORE:   2

[HDD (BASE 65) ]
TOTAL THIS MO.     0    CLEAR  (SCALE 0-3)  23
DPTR FM NORMAL     0    PTCLDY (SCALE 4-7)   3
TOTAL FM JUL 1   101    CLOUDY (SCALE 8-10)  0
DPTR FM NORMAL   -73

[CDD (BASE 65) ]
TOTAL THIS MO.   368
DPTR FM NORMAL    27    [PRESSURE DATA]
TOTAL FM JAN 1  1267    HIGHEST SLP M ON M
DPTR FM NORMAL   150    LOWEST  SLP 29.68 ON  4

[REMARKS]
