000
CXUS52 KMFL 011000
CF6PMP
PRELIMINARY LOCAL CLIMATOLOGICAL DATA (WS FORM: F-6)

                                          STATION:   POMPANO BEACH ARPK
                                          MONTH:     JUNE
                                          YEAR:      2015
                                          LATITUDE:   26 14 N
                                          LONGITUDE:  80  7 W

  TEMPERATURE IN F:       :PCPN:    SNOW:  WIND      :SUNSHINE: SKY     :PK WND
================================================================================
1   2   3   4   5  6A  6B    7    8   9   10  11  12  13   14  15   16   17  18
                                     12Z  AVG MX 2MIN
DY MAX MIN AVG DEP HDD CDD  WTR  SNW DPTH SPD SPD DIR MIN PSBL S-S WX    SPD DR
================================================================================

 1  87  76  82   2   0  17 0.00  0.0    0  7.7 17 140   M    M   1        21 140
 2  86  71  79  -2   0  14 0.63  0.0    0  7.1 21 240   M    M   4 1      23 240
 3  84  72  78  -3   0  13 0.04  0.0    0  6.8 17  90   M    M   6        20 100
 4  86  74  80  -1   0  15    T  0.0    0  5.1 14 110   M    M   3        17 110
 5  87  76  82   1   0  17 0.00  0.0    0  7.4 18  60   M    M   3        23  70
 6  87  75  81   0   0  16 0.09  0.0    0  5.7 17  40   M    M   4 13     23  40
 7  86  72  79  -2   0  14    T  0.0    0  6.6 16  70   M    M   2        20  60
 8  88  78  83   2   0  18 0.00  0.0    0  8.5 16 110   M    M   2        22 100
 9  89  75  82   1   0  17    T  0.0    0  6.9 20 110   M    M   2 3      24 100
10  89  73  81   0   0  16 0.17  0.0    0  6.9 22 290   M    M   2 138    30 180
11  88  73  81   0   0  16 0.02  0.0    0  9.2 16 110   M    M   1        22 220
12  90  82  86   5   0  21    T  0.0    0 11.9 18 110   M    M   3        23 110
13  88  81  85   3   0  20 0.00  0.0    0 12.7 18 100   M    M   2        23 100
14  88  81  85   3   0  20 0.00  0.0    0 12.4 16  90   M    M   3        22 100
15  89  81  85   3   0  20 0.00  0.0    0 11.0 17 100   M    M   2        22 120
16  88  80  84   2   0  19 0.00  0.0    0  8.9 14  90   M    M   1         M  M
17  89  79  84   2   0  19 0.00  0.0    0  9.2 15  90   M    M   1        20 100
18  90  81  86   4   0  21    T  0.0    0  8.2 15 130   M    M   1        19 140
19  90  80  85   3   0  20 0.01  0.0    0  7.9 15 130   M    M   1        21 130
20  90  79  85   3   0  20 0.00  0.0    0  7.8 15 110   M    M   1        18 100
21  90  80  85   3   0  20 0.00  0.0    0  7.6 16  80   M    M   1        20  80
22  90  81  86   4   0  21 0.00  0.0    0  9.0 14 120   M    M   2        18 100
23  91  83  87   5   0  22 0.00  0.0    0 11.0 18 140   M    M   1        23 140
24  91  83  87   5   0  22 0.00  0.0    0  9.8 16 130   M    M   1        19 140
25  91  81  86   4   0  21    T  0.0    0  7.3 17 130   M    M   1        22 120
26  91  77  84   2   0  19 0.08  0.0    0  6.4 22 280   M    M   1 13     26 280
27  90  78  84   2   0  19 0.09  0.0    0  6.1 18 150   M    M   2 3      24 140
28  89  79  84   2   0  19 0.11  0.0    0  6.8 20 150   M    M   3 38     24 150
29  92  73  83   1   0  18 0.83  0.0    0  8.2 29 340   M    M   2 13     40 320
30  92  76  84   2   0  19 0.00  0.0    0  7.8 22 350   M    M   0        27 350
================================================================================
SM 2666 2330         0 553  2.07     0.0 247.9          M       59
================================================================================
AV 88.9 77.7                               8.3 FASTST   M    M   2    MAX(MPH)
                                 MISC ---->  # 29 340               # 40  320
================================================================================
NOTES:
# LAST OF SEVERAL OCCURRENCES

COLUMN 17 PEAK WIND IN M.P.H.

PRELIMINARY LOCAL CLIMATOLOGICAL DATA (WS FORM: F-6) , PAGE 2

                                          STATION:  POMPANO BEACH ARPK
                                          MONTH:    JUNE
                                          YEAR:     2015
                                          LATITUDE:   26 14 N
                                          LONGITUDE:  80  7 W

[TEMPERATURE DATA]      [PRECIPITATION DATA]       SYMBOLS USED IN COLUMN 16

AVERAGE MONTHLY: 83.3   TOTAL FOR MONTH:   2.07    1 = FOG OR MIST
DPTR FM NORMAL:   1.8   DPTR FM NORMAL:   -6.67    2 = FOG REDUCING VISIBILITY
HIGHEST:    92 ON 30,29 GRTST 24HR  0.83 ON 28-29      TO 1/4 MILE OR LESS
LOWEST:     71 ON  2                               3 = THUNDER
                        SNOW, ICE PELLETS, HAIL    4 = ICE PELLETS
                        TOTAL MONTH:   0.0 INCH    5 = HAIL
                        GRTST 24HR     0.0         6 = FREEZING RAIN OR DRIZZLE
                        GRTST DEPTH:   0           7 = DUSTSTORM OR SANDSTORM:
                                                       VSBY 1/2 MILE OR LESS
                                                   8 = SMOKE OR HAZE
[NO. OF DAYS WITH]      [WEATHER - DAYS WITH]      9 = BLOWING SNOW
                                                   X = TORNADO
MAX 32 OR BELOW:   0    0.01 INCH OR MORE:  10
MAX 90 OR ABOVE:  13    0.10 INCH OR MORE:   4
MIN 32 OR BELOW:   0    0.50 INCH OR MORE:   2
MIN  0 OR BELOW:   0    1.00 INCH OR MORE:   0

[HDD (BASE 65) ]
TOTAL THIS MO.     0    CLEAR  (SCALE 0-3)  26
DPTR FM NORMAL     0    PTCLDY (SCALE 4-7)   4
TOTAL FM JUL 1    84    CLOUDY (SCALE 8-10)  0
DPTR FM NORMAL   -90

[CDD (BASE 65) ]
TOTAL THIS MO.   553
DPTR FM NORMAL    58    [PRESSURE DATA]
TOTAL FM JAN 1  2202    HIGHEST SLP 30.21 ON 30
DPTR FM NORMAL   516    LOWEST  SLP 29.88 ON  3

[REMARKS]
#FINAL-06-15#
