000
CXUS52 KMFL 271000
CF6PMP
PRELIMINARY LOCAL CLIMATOLOGICAL DATA (WS FORM: F-6)

                                          STATION:   POMPANO BEACH ARPK
                                          MONTH:     JANUARY
                                          YEAR:      2015
                                          LATITUDE:   26 14 N
                                          LONGITUDE:  80  7 W

  TEMPERATURE IN F:       :PCPN:    SNOW:  WIND      :SUNSHINE: SKY     :PK WND
================================================================================
1   2   3   4   5  6A  6B    7    8   9   10  11  12  13   14  15   16   17  18
                                     12Z  AVG MX 2MIN
DY MAX MIN AVG DEP HDD CDD  WTR  SNW DPTH SPD SPD DIR MIN PSBL S-S WX    SPD DR
================================================================================

 1  78  71  75   8   0  10 0.19  0.0    0  5.7 13 140   M    M   7 18     16 150
 2  82  75  79  12   0  14    T  0.0    0 12.4 18 120   M    M   4        23 130
 3  84  77  81  14   0  16 0.00  0.0    0 13.8 23 140   M    M   3        28 140
 4  84  75  80  13   0  15    T  0.0    0 11.4 22 130   M    M   2        26 120
 5  83  72  78  11   0  13 0.08  0.0    0  8.0 22  20   M    M   4 1      26  20
 6  82  72  77  10   0  12 0.45  0.0    0  6.9 15  80   M    M   3 1      18  80
 7  79  63  71   5   0   6 0.00  0.0    0  7.6 14 330   M    M   4 1      17 340
 8  74  57  66   0   0   1 0.14  0.0    0 14.4 22  80   M    M   3        29  40
 9  80  65  73   7   0   8    T  0.0    0  7.1 17 110   M    M   4 18     23  90
10  77  59  68   2   0   3 0.00  0.0    0 12.6 20  20   M    M   2 18     25  10
11  79  74  77  11   0  12 0.04  0.0    0 15.1 22  80   M    M   5 8      30 100
12  83  77  80  14   0  15    T  0.0    0 13.1 21 110   M    M   4        28 110
13  83  69  76  10   0  11 0.69  0.0    0  5.9 17 130   M    M   4 13     23  90
14  81  69  75   9   0  10    T  0.0    0  8.7 18  40   M    M   7 12     22  40
15  79  65  72   6   0   7 0.05  0.0    0  7.7 17 320   M    M   7 8      20 320
16  75  60  68   2   0   3 0.00  0.0    0  9.5 20 340   M    M   4        23 340
17  78  56  67   0   0   2 0.00  0.0    0  8.7 15 100   M    M   2        19  90
18  80  62  71   4   0   6 0.00  0.0    0  6.8 20 320   M    M   1        23 300
19  77  55  66  -1   0   1 0.00  0.0    0  7.3 16  50   M    M   2 18     21  50
20  76  68  72   5   0   7 0.00  0.0    0  6.4 16 140   M    M   5        20 150
21  81  66  74   7   0   9 0.00  0.0    0  6.8 14  50   M    M   4        17  70
22  81  71  76   9   0  11 0.00  0.0    0  9.7 17 130   M    M   2        23 130
23  81  74  78  11   0  13 0.00  0.0    0 13.5 21 150   M    M   2        26 140
24  80  59  70   3   0   5    T  0.0    0 14.4 28 280   M    M   3 8      36 270
25  70  50  60  -7   5   0 0.00  0.0    0  7.4 18 330   M    M   0        22 350
26  77  53  65  -2   0   0 0.09  0.0    0 12.7 33 280   M    M   2 8      43 270
================================================================================
SM 2064 1714         5 210  1.73     0.0 253.6          M       90
================================================================================
AV 79.4 65.9                               9.8 FASTST   M    M   3    MAX(MPH)
                                 MISC ---->  # 33 280               # 43  270
================================================================================
NOTES:
# LAST OF SEVERAL OCCURRENCES

COLUMN 17 PEAK WIND IN M.P.H.

PRELIMINARY LOCAL CLIMATOLOGICAL DATA (WS FORM: F-6) , PAGE 2

                                          STATION:  POMPANO BEACH ARPK
                                          MONTH:    JANUARY
                                          YEAR:     2015
                                          LATITUDE:   26 14 N
                                          LONGITUDE:  80  7 W

[TEMPERATURE DATA]      [PRECIPITATION DATA]       SYMBOLS USED IN COLUMN 16

AVERAGE MONTHLY: 72.7   TOTAL FOR MONTH:   1.73    1 = FOG OR MIST
DPTR FM NORMAL:   6.0   DPTR FM NORMAL:   -0.35    2 = FOG REDUCING VISIBILITY
HIGHEST:    84 ON  4, 3 GRTST 24HR  0.69 ON 13-13      TO 1/4 MILE OR LESS
LOWEST:     50 ON 25                               3 = THUNDER
                        SNOW, ICE PELLETS, HAIL    4 = ICE PELLETS
                        TOTAL MONTH:   0.0 INCH    5 = HAIL
                        GRTST 24HR     0.0         6 = FREEZING RAIN OR DRIZZLE
                        GRTST DEPTH:   0           7 = DUSTSTORM OR SANDSTORM:
                                                       VSBY 1/2 MILE OR LESS
                                                   8 = SMOKE OR HAZE
[NO. OF DAYS WITH]      [WEATHER - DAYS WITH]      9 = BLOWING SNOW
                                                   X = TORNADO
MAX 32 OR BELOW:   0    0.01 INCH OR MORE:   8
MAX 90 OR ABOVE:   0    0.10 INCH OR MORE:   4
MIN 32 OR BELOW:   0    0.50 INCH OR MORE:   1
MIN  0 OR BELOW:   0    1.00 INCH OR MORE:   0

[HDD (BASE 65) ]
TOTAL THIS MO.     5    CLEAR  (SCALE 0-3)  12
DPTR FM NORMAL   -58    PTCLDY (SCALE 4-7)  14
TOTAL FM JUL 1    34    CLOUDY (SCALE 8-10)  0
DPTR FM NORMAL   -79

[CDD (BASE 65) ]
TOTAL THIS MO.   210
DPTR FM NORMAL   106    [PRESSURE DATA]
TOTAL FM JAN 1   210    HIGHEST SLP M ON M
DPTR FM NORMAL   106    LOWEST  SLP 29.86 ON 26

[REMARKS]
