000
CXUS55 KPAH 270632
CF6POF
PRELIMINARY LOCAL CLIMATOLOGICAL DATA (WS FORM: F-6)

                                          STATION:   POPLAR BLUFF MO
                                          MONTH:     FEBRUARY
                                          YEAR:      2015
                                          LATITUDE:   36 46 N
                                          LONGITUDE:  90 19 W

  TEMPERATURE IN F:       :PCPN:    SNOW:  WIND      :SUNSHINE: SKY     :PK WND
================================================================================
1   2   3   4   5  6A  6B    7    8   9   10  11  12  13   14  15   16   17  18
                                     12Z  AVG MX 2MIN
DY MAX MIN AVG DEP HDD CDD  WTR  SNW DPTH SPD SPD DIR MIN PSBL S-S WX    SPD DR
================================================================================

 1  51  33  42   5  23   0 0.69    M    0  9.7 25 300   M    M   9 1      35 290
 2  33  22  28  -9  37   0 0.00  0.0    0  9.7 28 330   M    M   4 8      36 330
 3  45  23  34  -3  31   0 0.00  0.0    0  8.0 17 210   M    M   0        23 210
 4  48  27  38   1  27   0    T    M    0  7.9 30 360   M    M   6        34 360
 5  31  17  24 -13  41   0 0.00  0.0    0  7.8 22  20   M    M   1        29  30
 6  47  19  33  -5  32   0 0.00  0.0    0  8.6 20 220   M    M   0        26 200
 7  59  30  45   7  20   0 0.00  0.0    0 11.4 29 210   M    M   0        99  30
 8  66  47  57  19   8   0 0.00  0.0    0 12.0 22 220   M    M   2        28 200
 9  50  34  42   4  23   0 0.00  0.0    0 13.8 22 360   M    M   8 8      26 360
10  42  28  35  -3  30   0 0.00  0.0    0  5.7 13  20   M    M   6        17 350
11  59  25  42   3  23   0 0.00  0.0    0  7.3 22 350   M    M   0 1      27 340
12  33  23  28 -11  37   0 0.00  0.0    0 12.1 26 350   M    M   1        34 340
13  36  22  29 -10  36   0 0.00  0.0    0  6.0 14 230   M    M   4 8      18 220
14  57  20  39  -1  26   0 0.00  0.0    0  9.9 23  20   M    M   3 8      30  10
15  23  15  19 -21  46   0 0.14    M    0 12.3 18  40   M    M   8 46     24  40
16  23  16  20 -20  45   0 1.05    M    M 11.8 22 360   M    M   9 12     25 350
17  32  -2  15 -25  50   0 0.02    M    M  5.4 15 200   M    M   6 128    19 190
18  29   9  19 -22  46   0 0.02    M    M 12.7 24 330   M    M   3 1      29 310
19  18  -6   6 -35  59   0 0.00  0.0    M  5.5 12 170   M    M   4        13 150
20  31  14  23 -18  42   0 0.92    M    0  8.5 15 140   M    M  10 1368   19 130
21  39  29  34  -7  31   0 1.30    M    0  7.3 17 350   M    M   8 136    21 340
22  34  23  29 -13  36   0 0.00  0.0    0 11.3 23  10   M    M   9 18     28  30
23  23  15  19 -23  46   0 0.00  0.0    0 12.5 23  10   M    M   8        33 360
24  33  19  26 -16  39   0 0.00  0.0    0  8.2 17 190   M    M   5        21 180
25  37  21  29 -14  36   0 0.00  0.0    0  2.1  7 120   M    M   0 18      7 110
26  33  21  27 -16  38   0 0.00  0.0    0 10.9 24 340   M    M   8 18     29 360
================================================================================
SM 1012  544       908   0  4.14     0.0 238.4          M      122
================================================================================
AV 38.9 20.9                               9.2 FASTST   M    M   5    MAX(MPH)
                                 MISC ---->  # 30 360               # 99   30
================================================================================
NOTES:
# LAST OF SEVERAL OCCURRENCES

COLUMN 17 PEAK WIND IN M.P.H.

PRELIMINARY LOCAL CLIMATOLOGICAL DATA (WS FORM: F-6) , PAGE 2

                                          STATION:  POPLAR BLUFF MO
                                          MONTH:    FEBRUARY
                                          YEAR:     2015
                                          LATITUDE:   36 46 N
                                          LONGITUDE:  90 19 W

[TEMPERATURE DATA]      [PRECIPITATION DATA]       SYMBOLS USED IN COLUMN 16

AVERAGE MONTHLY: 29.9   TOTAL FOR MONTH:   4.14    1 = FOG OR MIST
DPTR FM NORMAL:  -9.6   DPTR FM NORMAL:    1.02    2 = FOG REDUCING VISIBILITY
HIGHEST:    66 ON  8    GRTST 24HR  2.21 ON 20-21      TO 1/4 MILE OR LESS
LOWEST:     -6 ON 19                               3 = THUNDER
                        SNOW, ICE PELLETS, HAIL    4 = ICE PELLETS
                        TOTAL MONTH:   0.0 INCH    5 = HAIL
                        GRTST 24HR     0.0         6 = FREEZING RAIN OR DRIZZLE
                        GRTST DEPTH:   0           7 = DUSTSTORM OR SANDSTORM:
                                                       VSBY 1/2 MILE OR LESS
                                                   8 = SMOKE OR HAZE
[NO. OF DAYS WITH]      [WEATHER - DAYS WITH]      9 = BLOWING SNOW
                                                   X = TORNADO
MAX 32 OR BELOW:   8    0.01 INCH OR MORE:   7
MAX 90 OR ABOVE:   0    0.10 INCH OR MORE:   5
MIN 32 OR BELOW:  23    0.50 INCH OR MORE:   4
MIN  0 OR BELOW:   2    1.00 INCH OR MORE:   2

[HDD (BASE 65) ]
TOTAL THIS MO.   908    CLEAR  (SCALE 0-3)  10
DPTR FM NORMAL   247    PTCLDY (SCALE 4-7)  12
TOTAL FM JUL 1  3490    CLOUDY (SCALE 8-10)  4
DPTR FM NORMAL   266

[CDD (BASE 65) ]
TOTAL THIS MO.     0
DPTR FM NORMAL     0    [PRESSURE DATA]
TOTAL FM JAN 1     0    HIGHEST SLP M ON M
DPTR FM NORMAL     0    LOWEST  SLP 29.61 ON  1

[REMARKS]
