000
CXUS55 KALY 010800
CF6POU
PRELIMINARY LOCAL CLIMATOLOGICAL DATA (WS FORM: F-6)

                                          STATION:   POUGHKEEPSIE NY
                                          MONTH:     AUGUST
                                          YEAR:      2014
                                          LATITUDE:   41 37 N
                                          LONGITUDE:  73 53 W

  TEMPERATURE IN F:       :PCPN:    SNOW:  WIND      :SUNSHINE: SKY     :PK WND
================================================================================
1   2   3   4   5  6A  6B    7    8   9   10  11  12  13   14  15   16   17  18
                                     12Z  AVG MX 2MIN
DY MAX MIN AVG DEP HDD CDD  WTR  SNW DPTH SPD SPD DIR MIN PSBL S-S WX    SPD DR
================================================================================

 1  85  62  74   1   0   9 0.75    M    M  1.9 25 290   M    M   1 138    32 320
 2  77  63  70  -3   0   5    T    M    M  2.9 12  30   M    M   4 1      14 110
 3  79  62  71  -2   0   6 0.08    M    M  2.4  9 150   M    M   7 1      12 130
 4  84  64  74   1   0   9 0.00    M    M  2.0  9 250   M    M   3 1      12 240
 5  87  62  75   3   0  10 0.05    M    M  2.7 23 350   M    M   2 13     28 340
 6  82  60  71  -1   0   6 0.49    M    M  1.3 30  40   M    M   5 138    38  40
 7  81  55  68  -4   0   3 0.00    M    M  3.3 18  20   M    M   2        23  20
 8  81  52  67  -5   0   2 0.00    M    M  2.1 13  40   M    M   1        16 330
 9  84  55  70  -2   0   5 0.00    M    M  1.5 12 340   M    M   0        14  20
10  86  56  71  -1   0   6 0.00    M    M  1.4  8  10   M    M   1        11  30
11  86  59  73   1   0   8 0.00    M    M  2.6 12 170   M    M   1        17 160
12  79  62  71  -1   0   6 0.01    M    M  6.8 18 130   M    M   5        25 130
13  79  67  73   1   0   8 1.30    M    M  6.0 18 110   M    M   9 1      26 130
14  77  57  67  -5   0   2 0.06    M    M  4.8 16 240   M    M   5 1      25 240
15  71  54  63  -9   2   0 0.00    M    M  5.5 15 260   M    M   8 12     20 250
16  76  51  64  -7   1   0 0.00    M    M  4.2 15 230   M    M   1        19 230
17  82  57  70  -1   0   5 0.00    M    M  4.0 17 350   M    M   6        23  10
18  80  52  66  -5   0   1 0.00    M    M  2.0 12  30   M    M   2        15 360
19  82  50  66  -5   0   1 0.00    M    M  1.2  9  90   M    M   0        12  90
20  84  61  73   2   0   8 0.00    M    M  3.2 12 110   M    M   5        14 220
21  79  65  72   1   0   7 0.08    M    M  4.2 10 140   M    M   8        16 140
22  74  66  70   0   0   5 0.00    M    M  2.9 10 130   M    M   9        14 140
23  77  59  68  -2   0   3    T    M    M  2.0 10  90   M    M   9        12 120
24  82  54  68  -2   0   3 0.00    M    M  2.3 14 360   M    M   4 12     20 350
25  86  55  71   1   0   6 0.00    M    M  1.1  9 160   M    M   1 12     14 330
26  88  58  73   3   0   8 0.00    M    M  2.4  9 200   M    M   0 1      13 180
27  91  61  76   7   0  11 0.01    M    M  2.8 14  10   M    M   1 13     19 250
28  81  55  68  -1   0   3 0.00    M    M  5.2 17 300   M    M   3 1      25 300
29  78  48  63  -6   2   0 0.00  0.0    0  2.2 12 340   M    M   0 1      15 290
30  80  53  67  -2   0   2 0.00    M    M  3.3 13 140   M    M   5        19 220
31  85  71  78  10   0  13 0.55    M    M  3.0 28 280   M    M   7 138    37 290
================================================================================
SM 2523 1806         5 161  3.38     0.0  93.2          M      115
================================================================================
AV 81.4 58.3                               3.0 FASTST   M    M   4    MAX(MPH)
                                 MISC ---->  # 30  40               # 38   40
================================================================================
NOTES:
# LAST OF SEVERAL OCCURRENCES

COLUMN 17 PEAK WIND IN M.P.H.

PRELIMINARY LOCAL CLIMATOLOGICAL DATA (WS FORM: F-6) , PAGE 2

                                          STATION:  POUGHKEEPSIE NY
                                          MONTH:    AUGUST
                                          YEAR:     2014
                                          LATITUDE:   41 37 N
                                          LONGITUDE:  73 53 W

[TEMPERATURE DATA]      [PRECIPITATION DATA]       SYMBOLS USED IN COLUMN 16

AVERAGE MONTHLY: 69.8   TOTAL FOR MONTH:   3.38    1 = FOG OR MIST
DPTR FM NORMAL:  -1.3   DPTR FM NORMAL:   -0.82    2 = FOG REDUCING VISIBILITY
HIGHEST:    91 ON 27    GRTST 24HR  1.30 ON 13-13      TO 1/4 MILE OR LESS
LOWEST:     48 ON 29                               3 = THUNDER
                        SNOW, ICE PELLETS, HAIL    4 = ICE PELLETS
                        TOTAL MONTH:   0.0 INCH    5 = HAIL
                        GRTST 24HR     0.0         6 = FREEZING RAIN OR DRIZZLE
                        GRTST DEPTH:   0           7 = DUSTSTORM OR SANDSTORM:
                                                       VSBY 1/2 MILE OR LESS
                                                   8 = SMOKE OR HAZE
[NO. OF DAYS WITH]      [WEATHER - DAYS WITH]      9 = BLOWING SNOW
                                                   X = TORNADO
MAX 32 OR BELOW:   0    0.01 INCH OR MORE:  10
MAX 90 OR ABOVE:   1    0.10 INCH OR MORE:   4
MIN 32 OR BELOW:   0    0.50 INCH OR MORE:   3
MIN  0 OR BELOW:   0    1.00 INCH OR MORE:   1

[HDD (BASE 65) ]
TOTAL THIS MO.     5    CLEAR  (SCALE 0-3)  15
DPTR FM NORMAL    -7    PTCLDY (SCALE 4-7)  13
TOTAL FM JUL 1     5    CLOUDY (SCALE 8-10)  3
DPTR FM NORMAL   -12

[CDD (BASE 65) ]
TOTAL THIS MO.   161
DPTR FM NORMAL   -40    [PRESSURE DATA]
TOTAL FM JAN 1   597    HIGHEST SLP 30.27 ON 30
DPTR FM NORMAL    -7    LOWEST  SLP 29.63 ON 13

[REMARKS]
#FINAL-08-14#
