881
CXUS55 KALY 190710
CF6POU
PRELIMINARY LOCAL CLIMATOLOGICAL DATA (WS FORM: F-6)

                                          STATION:   POUGHKEEPSIE NY
                                          MONTH:     FEBRUARY
                                          YEAR:      2018
                                          LATITUDE:   41 37 N
                                          LONGITUDE:  73 53 W

  TEMPERATURE IN F:       :PCPN:    SNOW:  WIND      :SUNSHINE: SKY     :PK WND
================================================================================
1   2   3   4   5  6A  6B    7    8   9   10  11  12  13   14  15   16   17  18
                                     12Z  AVG MX 2MIN
DY MAX MIN AVG DEP HDD CDD  WTR  SNW DPTH SPD SPD DIR MIN PSBL S-S WX    SPD DR
================================================================================

 1  40  30  35   9  30   0 0.14    M    M  3.5  9 140   M    M   9 1      13 130
 2  33  11  22  -4  43   0 0.13    M    M 11.3 25 290   M    M   6 1      37 280
 3  29   7  18  -8  47   0 0.00    M    M  7.0 17 230   M    M   0        23 220
 4  37  28  33   6  32   0 0.63    M    M  4.5 13 170   M    M  10 168    16 170
 5  33  16  25  -2  40   0    T    M    M  5.4 22 280   M    M   4 126    27 280
 6  33  16  25  -2  40   0 0.01    M    M  1.0 10 240   M    M   4 18     13 250
 7  32  15  24  -3  41   0 0.39    M    M  3.0 12 310   M    M   7 128    15 350
 8  29  15  22  -5  43   0 0.00    M    M  3.9 13 230   M    M   4 8      17 330
 9  32  12  22  -5  43   0 0.04    M    M  2.3 10 240   M    M   7 128    15 190
10  41  27  34   6  31   0 0.30    M    M  0.7  6 130   M    M  10 128     7 130
11  36  33  35   7  30   0 0.62    M    M  2.1  7 300   M    M  10 12      9 360
12  41  25  33   5  32   0 0.01    M    M  6.8 16 360   M    M   5 12     22  10
13  35  19  27  -1  38   0 0.00    M    M  3.7 15  10   M    M   0        19  20
14  46  27  37   9  28   0 0.00    M    M  3.6 15 220   M    M   8 1      19 220
15  57  36  47  19  18   0 0.20    M    M  1.9  9 220   M    M   6 128    12 230
16  53  32  43  14  22   0 0.11    M    M  7.4 20 330   M    M   7 12     28 320
17  39  21  30   1  35   0 0.30    M    M  3.1 15 160   M    M   3 128    22 210
18  44  24  34   5  31   0 0.03    M    M  4.3 17 340   M    M   4 1      24 340
================================================================================
SM  690  394       624   0  2.91    M     75.5          M      104
================================================================================
AV 38.3 21.9                               4.2 FASTST   M    M   6    MAX(MPH)
                                 MISC ---->  # 25 290               # 37  280
================================================================================
NOTES:
# LAST OF SEVERAL OCCURRENCES

COLUMN 17 PEAK WIND IN M.P.H.

PRELIMINARY LOCAL CLIMATOLOGICAL DATA (WS FORM: F-6) , PAGE 2

                                          STATION:  POUGHKEEPSIE NY
                                          MONTH:    FEBRUARY
                                          YEAR:     2018
                                          LATITUDE:   41 37 N
                                          LONGITUDE:  73 53 W

[TEMPERATURE DATA]      [PRECIPITATION DATA]       SYMBOLS USED IN COLUMN 16

AVERAGE MONTHLY: 30.1   TOTAL FOR MONTH:   2.91    1 = FOG OR MIST
DPTR FM NORMAL:   2.6   DPTR FM NORMAL:    1.24    2 = FOG REDUCING VISIBILITY
HIGHEST:    57 ON 15    GRTST 24HR  0.63 ON  4- 4      TO 1/4 MILE OR LESS
LOWEST:      7 ON  3                               3 = THUNDER
                        SNOW, ICE PELLETS, HAIL    4 = ICE PELLETS
                        TOTAL MONTH:    M          5 = HAIL
                        GRTST 24HR    M  ON   M    6 = FREEZING RAIN OR DRIZZLE
                        GRTST DEPTH:  M  ON   M    7 = DUSTSTORM OR SANDSTORM:
                                                       VSBY 1/2 MILE OR LESS
                                                   8 = SMOKE OR HAZE
[NO. OF DAYS WITH]      [WEATHER - DAYS WITH]      9 = BLOWING SNOW
                                                   X = TORNADO
MAX 32 OR BELOW:   4    0.01 INCH OR MORE:  13
MAX 90 OR ABOVE:   0    0.10 INCH OR MORE:   9
MIN 32 OR BELOW:  16    0.50 INCH OR MORE:   2
MIN  0 OR BELOW:   0    1.00 INCH OR MORE:   0

[HDD (BASE 65) ]
TOTAL THIS MO.   624    CLEAR  (SCALE 0-3)   3
DPTR FM NORMAL   -49    PTCLDY (SCALE 4-7)  11
TOTAL FM JUL 1  4087    CLOUDY (SCALE 8-10)  4
DPTR FM NORMAL  -138

[CDD (BASE 65) ]
TOTAL THIS MO.     0
DPTR FM NORMAL     0    [PRESSURE DATA]
TOTAL FM JAN 1     0    HIGHEST SLP M ON M
DPTR FM NORMAL     0    LOWEST  SLP 29.57 ON 16

[REMARKS]
